{"id":99034,"date":"2020-08-18T13:47:15","date_gmt":"2020-08-18T11:47:15","guid":{"rendered":"https:\/\/klaudynahebda.pl\/sklep\/?post_type=product&#038;p=99034"},"modified":"2026-04-22T20:31:29","modified_gmt":"2026-04-22T18:31:29","slug":"hydrolat-rozany","status":"publish","type":"product","link":"https:\/\/klaudynahebda.pl\/sklep\/hydrolat-rozany\/","title":{"rendered":"Wzmocniony hydrolat r\u00f3\u017cany K. Hebda Rosa (dawniej Mgie\u0142ka Wdzi\u0119czno\u015bci)"},"content":{"rendered":"<p><strong>R\u00f3\u017cana piel\u0119gnacja dla sk\u00f3ry, otulaj\u0105ce olejki eteryczne dla zmys\u0142\u00f3w\u00a0<\/strong><\/p>\n<p>\u201cTo jasne, \u017ce chc\u0119 dba\u0107 o siebie i swoj\u0105 sk\u00f3r\u0119. Ale kiedy ogl\u0105dam kolejne filmy z codzienn\u0105 rutyn\u0105 piel\u0119gnacyjn\u0105 w 7 czy 11 krokach, to my\u015bl\u0119 sobie: kto ma na to czas?\u201d<br \/>\n\u017bycie to nie Instagram, a na godziny sp\u0119dzone w \u0142azience ka\u017cdego dnia mog\u0105 sobie pozwoli\u0107 nieliczni. W\u0142a\u015bnie dlatego Klaudyna stworzy\u0142a wzmocniony hydrolat r\u00f3\u017cany, kt\u00f3ry <strong>da Twojej sk\u00f3rze nawil\u017cenie, od\u017cywienie i od\u015bwie\u017cenie &#8211; wystarczy zrobi\u0107 \u201cPSIK\u201d<\/strong>. U\u017cywaj go na w\u0142osy, cia\u0142o i twarz \u2013 tak jak lubisz i potrzebujesz w danej chwili.<\/p>\n<p>To wi\u0119cej ni\u017c hydrolat \u2013 jest wzbogacony o drogocenne olejki eteryczne: kadzid\u0142owy, copaiba i palo santo, a tak\u017ce bioferment z rzodkwi. Wszystkie <strong>sk\u0142adniki s\u0105 pochodzenia naturalnego<\/strong>, a jego zapach i dzia\u0142anie sprawi, \u017ce Twoja sk\u00f3ra b\u0119dzie rozkwita\u0107 ka\u017cdego dnia.<\/p>\n<p>&nbsp;<\/p>\n<h2>Dzia\u0142anie hydrolatu K. Hebda Rosa potwierdzone badaniami<\/h2>\n<p>W\u0142a\u015bciwo\u015bci piel\u0119gnacyjne kosmetyku potwierdzi\u0142y badania*. A\u017c <strong>95% badanych<\/strong> wskaza\u0142o, \u017ce wzmocniony hydrolat r\u00f3\u017cany K. Hebda Rosa:<\/p>\n<ul>\n<li>daje uczucie tonizacji sk\u00f3ry i przygotowania do dalszej piel\u0119gnacji,<\/li>\n<li>poprawia wygl\u0105d sk\u00f3ry,<\/li>\n<li>daje uczucie od\u015bwie\u017cenia i nawil\u017cenia,<\/li>\n<li>delikatnie ch\u0142odzi sk\u00f3r\u0119,<\/li>\n<li>dobrze si\u0119 aplikuje i wch\u0142ania,<\/li>\n<li>sprawdza si\u0119 jako baza pod krem czy maseczk\u0119,<\/li>\n<li>sprawia, \u017ce w\u0142osy s\u0105 bardziej mi\u0119kkie w dotyku.<\/li>\n<\/ul>\n<p><strong>To nie wszystko! Jakie jeszcze efekty zauwa\u017cyli uczestnicy bada\u0144?<\/strong><\/p>\n<ul>\n<li>Mi\u0119kka i g\u0142adka w dotyku sk\u00f3ra,<\/li>\n<li>bardziej b\u0142yszcz\u0105ce w\u0142osy,<\/li>\n<li>zauwa\u017calny blask cery.<\/li>\n<\/ul>\n<p>*Wyniki bada\u0144 aplikacyjnych na grupie 20 os\u00f3b. Efekt po 3 tygodniach.<\/p>\n<p>&nbsp;<\/p>\n<h2>Jak dzia\u0142aj\u0105 sk\u0142adniki aktywne w naturalnej wodzie r\u00f3\u017canej K. Hebda Rosa?<\/h2>\n<ul>\n<li>Woda kwiatowa z r\u00f3\u017cy damasce\u0144skiej \u2013 znana i stosowana w piel\u0119gnacji od wiek\u00f3w. Zawiera polifenole, kt\u00f3re mog\u0105 dzia\u0142a\u0107 antyoksydacyjnie, \u0142agodz\u0105co i tonizuj\u0105co.<\/li>\n<li><strong><span style=\"color: #006f4f;\"><a style=\"color: #006f4f;\" href=\"https:\/\/klaudynahebda.pl\/sklep\/copaiba\/\">Olejek eteryczny copaiba<\/a><\/span><\/strong> \u2013 koi, \u0142agodzi podra\u017cnienia i wzmacnia sk\u00f3r\u0119.<\/li>\n<li><a href=\"https:\/\/klaudynahebda.pl\/sklep\/olejek-kadzidlowy-frankincense-maly\/\"><strong><span style=\"color: #006f4f;\">Olejek eteryczny kadzid\u0142owy Frankincense\u00a0<\/span><\/strong><\/a> \u2013 wyg\u0142adza, rozja\u015bnia i poprawia koloryt sk\u00f3ry; cz\u0119sto wykorzystywany w produktach kosmetycznych do cery dojrza\u0142ej.<\/li>\n<li><a href=\"https:\/\/klaudynahebda.pl\/sklep\/olejek-palo-santo\/\"><strong><span style=\"color: #006f4f;\">Olejek palo santo<\/span><\/strong><\/a> \u2013 jego relaksuj\u0105cy zapach dope\u0142nienia rytua\u0142 piel\u0119gnacyjny.<\/li>\n<\/ul>\n<p>&nbsp;<\/p>\n<h3>Wzmocniony hydrolat r\u00f3\u017cany K. Hebda Rosa &#8211; czy to formu\u0142a dla Ciebie?<\/h3>\n<p><strong>Zdecydowanie tak, je\u015bli:<\/strong><\/p>\n<ul>\n<li>potrzebujesz sprawdzonych kosmetyk\u00f3w najwy\u017cszej jako\u015bci, kt\u00f3re nie wymagaj\u0105 od Ciebie wieloetapowej i czasoch\u0142onnej rutyny piel\u0119gnacyjnej;<\/li>\n<li>chcesz czu\u0107 efekt \u201ctu i teraz\u201d;<\/li>\n<li>szukasz naturalnych sk\u0142adnik\u00f3w, kt\u00f3re \u0142\u0105cz\u0105 \u0142agodno\u015b\u0107 ze skuteczno\u015bci\u0105 potwierdzon\u0105 badaniami dermatologicznymi;<\/li>\n<li>chcesz wprowadzi\u0107 olejki eteryczne do codziennej piel\u0119gnacji cia\u0142a, twarzy i w\u0142os\u00f3w, by jednocze\u015bnie zadba\u0107 o sk\u00f3r\u0119, zmys\u0142y i samopoczucie;<\/li>\n<li>chcesz od\u017cywi\u0107, uelastyczni\u0107 i wyg\u0142adzi\u0107 sk\u00f3r\u0119 (np. dojrza\u0142\u0105);<\/li>\n<li>szukasz delikatnej mgie\u0142ki od\u015bwie\u017caj\u0105cej do u\u017cywania w ci\u0105gu dnia;<\/li>\n<li>chcesz, \u017ceby Twoje w\u0142osy \u0142atwiej si\u0119 rozczesywa\u0142y i mia\u0142y blask bez obci\u0105\u017cenia;<\/li>\n<li>potrzebujesz sprayu na lato, kt\u00f3ry ukoi i przyniesie ulg\u0119 po opalaniu czy k\u0105pieli.<\/li>\n<\/ul>\n<div class=\"row row-collapse align-middle\"  id=\"row-484871744\">\n\n\t<div id=\"col-303790874\" class=\"col small-10 large-12\"  >\n\t\t\t\t<div class=\"col-inner\"  >\n\t\t\t\n\t\t\t\n<h3 class=\"accordion_title\">Najcz\u0119\u015bciej zadawane pytania<\/h3><div class=\"accordion\" rel=\"1\">\n<\/div>\n<div class=\"accordion-item\"><a href=\"#\" class=\"accordion-title plain\"><button class=\"toggle\"><i class=\"icon-angle-down\"><\/i><\/button><span>Co to jest hydrolat r\u00f3\u017cany?<\/span><\/a><div class=\"accordion-inner\">\n<p>Hydrolat r\u00f3\u017cany, znany te\u017c jako woda r\u00f3\u017cana, to naturalny destylat powstaj\u0105cy podczas produkcji olejku r\u00f3\u017canego. Doskonale sprawdza si\u0119 w codziennej piel\u0119gnacji sk\u00f3ry \u2013 tonizuje, nawil\u017ca, \u0142agodzi i orze\u017awia sk\u00f3r\u0119.<\/p>\n<p><strong>Wzmocniony hydrolat r\u00f3\u017cany K. Hebda Rosa<\/strong> to co\u015b wi\u0119cej ni\u017c typowy hydrolat &#8211; wzbogacili\u015bmy go olejkami eterycznymi, kt\u00f3re s\u0105 znane z dzia\u0142ania aromaterapeutycznego.<\/p>\n<ul>\n<li><strong><span style=\"color: #006f4f;\"><a style=\"color: #006f4f;\" href=\"https:\/\/klaudynahebda.pl\/sklep\/copaiba\/\">Olejek eteryczny copaiba<\/a><\/span><\/strong> \u2013 koi, \u0142agodzi podra\u017cnienia i wzmacnia sk\u00f3r\u0119.<\/li>\n<li><a href=\"https:\/\/klaudynahebda.pl\/sklep\/olejek-kadzidlowy-frankincense-maly\/\"><strong><span style=\"color: #006f4f;\">Olejek eteryczny kadzid\u0142owy Frankincense\u00a0<\/span><\/strong><\/a> \u2013 wyg\u0142adza, rozja\u015bnia i poprawia koloryt sk\u00f3ry; cz\u0119sto wykorzystywany w produktach kosmetycznych do cery dojrza\u0142ej.<\/li>\n<li><a href=\"https:\/\/klaudynahebda.pl\/sklep\/olejek-palo-santo\/\"><strong><span style=\"color: #006f4f;\">Olejek palo santo<\/span><\/strong><\/a> \u2013 jego relaksuj\u0105cy zapach dope\u0142nienia rytua\u0142 piel\u0119gnacyjny.<\/li>\n<\/ul>\n<\/div><\/div>\n<div class=\"accordion-item\"><a href=\"#\" class=\"accordion-title plain\"><button class=\"toggle\"><i class=\"icon-angle-down\"><\/i><\/button><span>Do jakiej cery jest przeznaczona r\u00f3\u017cana mgie\u0142ka K. Hebda Rosa?<\/span><\/a><div class=\"accordion-inner\">\n<p>Formu\u0142a zosta\u0142a opracowana z my\u015bl\u0105 o piel\u0119gnacji ka\u017cdego typu cery \u2013 w szczeg\u00f3lno\u015bci suchej, zm\u0119czonej, odwodnionej i potrzebuj\u0105cej ukojenia. Kosmetyk zosta\u0142 przetestowany dermatologicznie i spe\u0142nia wymagania testu kompatybilno\u015bci ze sk\u00f3r\u0105 (Skin Compatibility Test).<\/p>\n<p>Nie zaleca si\u0119 stosowania w przypadku nadwra\u017cliwo\u015bci na kt\u00f3rykolwiek sk\u0142adnik hydrolatu. Jak przy ka\u017cdym kosmetyku naturalnym, warto wykona\u0107 pr\u00f3b\u0119 uczuleniow\u0105 przed pierwszym u\u017cyciem.<\/p>\n<\/div><\/div>\n<div class=\"accordion-item\"><a href=\"#\" class=\"accordion-title plain\"><button class=\"toggle\"><i class=\"icon-angle-down\"><\/i><\/button><span>Czym r\u00f3\u017cni si\u0119 wzmocniony hydrolat r\u00f3\u017cany K. Hebda od zwyk\u0142ego hydrolatu?<\/span><\/a><div class=\"accordion-inner\">\n<p>Nasz kosmetyk zawiera dodatkowe sk\u0142adniki aktywne i olejki eteryczne znane i szeroko stosowane w aromaterapii.<\/p>\n<ul>\n<li>Zosta\u0142 wzbogacony olejkami eterycznymi najwy\u017cszej dost\u0119pnej jako\u015bci, kt\u00f3re wyselekcjonowa\u0142a i dobra\u0142a <a href=\"https:\/\/klaudynahebda.pl\/cos-o-mnie\/\"><strong><span style=\"color: #006f4f;\">aromaterapeutka kliniczna, Klaudyna Hebda<\/span><\/strong><\/a>. To olejki: copaiba, palo santo i kadzid\u0142owiec.<\/li>\n<li>Zawiera bioferment z rzodkwi, kt\u00f3ry wspiera r\u00f3wnowag\u0119 sk\u00f3ry i nawil\u017cenie.<\/li>\n<li>Dzi\u0119ki zawarto\u015bci olejk\u00f3w eterycznych dzia\u0142a nie tylko na sk\u00f3r\u0119, ale i na zmys\u0142y \u2013 jego zapach wspiera wyciszenie i relaks.<\/li>\n<li>Ma subtelny, r\u00f3\u017cano-zielny zapach (inny ni\u017c sam hydrolat z r\u00f3\u017cy) &#8211; nie zawiera sztucznych aromat\u00f3w<\/li>\n<\/ul>\n<\/div><\/div>\n<div class=\"accordion-item\"><a href=\"#\" class=\"accordion-title plain\"><button class=\"toggle\"><i class=\"icon-angle-down\"><\/i><\/button><span>Jakie s\u0105 g\u0142\u00f3wne korzy\u015bci stosowania K. Hebda Rosa?<\/span><\/a><div class=\"accordion-inner\">\n<ul>\n<li>Daje uczucie od\u015bwie\u017cenia, nawil\u017cenia i ukojenia sk\u00f3ry<\/li>\n<li>Poprawia komfort sk\u00f3ry<\/li>\n<li>Wspiera naturaln\u0105 regeneracj\u0119 i blask cery<\/li>\n<li>Tonizuje i przygotowuje sk\u00f3r\u0119 do dalszej piel\u0119gnacji<\/li>\n<li>Mo\u017ce \u0142agodzi\u0107 uczucia, takie jak: pieczenie, napi\u0119cie, \u015bci\u0105gni\u0119cie<\/li>\n<li>Sprawdza si\u0119 jako baza pod krem, olejek, serum lub maseczk\u0119<\/li>\n<li>Pozostawia sk\u00f3r\u0119 mi\u0119kk\u0105 i g\u0142adk\u0105 w dotyku<\/li>\n<li>Dzia\u0142a tak\u017ce na w\u0142osy \u2013 u\u0142atwia rozczesywanie, zmi\u0119kcza i nadaje im naturalny blask<\/li>\n<\/ul>\n<\/div><\/div>\n<div class=\"accordion-item\"><a href=\"#\" class=\"accordion-title plain\"><button class=\"toggle\"><i class=\"icon-angle-down\"><\/i><\/button><span>Jak stosowa\u0107 hydrolat r\u00f3\u017cany?<\/span><\/a><div class=\"accordion-inner\">\n<ul>\n<li><strong>Do twarzy \u2013 jako tonik r\u00f3\u017cany<br \/>\n<\/strong>Po oczyszczeniu sk\u00f3ry spryskaj twarz z odleg\u0142o\u015bci ok. 20 cm. Stosuj przed serum, olejkiem lub kremem.<\/li>\n<li><strong>Do twarzy i cia\u0142a \u2013 jako mgie\u0142k\u0119 do twarzy i cia\u0142a <\/strong><br \/>\nSpryskaj twarz, kark, dekolt lub cia\u0142o w ci\u0105gu dnia, aby przywr\u00f3ci\u0107 uczucie komfortu. Doskona\u0142y w upalne dni, w klimatyzowanych pomieszczeniach lub w momentach napi\u0119cia.<\/li>\n<li><strong>Do w\u0142os\u00f3w &#8211; jako hydrolat do w\u0142os\u00f3w\u00a0\u00a0<\/strong><br \/>\nPo umyciu spryskaj wilgotne pasma \u2013 u\u0142atwia rozczesywanie, zmi\u0119kcza i nadaje lekki, naturalny po\u0142ysk.<\/li>\n<\/ul>\n<\/div><\/div>\n<div class=\"accordion-item\"><a href=\"#\" class=\"accordion-title plain\"><button class=\"toggle\"><i class=\"icon-angle-down\"><\/i><\/button><span>Czy musz\u0119 przechowywa\u0107 kosmetyk w lod\u00f3wce?<\/span><\/a><div class=\"accordion-inner\">\n<p>Nie ma takiej konieczno\u015bci. Przechowuj go w suchym i ch\u0142odnym miejscu, z dala od \u015bwiat\u0142a. Oczywi\u015bcie mo\u017cesz trzyma\u0107 hydrolat w lod\u00f3wce, aby uzyska\u0107 efekt dodatkowego ch\u0142odzenia i od\u015bwie\u017cenia.<\/p>\n<\/div><\/div>\n\t<div id=\"gap-983799513\" class=\"gap-element clearfix\" style=\"display:block; height:auto;\">\n\t\t\n<style>\n#gap-983799513 {\n  padding-top: 20px;\n}\n<\/style>\n\t<\/div>\n\t\n\t\t<\/div>\n\t\t\t\t\t<\/div>\n\n\t\n\n<style>\n#row-484871744 > .col > .col-inner {\n  padding: 35px 0px 20px 0px;\n}\n<\/style>\n<\/div>\n<p>&nbsp;<\/p>\n","protected":false},"excerpt":{"rendered":"<h2>Wzmocniony hydrolat z r\u00f3\u017cy damasce\u0144skiej K. Hebda Rosa to&#8230;<\/h2>\n<ul>\n<li>uwielbiana przez Was Mgie\u0142ka Wdzi\u0119czno\u015bci pod now\u0105 nazw\u0105, kt\u00f3ra jeszcze pe\u0142niej oddaje jej piel\u0119gnacyjne w\u0142a\u015bciwo\u015bci;<\/li>\n<li>wi\u0119cej ni\u017c hydrolat \u2013 receptura bazuj\u0105ca na wodzie kwiatowej z r\u00f3\u017cy damasce\u0144skiej, wzbogacona o olejki eteryczne, znane z dzia\u0142ania aromaterapeutycznego<\/li>\n<li>100% sk\u0142adnik\u00f3w pochodzenia naturalnego;<\/li>\n<li>Subtelny, r\u00f3\u017cano-kadzidlany zapach;<\/li>\n<li>delikatna i skuteczna formu\u0142a potwierdzona\u00a0 w testach dermatologicznych;<\/li>\n<li>kosmetyk o dzia\u0142aniu tonizuj\u0105cym, piel\u0119gnacyjnym i \u0142agodz\u0105cym \u2013 do twarzy, cia\u0142a i w\u0142os\u00f3w.<\/li>\n<\/ul>\n","protected":false},"featured_media":3331894,"comment_status":"open","ping_status":"closed","template":"","meta":[],"product_cat":[246,250,252,249,127,130,85,47,128,210,118],"product_tag":[],"acf":[],"yoast_head":"<!-- This site is optimized with the Yoast SEO plugin v19.6.1 - https:\/\/yoast.com\/wordpress\/plugins\/seo\/ -->\n<title>Wzmocniony hydrolat r\u00f3\u017cany K. Hebda Rosa (dawniej Mgie\u0142ka Wdzi\u0119czno\u015bci) - Klaudyna Hebda Nature<\/title>\n<meta name=\"description\" content=\"ROSA: orze\u017awiaj\u0105ca mgie\u0142ka do twarzy, w\u0142os\u00f3w i cia\u0142a. \ud83d\udc49 Sprawd\u017a wzmocniony olejkami eterycznymi hydrolat r\u00f3\u017cany, kt\u00f3ry zadba o Twoj\u0105 sk\u00f3r\u0119 ka\u017cdego dnia.\" \/>\n<meta name=\"robots\" content=\"index, follow, max-snippet:-1, max-image-preview:large, max-video-preview:-1\" \/>\n<link rel=\"canonical\" href=\"https:\/\/klaudynahebda.pl\/sklep\/hydrolat-rozany\/\" \/>\n<meta property=\"og:locale\" content=\"pl_PL\" \/>\n<meta property=\"og:type\" content=\"article\" \/>\n<meta property=\"og:title\" content=\"Wzmocniony hydrolat r\u00f3\u017cany K. Hebda Rosa (dawniej Mgie\u0142ka Wdzi\u0119czno\u015bci) - Klaudyna Hebda Nature\" \/>\n<meta property=\"og:description\" content=\"ROSA: orze\u017awiaj\u0105ca mgie\u0142ka do twarzy, w\u0142os\u00f3w i cia\u0142a. \ud83d\udc49 Sprawd\u017a wzmocniony olejkami eterycznymi hydrolat r\u00f3\u017cany, kt\u00f3ry zadba o Twoj\u0105 sk\u00f3r\u0119 ka\u017cdego dnia.\" \/>\n<meta property=\"og:url\" content=\"https:\/\/klaudynahebda.pl\/sklep\/hydrolat-rozany\/\" \/>\n<meta property=\"og:site_name\" content=\"Klaudyna Hebda Nature\" \/>\n<meta property=\"article:modified_time\" content=\"2026-04-22T18:31:29+00:00\" \/>\n<meta property=\"og:image\" content=\"https:\/\/klaudynahebda.pl\/sklep\/wp-content\/uploads\/2020\/08\/k-hebda-rosa-hydrolat-rozany-packshot.png\" \/>\n\t<meta property=\"og:image:width\" content=\"844\" \/>\n\t<meta property=\"og:image:height\" content=\"1152\" \/>\n\t<meta property=\"og:image:type\" content=\"image\/png\" \/>\n<meta name=\"twitter:card\" content=\"summary_large_image\" \/>\n<meta name=\"twitter:label1\" content=\"Szacowany czas czytania\" \/>\n\t<meta name=\"twitter:data1\" content=\"6 minut\" \/>\n<script type=\"application\/ld+json\" class=\"yoast-schema-graph\">{\"@context\":\"https:\/\/schema.org\",\"@graph\":[{\"@type\":\"WebPage\",\"@id\":\"https:\/\/klaudynahebda.pl\/sklep\/hydrolat-rozany\/\",\"url\":\"https:\/\/klaudynahebda.pl\/sklep\/hydrolat-rozany\/\",\"name\":\"Wzmocniony hydrolat r\u00f3\u017cany K. Hebda Rosa (dawniej Mgie\u0142ka Wdzi\u0119czno\u015bci) - Klaudyna Hebda Nature\",\"isPartOf\":{\"@id\":\"https:\/\/klaudynahebda.pl\/sklep\/#website\"},\"datePublished\":\"2020-08-18T11:47:15+00:00\",\"dateModified\":\"2026-04-22T18:31:29+00:00\",\"description\":\"ROSA: orze\u017awiaj\u0105ca mgie\u0142ka do twarzy, w\u0142os\u00f3w i cia\u0142a. \ud83d\udc49 Sprawd\u017a wzmocniony olejkami eterycznymi hydrolat r\u00f3\u017cany, kt\u00f3ry zadba o Twoj\u0105 sk\u00f3r\u0119 ka\u017cdego dnia.\",\"breadcrumb\":{\"@id\":\"https:\/\/klaudynahebda.pl\/sklep\/hydrolat-rozany\/#breadcrumb\"},\"inLanguage\":\"pl-PL\",\"potentialAction\":[{\"@type\":\"ReadAction\",\"target\":[\"https:\/\/klaudynahebda.pl\/sklep\/hydrolat-rozany\/\"]}]},{\"@type\":\"BreadcrumbList\",\"@id\":\"https:\/\/klaudynahebda.pl\/sklep\/hydrolat-rozany\/#breadcrumb\",\"itemListElement\":[{\"@type\":\"ListItem\",\"position\":1,\"name\":\"Strona g\u0142\u00f3wna\",\"item\":\"https:\/\/klaudynahebda.pl\/sklep\/\"},{\"@type\":\"ListItem\",\"position\":2,\"name\":\"Sklep\",\"item\":\"https:\/\/klaudynahebda.pl\/sklep\/sklep\/\"},{\"@type\":\"ListItem\",\"position\":3,\"name\":\"Kosmetyki naturalne\",\"item\":\"https:\/\/klaudynahebda.pl\/sklep\/kosmetyki-naturalne\/\"},{\"@type\":\"ListItem\",\"position\":4,\"name\":\"Wzmocniony hydrolat r\u00f3\u017cany K. Hebda Rosa (dawniej Mgie\u0142ka Wdzi\u0119czno\u015bci)\"}]},{\"@type\":\"WebSite\",\"@id\":\"https:\/\/klaudynahebda.pl\/sklep\/#website\",\"url\":\"https:\/\/klaudynahebda.pl\/sklep\/\",\"name\":\"Klaudyna Hebda Nature\",\"description\":\"Sklep\",\"publisher\":{\"@id\":\"https:\/\/klaudynahebda.pl\/sklep\/#organization\"},\"potentialAction\":[{\"@type\":\"SearchAction\",\"target\":{\"@type\":\"EntryPoint\",\"urlTemplate\":\"https:\/\/klaudynahebda.pl\/sklep\/?s={search_term_string}\"},\"query-input\":\"required name=search_term_string\"}],\"inLanguage\":\"pl-PL\"},{\"@type\":\"Organization\",\"@id\":\"https:\/\/klaudynahebda.pl\/sklep\/#organization\",\"name\":\"KlaudynaHebda\",\"url\":\"https:\/\/klaudynahebda.pl\/sklep\/\",\"sameAs\":[],\"logo\":{\"@type\":\"ImageObject\",\"inLanguage\":\"pl-PL\",\"@id\":\"https:\/\/klaudynahebda.pl\/sklep\/#\/schema\/logo\/image\/\",\"url\":\"\",\"contentUrl\":\"\",\"caption\":\"KlaudynaHebda\"},\"image\":{\"@id\":\"https:\/\/klaudynahebda.pl\/sklep\/#\/schema\/logo\/image\/\"}}]}<\/script>\n<!-- \/ Yoast SEO plugin. -->","yoast_head_json":{"title":"Wzmocniony hydrolat r\u00f3\u017cany K. Hebda Rosa (dawniej Mgie\u0142ka Wdzi\u0119czno\u015bci) - Klaudyna Hebda Nature","description":"ROSA: orze\u017awiaj\u0105ca mgie\u0142ka do twarzy, w\u0142os\u00f3w i cia\u0142a. \ud83d\udc49 Sprawd\u017a wzmocniony olejkami eterycznymi hydrolat r\u00f3\u017cany, kt\u00f3ry zadba o Twoj\u0105 sk\u00f3r\u0119 ka\u017cdego dnia.","robots":{"index":"index","follow":"follow","max-snippet":"max-snippet:-1","max-image-preview":"max-image-preview:large","max-video-preview":"max-video-preview:-1"},"canonical":"https:\/\/klaudynahebda.pl\/sklep\/hydrolat-rozany\/","og_locale":"pl_PL","og_type":"article","og_title":"Wzmocniony hydrolat r\u00f3\u017cany K. Hebda Rosa (dawniej Mgie\u0142ka Wdzi\u0119czno\u015bci) - Klaudyna Hebda Nature","og_description":"ROSA: orze\u017awiaj\u0105ca mgie\u0142ka do twarzy, w\u0142os\u00f3w i cia\u0142a. \ud83d\udc49 Sprawd\u017a wzmocniony olejkami eterycznymi hydrolat r\u00f3\u017cany, kt\u00f3ry zadba o Twoj\u0105 sk\u00f3r\u0119 ka\u017cdego dnia.","og_url":"https:\/\/klaudynahebda.pl\/sklep\/hydrolat-rozany\/","og_site_name":"Klaudyna Hebda Nature","article_modified_time":"2026-04-22T18:31:29+00:00","og_image":[{"width":844,"height":1152,"url":"https:\/\/klaudynahebda.pl\/sklep\/wp-content\/uploads\/2020\/08\/k-hebda-rosa-hydrolat-rozany-packshot.png","type":"image\/png"}],"twitter_card":"summary_large_image","twitter_misc":{"Szacowany czas czytania":"6 minut"},"schema":{"@context":"https:\/\/schema.org","@graph":[{"@type":"WebPage","@id":"https:\/\/klaudynahebda.pl\/sklep\/hydrolat-rozany\/","url":"https:\/\/klaudynahebda.pl\/sklep\/hydrolat-rozany\/","name":"Wzmocniony hydrolat r\u00f3\u017cany K. Hebda Rosa (dawniej Mgie\u0142ka Wdzi\u0119czno\u015bci) - Klaudyna Hebda Nature","isPartOf":{"@id":"https:\/\/klaudynahebda.pl\/sklep\/#website"},"datePublished":"2020-08-18T11:47:15+00:00","dateModified":"2026-04-22T18:31:29+00:00","description":"ROSA: orze\u017awiaj\u0105ca mgie\u0142ka do twarzy, w\u0142os\u00f3w i cia\u0142a. \ud83d\udc49 Sprawd\u017a wzmocniony olejkami eterycznymi hydrolat r\u00f3\u017cany, kt\u00f3ry zadba o Twoj\u0105 sk\u00f3r\u0119 ka\u017cdego dnia.","breadcrumb":{"@id":"https:\/\/klaudynahebda.pl\/sklep\/hydrolat-rozany\/#breadcrumb"},"inLanguage":"pl-PL","potentialAction":[{"@type":"ReadAction","target":["https:\/\/klaudynahebda.pl\/sklep\/hydrolat-rozany\/"]}]},{"@type":"BreadcrumbList","@id":"https:\/\/klaudynahebda.pl\/sklep\/hydrolat-rozany\/#breadcrumb","itemListElement":[{"@type":"ListItem","position":1,"name":"Strona g\u0142\u00f3wna","item":"https:\/\/klaudynahebda.pl\/sklep\/"},{"@type":"ListItem","position":2,"name":"Sklep","item":"https:\/\/klaudynahebda.pl\/sklep\/sklep\/"},{"@type":"ListItem","position":3,"name":"Kosmetyki naturalne","item":"https:\/\/klaudynahebda.pl\/sklep\/kosmetyki-naturalne\/"},{"@type":"ListItem","position":4,"name":"Wzmocniony hydrolat r\u00f3\u017cany K. Hebda Rosa (dawniej Mgie\u0142ka Wdzi\u0119czno\u015bci)"}]},{"@type":"WebSite","@id":"https:\/\/klaudynahebda.pl\/sklep\/#website","url":"https:\/\/klaudynahebda.pl\/sklep\/","name":"Klaudyna Hebda Nature","description":"Sklep","publisher":{"@id":"https:\/\/klaudynahebda.pl\/sklep\/#organization"},"potentialAction":[{"@type":"SearchAction","target":{"@type":"EntryPoint","urlTemplate":"https:\/\/klaudynahebda.pl\/sklep\/?s={search_term_string}"},"query-input":"required name=search_term_string"}],"inLanguage":"pl-PL"},{"@type":"Organization","@id":"https:\/\/klaudynahebda.pl\/sklep\/#organization","name":"KlaudynaHebda","url":"https:\/\/klaudynahebda.pl\/sklep\/","sameAs":[],"logo":{"@type":"ImageObject","inLanguage":"pl-PL","@id":"https:\/\/klaudynahebda.pl\/sklep\/#\/schema\/logo\/image\/","url":"","contentUrl":"","caption":"KlaudynaHebda"},"image":{"@id":"https:\/\/klaudynahebda.pl\/sklep\/#\/schema\/logo\/image\/"}}]}},"_links":{"self":[{"href":"https:\/\/klaudynahebda.pl\/sklep\/wp-json\/wp\/v2\/product\/99034"}],"collection":[{"href":"https:\/\/klaudynahebda.pl\/sklep\/wp-json\/wp\/v2\/product"}],"about":[{"href":"https:\/\/klaudynahebda.pl\/sklep\/wp-json\/wp\/v2\/types\/product"}],"replies":[{"embeddable":true,"href":"https:\/\/klaudynahebda.pl\/sklep\/wp-json\/wp\/v2\/comments?post=99034"}],"wp:featuredmedia":[{"embeddable":true,"href":"https:\/\/klaudynahebda.pl\/sklep\/wp-json\/wp\/v2\/media\/3331894"}],"wp:attachment":[{"href":"https:\/\/klaudynahebda.pl\/sklep\/wp-json\/wp\/v2\/media?parent=99034"}],"wp:term":[{"taxonomy":"product_cat","embeddable":true,"href":"https:\/\/klaudynahebda.pl\/sklep\/wp-json\/wp\/v2\/product_cat?post=99034"},{"taxonomy":"product_tag","embeddable":true,"href":"https:\/\/klaudynahebda.pl\/sklep\/wp-json\/wp\/v2\/product_tag?post=99034"}],"curies":[{"name":"wp","href":"https:\/\/api.w.org\/{rel}","templated":true}]}}