{"id":3345514,"date":"2025-09-01T10:41:29","date_gmt":"2025-09-01T08:41:29","guid":{"rendered":"https:\/\/klaudynahebda.pl\/sklep\/?post_type=product&#038;p=3345514"},"modified":"2026-05-12T23:39:55","modified_gmt":"2026-05-12T21:39:55","slug":"roll-on-blue-tansy","status":"publish","type":"product","link":"https:\/\/klaudynahebda.pl\/sklep\/roll-on-blue-tansy\/","title":{"rendered":"Blue Tansy \u2013 roll-on do piel\u0119gnacji i masa\u017cu twarzy"},"content":{"rendered":"<h2><strong>Blue Tansy: zdrowy blask sk\u00f3ry nawet 2 minuty przed spotkaniem\u00a0<\/strong><\/h2>\n<p>U\u017cycie roll-onu Blue Tansy trwa dos\u0142ownie chwil\u0119. I dok\u0142adnie chwila wystarczy, by od\u015bwie\u017cy\u0107 Twoj\u0105 sk\u00f3r\u0119 i nada\u0107 jej zdrowe roz\u015bwietlenie rano, przed wyj\u015bciem z domu, po powrocie z pracy albo przed wa\u017cnym wyj\u015bciem.<\/p>\n<p><strong>Olejek do twarzy<\/strong> w formie roll-onu Blue Tansy to kosmetyk do punktowego nak\u0142adania na sk\u00f3r\u0119 w miejscach, kt\u00f3re szczeg\u00f3lnie potrzebuj\u0105 wsparcia. Wype\u0142niony ro\u015blinnymi olejkami piel\u0119gnacyjnymi w kilka sekund wyg\u0142adzi sk\u00f3r\u0119 i pomo\u017ce jej odzyska\u0107 naturalny blask. A Ty mo\u017cesz b\u0142yszcze\u0107 razem z ni\u0105.<\/p>\n<h2><strong>Roll-on do masa\u017cu twarzy: prosty rytua\u0142, zauwa\u017calny efekt\u00a0<\/strong><\/h2>\n<p>Roll-onu\u00a0Blue\u00a0Tansy\u00a0mo\u017cesz u\u017cywa\u0107 bezpo\u015brednio do masa\u017cu twarzy \u2013 precyzyjna kulka pomo\u017ce Ci rozprowadzi\u0107 kosmetyk i delikatnie wmasuje go w sk\u00f3r\u0119 dok\u0142adnie tam, gdzie potrzebujesz balansu, ukojenia i wyg\u0142adzenia.<br \/>\nLubisz masa\u017c kamieniem gua sha lub masa\u017c twarzy d\u0142o\u0144mi? Posmaruj wybrane partie roll-onem i kontynuuj masa\u017c tak, jak lubisz. Lekka formu\u0142a i por\u0119czna forma sprawiaj\u0105, \u017ce roll-on Blue Tansy sprawdzi si\u0119 do masa\u017cu kobido i jogi twarzy.<\/p>\n<h3><strong>Sekret naturalnie pi\u0119knej sk\u00f3ry: Blue Tansy i olej jojoba\u00a0<\/strong><\/h3>\n<p>O od\u015bwie\u017cenie, wyg\u0142adzenie i przywr\u00f3cenie blasku Twojej sk\u00f3rze dbaj\u0105:<\/p>\n<ul>\n<li><strong>olejek eteryczny Blue Tansy<\/strong> \u2013 olejek z wrotyczu maroka\u0144skiego o charakterystycznej, niebieskiej barwie i wyj\u0105tkowych w\u0142a\u015bciwo\u015bciach piel\u0119gnacyjnych,<\/li>\n<li><strong>olej jojoba<\/strong> \u2013 wsp\u00f3\u0142gra z ka\u017cdym typem cery, nie zatyka por\u00f3w i nie pozostawia sk\u00f3ry t\u0142ustej, jest idealn\u0105 baz\u0105 do naszego roll-onu.<\/li>\n<\/ul>\n<h3><strong>Czy roll-on Blue Tansy to kosmetyk dla Ciebie?\u00a0<\/strong><\/h3>\n<p>Na pewno tak, je\u015bli:<\/p>\n<ul>\n<li>czujesz, \u017ce Twoja sk\u00f3ra potrzebuje <strong>r\u00f3wnowagi<\/strong> i odzyskania naturalnego <strong><em>glow<\/em><\/strong>,<\/li>\n<li>masz <strong>wra\u017cliw\u0105, reaktywn\u0105, wymagaj\u0105c\u0105 i potrzebuj\u0105c\u0105 ukojenia sk\u00f3r\u0119<\/strong>,<\/li>\n<li>chcesz m\u00f3c \u0142atwo <strong>od\u015bwie\u017cy\u0107 i roz\u015bwietli\u0107<\/strong> sk\u00f3r\u0119 w ci\u0105gu dnia,<\/li>\n<li>lubisz <strong>naturalne<\/strong> kosmetyki i olejki eteryczne,<\/li>\n<li>cenisz <strong>minirytua\u0142y<\/strong>, kt\u00f3re pomagaj\u0105 Ci troszczy\u0107 si\u0119 o sk\u00f3r\u0119,<\/li>\n<li>lubisz serum <strong>Blue Tansy<\/strong> i chcesz mie\u0107 roll-on do torebki,<\/li>\n<li>szukasz <strong>kosmetyku do masa\u017cu twarzy<\/strong>.<\/li>\n<\/ul>\n<p><strong>Roll-on Blue Tansy od Klaudyny Hebdy\u00a0<\/strong><\/p>\n<blockquote><p>Roll-on Blue\u00a0Tansy\u00a0stworzy\u0142am z my\u015bl\u0105 o osobach, kt\u00f3re lubi\u0105 szybk\u0105, ale efektown\u0105 piel\u0119gnacj\u0119. Smarujesz nim wybrane miejsca i efekt widzisz od razu. Mo\u017cesz go u\u017cy\u0107 nawet poza domem, bo dzi\u0119ki wygodnej kulce mo\u017cna go \u0142atwo i szybko rozprowadzi\u0107. To \u015bwietny pomys\u0142 na prezent \u2013 nie znam osoby, kt\u00f3ra nie by\u0142aby nim zachwycona.<br \/>\nKlaudyna Hebda<\/p><\/blockquote>\n<p>Sprawd\u017a te\u017c: <a href=\"https:\/\/klaudynahebda.pl\/sklep\/serum-blue-tansy\/\">serum do piel\u0119gnacji twarzy Blue Tansy z witamin\u0105 C<\/a>.<\/p>\n<div class=\"row row-collapse align-middle\"  id=\"row-1817287375\">\n\n\t<div id=\"col-1721328037\" class=\"col small-10 large-12\"  >\n\t\t\t\t<div class=\"col-inner\"  >\n\t\t\t\n\t\t\t\n<h3 class=\"accordion_title\">Najcz\u0119\u015bciej zadawane pytania<\/h3><div class=\"accordion\" rel=\"1\">\n<div class=\"accordion-item\"><a href=\"#\" class=\"accordion-title plain\"><button class=\"toggle\"><i class=\"icon-angle-down\"><\/i><\/button><span>Czym jest Blue Tansy?<\/span><\/a><div class=\"accordion-inner\">\nBlue Tansy to olejek eteryczny otrzymywany z ro\u015bliny Tanacetum annuum. Podczas destylacji powstaje zwi\u0105zek o nazwie chamazulen, kt\u00f3ry nadaje olejkowi charakterystyczny niebieski kolor. Kliknij i dowiedz si\u0119 wi\u0119cej o olejku Blue Tansy.<br \/>\n<\/div><\/div><div class=\"accordion-item\"><a href=\"#\" class=\"accordion-title plain\"><button class=\"toggle\"><i class=\"icon-angle-down\"><\/i><\/button><span>Dlaczego kosmetyk ma niebiesko-zielony odcie\u0144?<\/span><\/a><div class=\"accordion-inner\">\nTo naturalny efekt obecno\u015bci olejku Blue Tansy. W zale\u017cno\u015bci od koloru olej\u00f3w ro\u015blinnych w formule odcie\u0144 kosmetyku mo\u017ce by\u0107 bardziej niebieski, turkusowy lub lekko zielonkawy.<br \/>\n<\/div><\/div><div class=\"accordion-item\"><a href=\"#\" class=\"accordion-title plain\"><button class=\"toggle\"><i class=\"icon-angle-down\"><\/i><\/button><span>Do jakiej sk\u00f3ry przeznaczony jest roll-on?<\/span><\/a><div class=\"accordion-inner\">\nKosmetyki z serii Blue Tansy najcz\u0119\u015bciej stosuje si\u0119 w piel\u0119gnacji sk\u00f3ry: wra\u017cliwej, sk\u0142onnej do zaczerwienie\u0144, wymagaj\u0105cej ukojenia.<br \/>\n<\/div><\/div><div class=\"accordion-item\"><a href=\"#\" class=\"accordion-title plain\"><button class=\"toggle\"><i class=\"icon-angle-down\"><\/i><\/button><span>Czy roll-on do twarzy Blue Tansy mo\u017cna stosowa\u0107 codziennie?<\/span><\/a><div class=\"accordion-inner\">\nTak. Mo\u017ce by\u0107 stosowany jako element codziennej piel\u0119gnacji lub szybki rytua\u0142 od\u015bwie\u017cenia sk\u00f3ry w ci\u0105gu dnia.<br \/>\n<\/div><\/div><div class=\"accordion-item\"><a href=\"#\" class=\"accordion-title plain\"><button class=\"toggle\"><i class=\"icon-angle-down\"><\/i><\/button><span>Czy mo\u017cna go stosowa\u0107 na ca\u0142\u0105 twarz?<\/span><\/a><div class=\"accordion-inner\">\nKosmetyk w formie roll-onu przeznaczony jest g\u0142\u00f3wnie do punktowej aplikacji, np. na wybrane miejsca twarzy, szyj\u0119 lub dekolt. Sprawdza si\u0119 r\u00f3wnie\u017c jako olejek do masa\u017cu twarzy. Je\u015bli chcesz wykona\u0107 taki masa\u017c, wtedy mo\u017cesz rozprowadzi\u0107 kosmetyk na ca\u0142ej twarzy.<br \/>\n<\/div><\/div><div class=\"accordion-item\"><a href=\"#\" class=\"accordion-title plain\"><button class=\"toggle\"><i class=\"icon-angle-down\"><\/i><\/button><span>Jaki zapach ma ten olejek w roll-onie?<\/span><\/a><div class=\"accordion-inner\">\nBlue Tansy ma charakterystyczny aromat z nutami zio\u0142owymi i lekko s\u0142odkimi.<br \/>\n<\/div><\/div><div class=\"accordion-item\"><a href=\"#\" class=\"accordion-title plain\"><button class=\"toggle\"><i class=\"icon-angle-down\"><\/i><\/button><span>Czym r\u00f3\u017cni si\u0119 serum od roll-onu Blue Tansy?<\/span><\/a><div class=\"accordion-inner\">\nZar\u00f3wno serum, jak i roll-on zawieraj\u0105 olejek eteryczny Blue Tansy. Serum dodatkowo jest wzbogacone witamin\u0105 C i z powodzeniem mo\u017cesz u\u017cywa\u0107 go w porannej piel\u0119gnacji. Roll-on pomo\u017ce Ci od\u015bwie\u017cy\u0107 i roz\u015bwietli\u0107 twarz w ci\u0105gu dnia. Mo\u017ce by\u0107 stosowany punktowo, w miejscach, kt\u00f3re najbardziej tego potrzebuj\u0105 lub u\u017cywany do wieczornego masa\u017cu napi\u0119tych mi\u0119\u015bni twarzy.<br \/>\n<\/div><\/div><\/div>\n\t<div id=\"gap-285665656\" class=\"gap-element clearfix\" style=\"display:block; height:auto;\">\n\t\t\n<style>\n#gap-285665656 {\n  padding-top: 20px;\n}\n<\/style>\n\t<\/div>\n\t\n\t\t<\/div>\n\t\t\t\t\t<\/div>\n\n\t\n\n<style>\n#row-1817287375 > .col > .col-inner {\n  padding: 35px 0px 20px 0px;\n}\n<\/style>\n<\/div>\n","protected":false},"excerpt":{"rendered":"<h2><strong>Roll-on Blue Tansy to:\u00a0<\/strong><\/h2>\n<ul>\n<li>spos\u00f3b na dodanie <strong>blasku<\/strong> sk\u00f3rze i efekt glass skin<\/li>\n<li>formu\u0142a z <strong>naturalnym olejkiem eterycznym<\/strong> Blue Tansy i olejem jojoba<\/li>\n<li>pierwszy krok do mikrorytua\u0142\u00f3w, kt\u00f3re dbaj\u0105 o Twoj\u0105 sk\u00f3r\u0119 i daj\u0105 widoczny efekt wyg\u0142adzenia<\/li>\n<li>kosmetyk <strong>do piel\u0119gnacji i masa\u017cu<\/strong> twarzy w kompaktowej formie, w sam raz do torebki<\/li>\n<\/ul>\n<p>Twoja sk\u00f3ra potrzebuje naturalnego blasku tu i teraz? Roll-on z olejkiem eterycznym Blue Tansy to spos\u00f3b na szybkie glow, kt\u00f3ry mo\u017cesz mie\u0107 zawsze pod r\u0119k\u0105.<\/p>\n","protected":false},"featured_media":3505412,"comment_status":"open","ping_status":"closed","template":"","meta":[],"product_cat":[47,117,253,210,134],"product_tag":[],"acf":[],"yoast_head":"<!-- This site is optimized with the Yoast SEO plugin v19.6.1 - https:\/\/yoast.com\/wordpress\/plugins\/seo\/ -->\n<title>Blue Tansy \u2013 roll-on do piel\u0119gnacji i masa\u017cu twarzy - Klaudyna Hebda Nature<\/title>\n<meta name=\"description\" content=\"Roll-on do piel\u0119gnacji i masa\u017cu twarzy Blue Tansy \u2013 od\u015bwie\u017ca, wyg\u0142adza i dodaje blasku Twojej sk\u00f3rze. Ciesz si\u0119 efektem glass skin w dowolnym momencie dnia.\" \/>\n<meta name=\"robots\" content=\"index, follow, max-snippet:-1, max-image-preview:large, max-video-preview:-1\" \/>\n<link rel=\"canonical\" href=\"https:\/\/klaudynahebda.pl\/sklep\/roll-on-blue-tansy\/\" \/>\n<meta property=\"og:locale\" content=\"pl_PL\" \/>\n<meta property=\"og:type\" content=\"article\" \/>\n<meta property=\"og:title\" content=\"Blue Tansy \u2013 roll-on do piel\u0119gnacji i masa\u017cu twarzy - Klaudyna Hebda Nature\" \/>\n<meta property=\"og:description\" content=\"Roll-on do piel\u0119gnacji i masa\u017cu twarzy Blue Tansy \u2013 od\u015bwie\u017ca, wyg\u0142adza i dodaje blasku Twojej sk\u00f3rze. Ciesz si\u0119 efektem glass skin w dowolnym momencie dnia.\" \/>\n<meta property=\"og:url\" content=\"https:\/\/klaudynahebda.pl\/sklep\/roll-on-blue-tansy\/\" \/>\n<meta property=\"og:site_name\" content=\"Klaudyna Hebda Nature\" \/>\n<meta property=\"article:modified_time\" content=\"2026-05-12T21:39:55+00:00\" \/>\n<meta property=\"og:image\" content=\"https:\/\/klaudynahebda.pl\/sklep\/wp-content\/uploads\/2025\/09\/Roll-on-Blue-Tansy.png\" \/>\n\t<meta property=\"og:image:width\" content=\"844\" \/>\n\t<meta property=\"og:image:height\" content=\"1152\" \/>\n\t<meta property=\"og:image:type\" content=\"image\/png\" \/>\n<meta name=\"twitter:card\" content=\"summary_large_image\" \/>\n<meta name=\"twitter:label1\" content=\"Szacowany czas czytania\" \/>\n\t<meta name=\"twitter:data1\" content=\"4 minuty\" \/>\n<script type=\"application\/ld+json\" class=\"yoast-schema-graph\">{\"@context\":\"https:\/\/schema.org\",\"@graph\":[{\"@type\":\"WebPage\",\"@id\":\"https:\/\/klaudynahebda.pl\/sklep\/roll-on-blue-tansy\/\",\"url\":\"https:\/\/klaudynahebda.pl\/sklep\/roll-on-blue-tansy\/\",\"name\":\"Blue Tansy \u2013 roll-on do piel\u0119gnacji i masa\u017cu twarzy - Klaudyna Hebda Nature\",\"isPartOf\":{\"@id\":\"https:\/\/klaudynahebda.pl\/sklep\/#website\"},\"datePublished\":\"2025-09-01T08:41:29+00:00\",\"dateModified\":\"2026-05-12T21:39:55+00:00\",\"description\":\"Roll-on do piel\u0119gnacji i masa\u017cu twarzy Blue Tansy \u2013 od\u015bwie\u017ca, wyg\u0142adza i dodaje blasku Twojej sk\u00f3rze. Ciesz si\u0119 efektem glass skin w dowolnym momencie dnia.\",\"breadcrumb\":{\"@id\":\"https:\/\/klaudynahebda.pl\/sklep\/roll-on-blue-tansy\/#breadcrumb\"},\"inLanguage\":\"pl-PL\",\"potentialAction\":[{\"@type\":\"ReadAction\",\"target\":[\"https:\/\/klaudynahebda.pl\/sklep\/roll-on-blue-tansy\/\"]}]},{\"@type\":\"BreadcrumbList\",\"@id\":\"https:\/\/klaudynahebda.pl\/sklep\/roll-on-blue-tansy\/#breadcrumb\",\"itemListElement\":[{\"@type\":\"ListItem\",\"position\":1,\"name\":\"Strona g\u0142\u00f3wna\",\"item\":\"https:\/\/klaudynahebda.pl\/sklep\/\"},{\"@type\":\"ListItem\",\"position\":2,\"name\":\"Sklep\",\"item\":\"https:\/\/klaudynahebda.pl\/sklep\/sklep\/\"},{\"@type\":\"ListItem\",\"position\":3,\"name\":\"Kosmetyki naturalne\",\"item\":\"https:\/\/klaudynahebda.pl\/sklep\/kosmetyki-naturalne\/\"},{\"@type\":\"ListItem\",\"position\":4,\"name\":\"Blue Tansy \u2013 roll-on do piel\u0119gnacji i masa\u017cu twarzy\"}]},{\"@type\":\"WebSite\",\"@id\":\"https:\/\/klaudynahebda.pl\/sklep\/#website\",\"url\":\"https:\/\/klaudynahebda.pl\/sklep\/\",\"name\":\"Klaudyna Hebda Nature\",\"description\":\"Sklep\",\"publisher\":{\"@id\":\"https:\/\/klaudynahebda.pl\/sklep\/#organization\"},\"potentialAction\":[{\"@type\":\"SearchAction\",\"target\":{\"@type\":\"EntryPoint\",\"urlTemplate\":\"https:\/\/klaudynahebda.pl\/sklep\/?s={search_term_string}\"},\"query-input\":\"required name=search_term_string\"}],\"inLanguage\":\"pl-PL\"},{\"@type\":\"Organization\",\"@id\":\"https:\/\/klaudynahebda.pl\/sklep\/#organization\",\"name\":\"KlaudynaHebda\",\"url\":\"https:\/\/klaudynahebda.pl\/sklep\/\",\"sameAs\":[],\"logo\":{\"@type\":\"ImageObject\",\"inLanguage\":\"pl-PL\",\"@id\":\"https:\/\/klaudynahebda.pl\/sklep\/#\/schema\/logo\/image\/\",\"url\":\"\",\"contentUrl\":\"\",\"caption\":\"KlaudynaHebda\"},\"image\":{\"@id\":\"https:\/\/klaudynahebda.pl\/sklep\/#\/schema\/logo\/image\/\"}}]}<\/script>\n<!-- \/ Yoast SEO plugin. -->","yoast_head_json":{"title":"Blue Tansy \u2013 roll-on do piel\u0119gnacji i masa\u017cu twarzy - Klaudyna Hebda Nature","description":"Roll-on do piel\u0119gnacji i masa\u017cu twarzy Blue Tansy \u2013 od\u015bwie\u017ca, wyg\u0142adza i dodaje blasku Twojej sk\u00f3rze. Ciesz si\u0119 efektem glass skin w dowolnym momencie dnia.","robots":{"index":"index","follow":"follow","max-snippet":"max-snippet:-1","max-image-preview":"max-image-preview:large","max-video-preview":"max-video-preview:-1"},"canonical":"https:\/\/klaudynahebda.pl\/sklep\/roll-on-blue-tansy\/","og_locale":"pl_PL","og_type":"article","og_title":"Blue Tansy \u2013 roll-on do piel\u0119gnacji i masa\u017cu twarzy - Klaudyna Hebda Nature","og_description":"Roll-on do piel\u0119gnacji i masa\u017cu twarzy Blue Tansy \u2013 od\u015bwie\u017ca, wyg\u0142adza i dodaje blasku Twojej sk\u00f3rze. Ciesz si\u0119 efektem glass skin w dowolnym momencie dnia.","og_url":"https:\/\/klaudynahebda.pl\/sklep\/roll-on-blue-tansy\/","og_site_name":"Klaudyna Hebda Nature","article_modified_time":"2026-05-12T21:39:55+00:00","og_image":[{"width":844,"height":1152,"url":"https:\/\/klaudynahebda.pl\/sklep\/wp-content\/uploads\/2025\/09\/Roll-on-Blue-Tansy.png","type":"image\/png"}],"twitter_card":"summary_large_image","twitter_misc":{"Szacowany czas czytania":"4 minuty"},"schema":{"@context":"https:\/\/schema.org","@graph":[{"@type":"WebPage","@id":"https:\/\/klaudynahebda.pl\/sklep\/roll-on-blue-tansy\/","url":"https:\/\/klaudynahebda.pl\/sklep\/roll-on-blue-tansy\/","name":"Blue Tansy \u2013 roll-on do piel\u0119gnacji i masa\u017cu twarzy - Klaudyna Hebda Nature","isPartOf":{"@id":"https:\/\/klaudynahebda.pl\/sklep\/#website"},"datePublished":"2025-09-01T08:41:29+00:00","dateModified":"2026-05-12T21:39:55+00:00","description":"Roll-on do piel\u0119gnacji i masa\u017cu twarzy Blue Tansy \u2013 od\u015bwie\u017ca, wyg\u0142adza i dodaje blasku Twojej sk\u00f3rze. Ciesz si\u0119 efektem glass skin w dowolnym momencie dnia.","breadcrumb":{"@id":"https:\/\/klaudynahebda.pl\/sklep\/roll-on-blue-tansy\/#breadcrumb"},"inLanguage":"pl-PL","potentialAction":[{"@type":"ReadAction","target":["https:\/\/klaudynahebda.pl\/sklep\/roll-on-blue-tansy\/"]}]},{"@type":"BreadcrumbList","@id":"https:\/\/klaudynahebda.pl\/sklep\/roll-on-blue-tansy\/#breadcrumb","itemListElement":[{"@type":"ListItem","position":1,"name":"Strona g\u0142\u00f3wna","item":"https:\/\/klaudynahebda.pl\/sklep\/"},{"@type":"ListItem","position":2,"name":"Sklep","item":"https:\/\/klaudynahebda.pl\/sklep\/sklep\/"},{"@type":"ListItem","position":3,"name":"Kosmetyki naturalne","item":"https:\/\/klaudynahebda.pl\/sklep\/kosmetyki-naturalne\/"},{"@type":"ListItem","position":4,"name":"Blue Tansy \u2013 roll-on do piel\u0119gnacji i masa\u017cu twarzy"}]},{"@type":"WebSite","@id":"https:\/\/klaudynahebda.pl\/sklep\/#website","url":"https:\/\/klaudynahebda.pl\/sklep\/","name":"Klaudyna Hebda Nature","description":"Sklep","publisher":{"@id":"https:\/\/klaudynahebda.pl\/sklep\/#organization"},"potentialAction":[{"@type":"SearchAction","target":{"@type":"EntryPoint","urlTemplate":"https:\/\/klaudynahebda.pl\/sklep\/?s={search_term_string}"},"query-input":"required name=search_term_string"}],"inLanguage":"pl-PL"},{"@type":"Organization","@id":"https:\/\/klaudynahebda.pl\/sklep\/#organization","name":"KlaudynaHebda","url":"https:\/\/klaudynahebda.pl\/sklep\/","sameAs":[],"logo":{"@type":"ImageObject","inLanguage":"pl-PL","@id":"https:\/\/klaudynahebda.pl\/sklep\/#\/schema\/logo\/image\/","url":"","contentUrl":"","caption":"KlaudynaHebda"},"image":{"@id":"https:\/\/klaudynahebda.pl\/sklep\/#\/schema\/logo\/image\/"}}]}},"_links":{"self":[{"href":"https:\/\/klaudynahebda.pl\/sklep\/wp-json\/wp\/v2\/product\/3345514"}],"collection":[{"href":"https:\/\/klaudynahebda.pl\/sklep\/wp-json\/wp\/v2\/product"}],"about":[{"href":"https:\/\/klaudynahebda.pl\/sklep\/wp-json\/wp\/v2\/types\/product"}],"replies":[{"embeddable":true,"href":"https:\/\/klaudynahebda.pl\/sklep\/wp-json\/wp\/v2\/comments?post=3345514"}],"wp:featuredmedia":[{"embeddable":true,"href":"https:\/\/klaudynahebda.pl\/sklep\/wp-json\/wp\/v2\/media\/3505412"}],"wp:attachment":[{"href":"https:\/\/klaudynahebda.pl\/sklep\/wp-json\/wp\/v2\/media?parent=3345514"}],"wp:term":[{"taxonomy":"product_cat","embeddable":true,"href":"https:\/\/klaudynahebda.pl\/sklep\/wp-json\/wp\/v2\/product_cat?post=3345514"},{"taxonomy":"product_tag","embeddable":true,"href":"https:\/\/klaudynahebda.pl\/sklep\/wp-json\/wp\/v2\/product_tag?post=3345514"}],"curies":[{"name":"wp","href":"https:\/\/api.w.org\/{rel}","templated":true}]}}