{"id":3326865,"date":"2025-11-10T14:59:18","date_gmt":"2025-11-10T13:59:18","guid":{"rendered":"https:\/\/klaudynahebda.pl\/sklep\/?post_type=product&#038;p=3326865"},"modified":"2026-04-07T08:49:28","modified_gmt":"2026-04-07T06:49:28","slug":"olejek-tymianek-plus","status":"publish","type":"product","link":"https:\/\/klaudynahebda.pl\/sklep\/olejek-tymianek-plus\/","title":{"rendered":"Olejek Tymianek PLUS"},"content":{"rendered":"<h2><strong>Zapach<\/strong><\/h2>\n<p>zio\u0142owo-\u017cywiczny, zbalansowany, otulaj\u0105cy, wielowarstwowy, g\u0142\u0119boki, harmonijny<\/p>\n<h2><strong>Kontekst aromaterapeutyczny<\/strong><\/h2>\n<p>sezon jesienno-zimowy, oczyszczanie powietrza, uczucie zatkanego nosa, mokry kaszel, dyskomfort w obr\u0119bie dr\u00f3g oddechowych, b\u00f3l gard\u0142a, infekcje, grypa, gor\u0105czka<\/p>\n<h2><strong>Skutecznie i dla ka\u017cdego \u2013 z mieszank\u0105 Tymianek PLUS nie musisz wybiera\u0107\u00a0\u00a0<\/strong><\/h2>\n<p>Wystarczy raz spr\u00f3bowa\u0107 olejku tymiankowego, \u017ceby ju\u017c nigdy si\u0119 z nim nie rozstawa\u0107. Jego g\u0142\u0119boki, zio\u0142owy zapach sprawia, \u017ce a\u017c chce si\u0119 g\u0142\u0119boko oddycha\u0107. Od rodzic\u00f3w ma\u0142ych dzieci s\u0142yszeli\u015bmy jednak, \u017ce reakcje bywaj\u0105 r\u00f3\u017cne &#8211; od \u201emamo, daj mi tymianek do pow\u0105chania\u201d, po \u201etfu, ale ostre!\u201d\u00a0i\u00a0\u201etato,\u00a0ju\u017c nie chc\u0119!\u201d.<\/p>\n<p><strong>Czy mo\u017cna zachowa\u0107 moc i dzia\u0142anie tymianku, nieco zmieniaj\u0105c jego zapach?<\/strong> Po miesi\u0105cach test\u00f3w&#8230; wiemy, \u017ce tak! I tym razem rozwi\u0105zaniem okaza\u0142o si\u0119 po\u0142\u0105czenie tradycji z nowoczesno\u015bci\u0105: do lubianego przez Was olejku z tymianku bia\u0142ego dodali\u015bmy ekstrakt CO\u2082 z tymianku i olejek copaiba. Dzi\u0119ki nowoczesnej technologii wydobyli\u015bmy z tej ro\u015bliny jeszcze wi\u0119cej, a zapach sta\u0142 si\u0119 bardziej przyjazny.<\/p>\n<p><strong>To zmiana na\u00a0du\u017cy\u00a0PLUS!\u00a0<\/strong>Mieszanka Tymianek PLUS mo\u017ce by\u0107 teraz ulubionym olejkiem ca\u0142ej rodziny, r\u00f3wnie\u017c dzieci i os\u00f3b wra\u017cliwych na zapachy.<\/p>\n<h2><strong>Olejek Tymianek PLUS \u2013 czy to receptura dla Ciebie?\u00a0<\/strong><\/h2>\n<p>Tak, je\u015bli:<\/p>\n<ul>\n<li>szukasz najlepszej jako\u015bci olejku eterycznego, kt\u00f3rego zapach b\u0119dzie wspiera\u0142 komfortowy oddech,<\/li>\n<li>chcesz mie\u0107 pod r\u0119k\u0105 skuteczne wsparcie na sezon jesienno-zimowy,<\/li>\n<li>doceniasz dzia\u0142anie olejku tymiankowego, ale chcia\u0142aby\u015b, \u017ceby mia\u0142 on przyjazny zapach,<\/li>\n<li>masz partnera, partnerk\u0119 lub dzieci, kt\u00f3re zapach 100% olejku tymiankowego zniech\u0119ca do u\u017cywania,<\/li>\n<li>szukasz mieszanki olejk\u00f3w do inhalacji, dyfuzji, k\u0105pieli czy masa\u017cu dla ca\u0142ej rodziny.<\/li>\n<\/ul>\n<h2><strong>Czym mieszanka Tymianek PLUS r\u00f3\u017cni si\u0119 od zwyk\u0142ego olejku tymiankowego?<\/strong><\/h2>\n<p>Tymianek PLUS to po\u0142\u0105czenie olejku tymiankowego, ekstraktu CO\u2082 z tymianku i olejku copaiba. Taka mieszanka ma kilka niekwestionowanych zalet.<\/p>\n<ul>\n<li><strong>Pe\u0142na moc ro\u015bliny<\/strong> \u2013 po\u0142\u0105czenie olejku eterycznego z tymianku i ekstraktu CO\u2082 tej ro\u015bliny pozwala wydoby\u0107 z niej to, co najcenniejsze.<\/li>\n<li><strong>Przyjazny aromat<\/strong>\u00a0\u2013 copaiba, naturalna \u017cywica z Amazonii, sprawia, \u017ce zapach mieszanki jest mi\u0119kki i harmonijny.<\/li>\n<li><strong>Wi\u0119kszy komfort<\/strong> \u2013 aromat sprawia, \u017ce Tymianek PLUS jest idealny do codziennego u\u017cytku dla ca\u0142ej rodziny &#8211; dzieci i doros\u0142ych. Zapach mieszanki jest zdecydowanie bardziej przyjazny ni\u017c ostry zapach 100% tymianku.<\/li>\n<\/ul>\n<h2><strong>Co zawiera mieszanka olejk\u00f3w eterycznych Tymianek PLUS?<\/strong><\/h2>\n<p>Mieszanka olejk\u00f3w eterycznych Tymianek PLUS zawiera dok\u0142adnie trzy sk\u0142adniki:<\/p>\n<ul>\n<li><strong>Olejek tymiankowy<\/strong> \u2013 tradycyjnie u\u017cywany w aromaterapii, zw\u0142aszcza w sezonie jesienno-zimowym. To olejek o naprawd\u0119 du\u017cej mocy.<\/li>\n<li><strong>Ekstrakt CO\u2082 z tymianku<\/strong> \u2013 ekstrakt wydobyty z tymianku nowoczesn\u0105 metod\u0105. Pozwala jeszcze pe\u0142niej czerpa\u0107 z w\u0142a\u015bciwo\u015bci tej ro\u015bliny, a jednocze\u015bnie sprawia, \u017ce zapach olejku jest bardziej zr\u00f3wnowa\u017cony.<\/li>\n<li><strong>Olejek copaiba <\/strong>\u2013 olejek eteryczny z \u017cywicy amazo\u0144skiej, kt\u00f3rego aromat ma w\u0142a\u015bciwo\u015bci \u0142agodz\u0105ce i harmonizuj\u0105ce. Dzi\u0119ki niemu zapach mieszanki Tymianek PLUS jest przyjazny dla dzieci i doros\u0142ych.<\/li>\n<\/ul>\n<h3><strong>Czym jest ekstrakcja CO2?<\/strong><\/h3>\n<p>Ekstrakcja CO\u2082 to nowoczesna technologia, kt\u00f3ra pozwala wydoby\u0107 z ro\u015bliny jeszcze wi\u0119cej cennych w\u0142a\u015bciwo\u015bci. Przeprowadzana jest w stosunkowo niskiej temperaturze (~40\u00b0C), dzi\u0119ki czemu to, co w ro\u015blinie najcenniejsze, jest jeszcze lepiej zachowane. Nuty s\u0105 pe\u0142niejsze, \u015bwie\u017csze i bardziej naturalne ni\u017c te pozyskiwane innymi metodami.<\/p>\n<p>Ekstrakcja to delikatny proces, kt\u00f3ry pozwala nam uzyska\u0107 zbalansowany zapach tymianku, du\u017co \u0142atwiejszy do zaakceptowania przez najm\u0142odszych i osoby wra\u017cliwe. Wyobra\u017a sobie zapach \u015bwie\u017co zerwanej ga\u0142\u0105zki tymianku \u2013 tak w\u0142a\u015bnie pachnie ekstrakt CO\u2082. Zapach jest g\u0142\u0119boki i mo\u017cna w nim wyczu\u0107 zar\u00f3wno lekkie nuty g\u0142owy, jak i ci\u0119\u017csze nuty bazy.<\/p>\n<h3><strong>Dlaczego PLUS?<\/strong><\/h3>\n<p>Lubiany przez naszych klient\u00f3w Tymianek Bia\u0142y zosta\u0142 dopracowany i zast\u0105piony jeszcze lepszym Tymiankiem PLUS. PLUS to nie tylko dodanie olejku copaiba i ekstraktu CO\u2082 z tymianku. To r\u00f3wnie\u017c podkre\u015blenie, \u017ce nasz nowy olejek tymiankowy jest jeszcze lepszy i jeszcze bardziej nowoczesny ni\u017c jego poprzednia wersja. Wierzymy, \u017ce podbije Wasze serca (i nosy!).<\/p>\n<h3><strong>Gwarancja satysfakcji albo zwrot pieni\u0119dzy<\/strong><\/h3>\n<p>Jeste\u015bmy przekonani o jako\u015bci Tymianku PLUS. Przekonaj si\u0119 i Ty.\u00a0 A je\u015bli wzmocniona wersja olejku tymiankowego nie przypadnie Ci do gustu, w ci\u0105gu 14 dni od daty zakupu mo\u017cesz j\u0105 zwr\u00f3ci\u0107, a my oddamy Ci 100% ceny olejku.<\/p>\n<p>Regulamin programu &#8220;100% satysfakcji albo zwrot pieni\u0119dzy&#8221; dost\u0119pny jest <a href=\"https:\/\/klaudynahebda.pl\/sklep\/gwarancja-tymianek\/\" target=\"_blank\" rel=\"noopener\"><strong>TUTAJ<\/strong><\/a>.<\/p>\n<p>&nbsp;<\/p>\n<p>\ud83d\udc49 Sprawd\u017a te\u017c inne<a href=\"https:\/\/klaudynahebda.pl\/sklep\/olejki-eteryczne\/\"> 100% olejki eteryczne<\/a> do aromaterapii.<\/p>\n<p>&nbsp;<\/p>\n<div class=\"row row-collapse align-middle\"  id=\"row-1079808497\">\n\t<div id=\"col-910593316\" class=\"col small-10 large-12\"  >\n\t\t\t\t<div class=\"col-inner\"  >\n\t\t\t\n\t\t\t\n<h3 class=\"accordion_title\">Baza wiedzy i najcz\u0119\u015bciej zadawane pytania \u2014 Tymianek PLUS<\/h3><div class=\"accordion\" rel=\"1\"><\/div>\n<div class=\"accordion-item\"><a href=\"#\" class=\"accordion-title plain\"><button class=\"toggle\"><i class=\"icon-angle-down\"><\/i><\/button><span>Czym r\u00f3\u017cni si\u0119 Tymianek PLUS od klasycznego olejku tymiankowego?<\/span><\/a><div class=\"accordion-inner\">\nTymianek PLUS to nowoczesna wersja klasycznego olejku tymiankowego \u2013 \u0142\u0105czy jego pe\u0142n\u0105 moc z bardziej zbalansowanym aromatem. W recepturze znajdziesz trzy sk\u0142adniki: olejek tymiankowy, ekstrakt CO\u2082 z tymianku i olejek copaiba, kt\u00f3ry nadaje zapachowi mi\u0119kko\u015b\u0107 i harmoni\u0119. Dzi\u0119ki temu mieszanka jest odpowiednia nawet dla &#8220;wybrednych&#8221; nosk\u00f3w, a jednocze\u015bnie r\u00f3wnie skuteczna. Tymianek PLUS to gotowa mieszanka stworzona przez aromaterapeutk\u0119 kliniczn\u0105 &#8211; tu ka\u017cdy sk\u0142adnik ma znaczenie i pe\u0142ni konkretn\u0105 rol\u0119. <\/div><\/div>\n<div class=\"accordion-item\"><a href=\"#\" class=\"accordion-title plain\"><button class=\"toggle\"><i class=\"icon-angle-down\"><\/i><\/button><span>Czym jest ekstrakcja CO\u2082 i dlaczego jest wyj\u0105tkowa?<\/span><\/a><div class=\"accordion-inner\">\nTo nowoczesna metoda pozyskiwania ekstrakt\u00f3w ro\u015blinnych w niskiej temperaturze (~40\u00b0C). Pozwala zachowa\u0107 \u015bwie\u017co\u015b\u0107, pe\u0142ni\u0119 zapachu i najwy\u017csz\u0105 jako\u015b\u0107 sk\u0142adnik\u00f3w aktywnych. Dzi\u0119ki niej zapach Tymianek PLUS jest bardziej naturalny i zbalansowany.<br \/>\n<\/div><\/div>\n<div class=\"accordion-item\"><a href=\"#\" class=\"accordion-title plain\"><button class=\"toggle\"><i class=\"icon-angle-down\"><\/i><\/button><span>Dla kogo przeznaczony jest olejek Tymianek PLUS?<\/span><\/a><div class=\"accordion-inner\">\nDla wszystkich, kt\u00f3rzy chc\u0105 wspiera\u0107 komfort oddychania w naturalny spos\u00f3b \u2013 zar\u00f3wno doros\u0142ych, jak i rodzin z dzie\u0107mi. Dzi\u0119ki \u0142agodniejszemu aromatowi mieszanka jest odpowiednia tak\u017ce dla os\u00f3b wra\u017cliwych na intensywne zapachy.<br \/>\n<\/div><\/div>\n<div class=\"accordion-item\"><a href=\"#\" class=\"accordion-title plain\"><button class=\"toggle\"><i class=\"icon-angle-down\"><\/i><\/button><span>Jak pachnie Tymianek PLUS?<\/span><\/a><div class=\"accordion-inner\">\nTo ciep\u0142y, zio\u0142owo-\u015bwie\u017cy zapach z lekko \u017cywiczn\u0105 nut\u0105 copaiby. Jest zdecydowanie subtelniejszy ni\u017c tradycyjny tymianek \u2013 zamiast ostrej nuty, wyczuwasz \u015bwie\u017co zerwan\u0105 ga\u0142\u0105zk\u0119 tymianku.<br \/>\n<\/div><\/div>\n<div class=\"accordion-item\"><a href=\"#\" class=\"accordion-title plain\"><button class=\"toggle\"><i class=\"icon-angle-down\"><\/i><\/button><span>Jak mog\u0119 stosowa\u0107 mieszank\u0119 Tymianek PLUS?<\/span><\/a><div class=\"accordion-inner\">\n<ul>\n<li><strong>Do dyfuzora<\/strong>:\u00a0dodaj 15-20 kropli (<strong><a href=\"https:\/\/klaudynahebda.pl\/sklep\/dyfuzor-do-aromaterapii\/\">dyfuzor bezwodny K. HEBDA<\/a><\/strong>) lub kilka kropli (dyfuzor wodny) i uruchom urz\u0105dzenie na 20\u201330 minut. Pami\u0119taj, \u017ceby dyfuzowa\u0107 olejki jedynie w dobrze wentylowanych pomieszczeniach, a po zako\u0144czonej dyfuzji dok\u0142adnie przewietrzy\u0107 pok\u00f3j.<\/li>\n<li><strong>Na po\u015bciel lub pi\u017cam\u0119<\/strong>: Umie\u015b\u0107 1 kropl\u0119 mieszanki na rogu po\u015bcieli lub pi\u017camy\u2013 z dala od twarzy. Przed u\u017cyciem wykonaj pr\u00f3b\u0119 na niewidocznym fragmencie materia\u0142u, by sprawdzi\u0107, czy nie odbarwia tkaniny.<\/li>\n<li><strong>Do masa\u017cu st\u00f3p<\/strong>: Wymieszaj olejek z olejem bazowym* i delikatnie wmasuj w stopy przed snem.<\/li>\n<li><strong>Do masa\u017cu relaksacyjnego<\/strong>: W po\u0142\u0105czeniu z olejem bazowym* mo\u017cesz u\u017cy\u0107 mieszanki do wieczornego masa\u017cu klatki piersiowej, plec\u00f3w lub ramion.<\/li>\n<li><strong>Aromatyczna k\u0105piel<\/strong>: Dodaj kilka kropli* do p\u0142ynu do k\u0105pieli\u202f i dolej do wody.<\/li>\n<\/ul>\n<p data-gtm-vis-has-fired9999833_56=\"1\">*Standardowe st\u0119\u017cenie to 1\u20133% olejku eterycznego w oleju bazowym (np. 3 krople na 10 ml). W przypadku sk\u00f3ry wra\u017cliwej stosuj mniejsze st\u0119\u017cenie \u2013 0,5\u20131%, czyli 1 kropla na 5 ml bazy.<\/p>\n<\/div><\/div>\n<div class=\"accordion-item\"><a href=\"#\" class=\"accordion-title plain\"><button class=\"toggle\"><i class=\"icon-angle-down\"><\/i><\/button><span>Jak przygotowa\u0107 aromatyczn\u0105 k\u0105piel z mieszank\u0105 Tymianek PLUS?<\/span><\/a><div class=\"accordion-inner\">\nDodaj 3 krople mieszanki do \u0142y\u017cki p\u0142ynu do k\u0105pieli lub oleju bazowego (np. jojoba), a nast\u0119pnie wlej do ciep\u0142ej wody. Ciep\u0142o i para pomog\u0105 rozproszy\u0107 zapach i stworzy\u0107 delikatn\u0105, naturaln\u0105 inhalacj\u0119.<br \/>\n<\/div><\/div>\n<div class=\"accordion-item\"><a href=\"#\" class=\"accordion-title plain\"><button class=\"toggle\"><i class=\"icon-angle-down\"><\/i><\/button><span>Jak stosowa\u0107 Tymianek PLUS w dyfuzorze?<\/span><\/a><div class=\"accordion-inner\">\nDodaj 15\u201320 kropli do <strong><a href=\"https:\/\/klaudynahebda.pl\/sklep\/dyfuzor-do-aromaterapii\/\">dyfuzora bezwodny K. HEBDA<\/a><\/strong>\u00a0lub kilka kropli do dyfuzora wodnego. Dyfuzuj przez 20\u201330 minut w dobrze wentylowanym pomieszczeniu. Po zako\u0144czeniu dyfuzji przewietrz pok\u00f3j.<br \/>\n<\/div><\/div>\n<div class=\"accordion-item\"><a href=\"#\" class=\"accordion-title plain\"><button class=\"toggle\"><i class=\"icon-angle-down\"><\/i><\/button><span>Czy Tymianek PLUS mog\u0119 \u0142\u0105czy\u0107 z innymi olejkami?<\/span><\/a><div class=\"accordion-inner\">\nTo olejek, kt\u00f3ry \u015bwietnie komponuje si\u0119 z <strong><a href=\"https:\/\/klaudynahebda.pl\/sklep\/olejek-cytrynowy\/\">cytryn\u0105<\/a><\/strong>, <strong><a href=\"https:\/\/klaudynahebda.pl\/sklep\/olejek-lawendowy-slodki\/\">lawend\u0105<\/a><\/strong>, <strong><a href=\"https:\/\/klaudynahebda.pl\/sklep\/olejek-eukaliptusowy\/\">eukaliptusem<\/a><\/strong> czy <strong><a href=\"https:\/\/klaudynahebda.pl\/sklep\/olejek-pomaranczowy\/\">pomara\u0144cz\u0105<\/a><\/strong>. Mo\u017cesz tworzy\u0107 w\u0142asne mieszanki w dyfuzorze np. 3 \ud83d\udca7 Tymianek PLUS + 9 \ud83d\udca7 <a href=\"https:\/\/klaudynahebda.pl\/sklep\/olejek-pomaranczowy\/\"><strong>pomara\u0144czy<\/strong><\/a>\u00a0+ 9 \ud83d\udca7 <strong><a href=\"https:\/\/klaudynahebda.pl\/sklep\/olejek-lawendowy-slodki\/\">lawendy<\/a><\/strong>.<br \/>\n<\/div><\/div>\n<div class=\"accordion-item\"><a href=\"#\" class=\"accordion-title plain\"><button class=\"toggle\"><i class=\"icon-angle-down\"><\/i><\/button><span>Jakie w\u0142a\u015bciwo\u015bci ma Tymianek PLUS?<\/span><\/a><div class=\"accordion-inner\">\nMieszanka wspiera naturalny proces oddychania, dzia\u0142a od\u015bwie\u017caj\u0105co i harmonizuj\u0105co. W aromaterapii tymianek jest ceniony za swoje w\u0142a\u015bciwo\u015bci wspieraj\u0105ce odporno\u015b\u0107 i klarowno\u015b\u0107 oddechu, a copaiba \u0142agodzi i balansuje jego dzia\u0142anie.<br \/>\n<\/div><\/div>\n<div class=\"accordion-item\"><a href=\"#\" class=\"accordion-title plain\"><button class=\"toggle\"><i class=\"icon-angle-down\"><\/i><\/button><span>Czy mog\u0119 stosowa\u0107 Tymianek PLUS codziennie?<\/span><\/a><div class=\"accordion-inner\">\nTak \u2013 to bezpieczna mieszanka do regularnego stosowania, zw\u0142aszcza w sezonie jesienno-zimowym. Pami\u0119taj jednak, \u017ce w aromaterapii mniej znaczy wi\u0119cej \u2013 wystarczy kilka kr\u00f3tkich sesji dziennie.<br \/>\n<\/div><\/div>\n<div class=\"accordion-item\"><a href=\"#\" class=\"accordion-title plain\"><button class=\"toggle\"><i class=\"icon-angle-down\"><\/i><\/button><span>Jak prawid\u0142owo przechowywa\u0107 Tymianek PLUS?<\/span><\/a><div class=\"accordion-inner\">\nTrzymaj buteleczk\u0119 szczelnie zamkni\u0119t\u0105, z dala od \u015bwiat\u0142a, ciep\u0142a i wilgoci \u2013 najlepiej w szufladzie lub szafce. Nie ma potrzeby przechowywania olejk\u00f3w w lod\u00f3wce.<br \/>\n<\/div><\/div>\n<div class=\"accordion-item\"><a href=\"#\" class=\"accordion-title plain\"><button class=\"toggle\"><i class=\"icon-angle-down\"><\/i><\/button><span>Czy Tymianek PLUS mo\u017cna stosowa\u0107 w obecno\u015bci zwierz\u0105t?<\/span><\/a><div class=\"accordion-inner\">\nZawsze dyfuzuj olejki w dobrze wentylowanym pomieszczeniu, z kt\u00f3rego zwierz\u0119 mo\u017ce wyj\u015b\u0107. Obserwuj reakcj\u0119 pupila i zaczynaj od kr\u00f3tkich sesji dyfuzji.<br \/>\n<\/div><\/div>\n\t<div id=\"gap-1144906395\" class=\"gap-element clearfix\" style=\"display:block; height:auto;\">\n\t\t\n<style>\n#gap-1144906395 {\n  padding-top: 20px;\n}\n<\/style>\n\t<\/div>\n\t\n\t\t<\/div>\n\t\t\t\t\t<\/div>\n\n\t\n<style>\n#row-1079808497 > .col > .col-inner {\n  padding: 35px 0 20px 0;\n}\n<\/style>\n<\/div>\n<p>&nbsp;<\/p>\n","protected":false},"excerpt":{"rendered":"<p><em><strong>TEN SAM tymianek. WZMOCNIONA formu\u0142a. Dla ca\u0142ej rodziny.<\/strong><\/em><\/p>\n<h2><strong>Olejek Tymianek PLUS to:\u00a0<\/strong><\/h2>\n<ul>\n<li>uwielbiany przez Was <strong>olejek tymiankowy wzmocniony<\/strong> olejkiem copaiba i ekstraktem CO\u2082,<\/li>\n<li><strong>pe\u0142na skuteczno\u015b\u0107 tymianku<\/strong> w bezpiecznej formie &#8211; tradycyjnie stosowany w inhalacjach zapachowych,<\/li>\n<li>po\u0142\u0105czenie tradycji z nowoczesno\u015bci\u0105 \u2013 <strong>dzi\u0119ki ekstrakcji CO\u2082 wydobyli\u015bmy z tymianku jeszcze wi\u0119cej mocy<\/strong>,<\/li>\n<li>mieszanka do dyfuzji, masa\u017cu i k\u0105pieli stworzona przez <strong>aromaterapeutk\u0119 kliniczn\u0105<\/strong>,<\/li>\n<li><strong>g\u0142\u0119bszy, pe\u0142niejszy i bardziej z\u0142o\u017cony aromat<\/strong> \u2013 przyjazny dla dzieci i os\u00f3b wra\u017cliwych,<\/li>\n<li>zapach, kt\u00f3ry jest\u00a0naturalnym\u00a0<strong>wsparciem\u00a0komfortu oddechowego<\/strong> w sezonie jesienno-zimowym.<\/li>\n<\/ul>\n<p>\ud83d\udc49 Wolisz klasyczny, tradycyjny<a href=\"https:\/\/klaudynahebda.pl\/sklep\/olejek-tymiankowy\/\"> 100% olejek tymiankowy? Znajdziesz go TU.\u00a0<\/a><\/p>\n","protected":false},"featured_media":3404758,"comment_status":"open","ping_status":"closed","template":"","meta":[],"product_cat":[245,117,126,36,39,96,190,80],"product_tag":[],"acf":[],"yoast_head":"<!-- This site is optimized with the Yoast SEO plugin v19.6.1 - https:\/\/yoast.com\/wordpress\/plugins\/seo\/ -->\n<title>Olejek Tymianek PLUS - Klaudyna Hebda Nature<\/title>\n<meta name=\"description\" content=\"Skuteczno\u015b\u0107 tymianku w \u0142agodnej formie. Poznaj Tymianek PLUS - olejek tymiankowy wzbogacony ekstraktem CO\u2082 oraz olejkiem copaiba, i doce\u0144 moc natury.\" \/>\n<meta name=\"robots\" content=\"index, follow, max-snippet:-1, max-image-preview:large, max-video-preview:-1\" \/>\n<link rel=\"canonical\" href=\"https:\/\/klaudynahebda.pl\/sklep\/olejek-tymianek-plus\/\" \/>\n<meta property=\"og:locale\" content=\"pl_PL\" \/>\n<meta property=\"og:type\" content=\"article\" \/>\n<meta property=\"og:title\" content=\"Olejek Tymianek PLUS - Klaudyna Hebda Nature\" \/>\n<meta property=\"og:description\" content=\"Skuteczno\u015b\u0107 tymianku w \u0142agodnej formie. Poznaj Tymianek PLUS - olejek tymiankowy wzbogacony ekstraktem CO\u2082 oraz olejkiem copaiba, i doce\u0144 moc natury.\" \/>\n<meta property=\"og:url\" content=\"https:\/\/klaudynahebda.pl\/sklep\/olejek-tymianek-plus\/\" \/>\n<meta property=\"og:site_name\" content=\"Klaudyna Hebda Nature\" \/>\n<meta property=\"article:modified_time\" content=\"2026-04-07T06:49:28+00:00\" \/>\n<meta property=\"og:image\" content=\"https:\/\/klaudynahebda.pl\/sklep\/wp-content\/uploads\/2025\/07\/tymianek-plus-mieszanka-olejkow-eterycznych-k-hebda.jpg.png\" \/>\n\t<meta property=\"og:image:width\" content=\"844\" \/>\n\t<meta property=\"og:image:height\" content=\"1152\" \/>\n\t<meta property=\"og:image:type\" content=\"image\/png\" \/>\n<meta name=\"twitter:card\" content=\"summary_large_image\" \/>\n<meta name=\"twitter:label1\" content=\"Szacowany czas czytania\" \/>\n\t<meta name=\"twitter:data1\" content=\"8 minut\" \/>\n<script type=\"application\/ld+json\" class=\"yoast-schema-graph\">{\"@context\":\"https:\/\/schema.org\",\"@graph\":[{\"@type\":\"WebPage\",\"@id\":\"https:\/\/klaudynahebda.pl\/sklep\/olejek-tymianek-plus\/\",\"url\":\"https:\/\/klaudynahebda.pl\/sklep\/olejek-tymianek-plus\/\",\"name\":\"Olejek Tymianek PLUS - Klaudyna Hebda Nature\",\"isPartOf\":{\"@id\":\"https:\/\/klaudynahebda.pl\/sklep\/#website\"},\"datePublished\":\"2025-11-10T13:59:18+00:00\",\"dateModified\":\"2026-04-07T06:49:28+00:00\",\"description\":\"Skuteczno\u015b\u0107 tymianku w \u0142agodnej formie. Poznaj Tymianek PLUS - olejek tymiankowy wzbogacony ekstraktem CO\u2082 oraz olejkiem copaiba, i doce\u0144 moc natury.\",\"breadcrumb\":{\"@id\":\"https:\/\/klaudynahebda.pl\/sklep\/olejek-tymianek-plus\/#breadcrumb\"},\"inLanguage\":\"pl-PL\",\"potentialAction\":[{\"@type\":\"ReadAction\",\"target\":[\"https:\/\/klaudynahebda.pl\/sklep\/olejek-tymianek-plus\/\"]}]},{\"@type\":\"BreadcrumbList\",\"@id\":\"https:\/\/klaudynahebda.pl\/sklep\/olejek-tymianek-plus\/#breadcrumb\",\"itemListElement\":[{\"@type\":\"ListItem\",\"position\":1,\"name\":\"Strona g\u0142\u00f3wna\",\"item\":\"https:\/\/klaudynahebda.pl\/sklep\/\"},{\"@type\":\"ListItem\",\"position\":2,\"name\":\"Sklep\",\"item\":\"https:\/\/klaudynahebda.pl\/sklep\/sklep\/\"},{\"@type\":\"ListItem\",\"position\":3,\"name\":\"Olejki eteryczne\",\"item\":\"https:\/\/klaudynahebda.pl\/sklep\/olejki-eteryczne\/\"},{\"@type\":\"ListItem\",\"position\":4,\"name\":\"Olejek Tymianek PLUS\"}]},{\"@type\":\"WebSite\",\"@id\":\"https:\/\/klaudynahebda.pl\/sklep\/#website\",\"url\":\"https:\/\/klaudynahebda.pl\/sklep\/\",\"name\":\"Klaudyna Hebda Nature\",\"description\":\"Sklep\",\"publisher\":{\"@id\":\"https:\/\/klaudynahebda.pl\/sklep\/#organization\"},\"potentialAction\":[{\"@type\":\"SearchAction\",\"target\":{\"@type\":\"EntryPoint\",\"urlTemplate\":\"https:\/\/klaudynahebda.pl\/sklep\/?s={search_term_string}\"},\"query-input\":\"required name=search_term_string\"}],\"inLanguage\":\"pl-PL\"},{\"@type\":\"Organization\",\"@id\":\"https:\/\/klaudynahebda.pl\/sklep\/#organization\",\"name\":\"KlaudynaHebda\",\"url\":\"https:\/\/klaudynahebda.pl\/sklep\/\",\"sameAs\":[],\"logo\":{\"@type\":\"ImageObject\",\"inLanguage\":\"pl-PL\",\"@id\":\"https:\/\/klaudynahebda.pl\/sklep\/#\/schema\/logo\/image\/\",\"url\":\"\",\"contentUrl\":\"\",\"caption\":\"KlaudynaHebda\"},\"image\":{\"@id\":\"https:\/\/klaudynahebda.pl\/sklep\/#\/schema\/logo\/image\/\"}}]}<\/script>\n<!-- \/ Yoast SEO plugin. -->","yoast_head_json":{"title":"Olejek Tymianek PLUS - Klaudyna Hebda Nature","description":"Skuteczno\u015b\u0107 tymianku w \u0142agodnej formie. Poznaj Tymianek PLUS - olejek tymiankowy wzbogacony ekstraktem CO\u2082 oraz olejkiem copaiba, i doce\u0144 moc natury.","robots":{"index":"index","follow":"follow","max-snippet":"max-snippet:-1","max-image-preview":"max-image-preview:large","max-video-preview":"max-video-preview:-1"},"canonical":"https:\/\/klaudynahebda.pl\/sklep\/olejek-tymianek-plus\/","og_locale":"pl_PL","og_type":"article","og_title":"Olejek Tymianek PLUS - Klaudyna Hebda Nature","og_description":"Skuteczno\u015b\u0107 tymianku w \u0142agodnej formie. Poznaj Tymianek PLUS - olejek tymiankowy wzbogacony ekstraktem CO\u2082 oraz olejkiem copaiba, i doce\u0144 moc natury.","og_url":"https:\/\/klaudynahebda.pl\/sklep\/olejek-tymianek-plus\/","og_site_name":"Klaudyna Hebda Nature","article_modified_time":"2026-04-07T06:49:28+00:00","og_image":[{"width":844,"height":1152,"url":"https:\/\/klaudynahebda.pl\/sklep\/wp-content\/uploads\/2025\/07\/tymianek-plus-mieszanka-olejkow-eterycznych-k-hebda.jpg.png","type":"image\/png"}],"twitter_card":"summary_large_image","twitter_misc":{"Szacowany czas czytania":"8 minut"},"schema":{"@context":"https:\/\/schema.org","@graph":[{"@type":"WebPage","@id":"https:\/\/klaudynahebda.pl\/sklep\/olejek-tymianek-plus\/","url":"https:\/\/klaudynahebda.pl\/sklep\/olejek-tymianek-plus\/","name":"Olejek Tymianek PLUS - Klaudyna Hebda Nature","isPartOf":{"@id":"https:\/\/klaudynahebda.pl\/sklep\/#website"},"datePublished":"2025-11-10T13:59:18+00:00","dateModified":"2026-04-07T06:49:28+00:00","description":"Skuteczno\u015b\u0107 tymianku w \u0142agodnej formie. Poznaj Tymianek PLUS - olejek tymiankowy wzbogacony ekstraktem CO\u2082 oraz olejkiem copaiba, i doce\u0144 moc natury.","breadcrumb":{"@id":"https:\/\/klaudynahebda.pl\/sklep\/olejek-tymianek-plus\/#breadcrumb"},"inLanguage":"pl-PL","potentialAction":[{"@type":"ReadAction","target":["https:\/\/klaudynahebda.pl\/sklep\/olejek-tymianek-plus\/"]}]},{"@type":"BreadcrumbList","@id":"https:\/\/klaudynahebda.pl\/sklep\/olejek-tymianek-plus\/#breadcrumb","itemListElement":[{"@type":"ListItem","position":1,"name":"Strona g\u0142\u00f3wna","item":"https:\/\/klaudynahebda.pl\/sklep\/"},{"@type":"ListItem","position":2,"name":"Sklep","item":"https:\/\/klaudynahebda.pl\/sklep\/sklep\/"},{"@type":"ListItem","position":3,"name":"Olejki eteryczne","item":"https:\/\/klaudynahebda.pl\/sklep\/olejki-eteryczne\/"},{"@type":"ListItem","position":4,"name":"Olejek Tymianek PLUS"}]},{"@type":"WebSite","@id":"https:\/\/klaudynahebda.pl\/sklep\/#website","url":"https:\/\/klaudynahebda.pl\/sklep\/","name":"Klaudyna Hebda Nature","description":"Sklep","publisher":{"@id":"https:\/\/klaudynahebda.pl\/sklep\/#organization"},"potentialAction":[{"@type":"SearchAction","target":{"@type":"EntryPoint","urlTemplate":"https:\/\/klaudynahebda.pl\/sklep\/?s={search_term_string}"},"query-input":"required name=search_term_string"}],"inLanguage":"pl-PL"},{"@type":"Organization","@id":"https:\/\/klaudynahebda.pl\/sklep\/#organization","name":"KlaudynaHebda","url":"https:\/\/klaudynahebda.pl\/sklep\/","sameAs":[],"logo":{"@type":"ImageObject","inLanguage":"pl-PL","@id":"https:\/\/klaudynahebda.pl\/sklep\/#\/schema\/logo\/image\/","url":"","contentUrl":"","caption":"KlaudynaHebda"},"image":{"@id":"https:\/\/klaudynahebda.pl\/sklep\/#\/schema\/logo\/image\/"}}]}},"_links":{"self":[{"href":"https:\/\/klaudynahebda.pl\/sklep\/wp-json\/wp\/v2\/product\/3326865"}],"collection":[{"href":"https:\/\/klaudynahebda.pl\/sklep\/wp-json\/wp\/v2\/product"}],"about":[{"href":"https:\/\/klaudynahebda.pl\/sklep\/wp-json\/wp\/v2\/types\/product"}],"replies":[{"embeddable":true,"href":"https:\/\/klaudynahebda.pl\/sklep\/wp-json\/wp\/v2\/comments?post=3326865"}],"wp:featuredmedia":[{"embeddable":true,"href":"https:\/\/klaudynahebda.pl\/sklep\/wp-json\/wp\/v2\/media\/3404758"}],"wp:attachment":[{"href":"https:\/\/klaudynahebda.pl\/sklep\/wp-json\/wp\/v2\/media?parent=3326865"}],"wp:term":[{"taxonomy":"product_cat","embeddable":true,"href":"https:\/\/klaudynahebda.pl\/sklep\/wp-json\/wp\/v2\/product_cat?post=3326865"},{"taxonomy":"product_tag","embeddable":true,"href":"https:\/\/klaudynahebda.pl\/sklep\/wp-json\/wp\/v2\/product_tag?post=3326865"}],"curies":[{"name":"wp","href":"https:\/\/api.w.org\/{rel}","templated":true}]}}