{"id":3306480,"date":"2025-11-03T16:11:47","date_gmt":"2025-11-03T15:11:47","guid":{"rendered":"https:\/\/klaudynahebda.pl\/sklep\/?post_type=product&#038;p=3306480"},"modified":"2026-04-16T12:21:19","modified_gmt":"2026-04-16T10:21:19","slug":"roll-on-rumianek-plus","status":"publish","type":"product","link":"https:\/\/klaudynahebda.pl\/sklep\/roll-on-rumianek-plus\/","title":{"rendered":"Roll-on rumianek PLUS"},"content":{"rendered":"<h2><strong>Jak dzia\u0142a roll-on z olejkiem rumiankowym? <\/strong><\/h2>\n<p>\u27951. Dba i piel\u0119gnuje delikatn\u0105 sk\u00f3r\u0119 najm\u0142odszych.<br \/>\n\u27952. Jego delikatny, s\u0142odkawy zapach pomaga stworzy\u0107 atmosfer\u0119 spokoju, by m\u00f3c si\u0119 rozlu\u017ani\u0107 i zrelaksowa\u0107.<\/p>\n<p><strong>To musisz wiedzie\u0107! Nic sztucznego, nic zb\u0119dnego<\/strong><\/p>\n<p>Zdecydowali\u015bmy si\u0119 na minimalistyczny sk\u0142ad i \u0142agodny aromat. Wiemy, \u017ce ma\u0142y organizm i jego zmys\u0142y odbieraj\u0105 bod\u017ace inaczej ni\u017c doro\u015bli, dlatego zdecydowanie odrzucili\u015bmy zasad\u0119 \u201cim wi\u0119cej, tym lepiej\u201d. Zapach Rumianku PLUS Kids jest naturalny i pochodzi z olejku eterycznego, a przede wszystkim jego intensywno\u015b\u0107 zosta\u0142a precyzyjnie wywa\u017cona i dobrana przez aromaterapeutk\u0119 kliniczn\u0105. Nie za du\u017co, nie za ma\u0142o. Po prostu tyle, ile trzeba, by zadzia\u0142a\u0107, ale nie obci\u0105\u017cy\u0107 malucha.<\/p>\n<h2><strong>Co znajdziesz w roll-onie Rumianek PLUS Kids? <\/strong><\/h2>\n<ul>\n<li><strong>Olej jojoba<\/strong> \u2013 delikatnie piel\u0119gnuje sk\u00f3r\u0119 dziecka<\/li>\n<li><strong>Olejek eteryczny z rumianku rzymskiego<\/strong> \u2013 znany ze swojego \u0142agodnego, koj\u0105cego zapachu<\/li>\n<li><strong>Witamina E<\/strong> \u2013 chroni i wspiera sk\u00f3r\u0119<\/li>\n<\/ul>\n<p><strong>Rumianek PLUS Kids to n<\/strong>aturalna odpowied\u017a na rozdra\u017cnienie maluszka w trudnych chwilach.<\/p>\n<h2><strong>Kiedy si\u0119gn\u0105\u0107 po roll-on Rumianek PLUS Kids?<\/strong><\/h2>\n<p>Si\u0119gnij po ten roll-on, kiedy:<\/p>\n<ul>\n<li>potrzebujesz precyzyjnego impulsu dopasowanego do ma\u0142ego organizmu dziecka, jego uk\u0142adu nerwowego i wra\u017cliwo\u015bci sensorycznej<\/li>\n<li>zbli\u017ca si\u0119 pora drzemki, a Ty widzisz, \u017ce &#8220;lekkko nie b\u0119dzie&#8221;<\/li>\n<li>chcesz wprowadzi\u0107 spokojn\u0105 atmosfer\u0119 podczas codziennej piel\u0119gnacji maluszka,<\/li>\n<li>dziecko potrzebuje dodatkowej blisko\u015bci i ukojenia,<\/li>\n<li>dzie\u0144 by\u0142 pe\u0142en wra\u017ce\u0144 i chcesz pom\u00f3c wyciszy\u0107 ma\u0142e emocje,<\/li>\n<li>pragniesz stworzy\u0107 delikatny rytua\u0142 wspieraj\u0105cy poczucie bezpiecze\u0144stwa i czu\u0142o\u015bci,<\/li>\n<li>chcesz mie\u0107 moment na odrobin\u0119 rodzinnego relaksu i przytulenia, np. przed odpoczynkiem.<\/li>\n<\/ul>\n<h3><strong>Seria PLUS. Precyzyjny bodziec sensoryczny w odpowiedniej dawce<\/strong><\/h3>\n<p>Seria PLUS to roll-ony, kt\u00f3re powsta\u0142y z my\u015bl\u0105 o konkretnych chwilach i potrzebach. To <strong>zapach w odpowiedniej dawce<\/strong> dobranej przez aromaterapeutk\u0119 kliniczn\u0105.<strong> PLUS dzia\u0142a jak precyzyjny bodziec sensoryczny, kt\u00f3ry wspiera Ci\u0119 w konkretnym momencie dnia. <\/strong>To seria stworzona z my\u015bl\u0105 o chwilach, gdy wystarczy impuls. Bez przeci\u0105\u017cenia i nadmiaru. Jak czysty d\u017awi\u0119k zamiast kakofonii.\u00a0Proste, prawda? I o to chodzi.<\/p>\n<p>Zapach PLUSa pojawia si\u0119, spe\u0142nia swoj\u0105 rol\u0119 i znika. Mo\u017cesz wr\u00f3ci\u0107 do niego wtedy, kiedy zn\u00f3w go potrzebujesz.Nie wi\u0119cej. Nie mniej. Wystarczaj\u0105co.<\/p>\n<p>\u2795 Poznaj te\u017c inne roll-ony z olejkami eterycznymi z serii <strong>PLUS:<\/strong><\/p>\n<ul>\n<li><strong data-start=\"271\" data-end=\"297\">\u00a0<a href=\"https:\/\/klaudynahebda.pl\/sklep\/roll-on-melisa-plus\">Roll-on Melisa PLUS<\/a><\/strong><br data-start=\"297\" data-end=\"300\" \/>Jego zapach pomaga wyciszy\u0107 emocje i odzyska\u0107 r\u00f3wnowag\u0119 w ci\u0105gu dnia. Idealny towarzysz pracy, podr\u00f3\u017cy i wieczornego odpoczynku.<\/li>\n<li><strong style=\"color: #555555;\" data-start=\"463\" data-end=\"488\"><a href=\"https:\/\/klaudynahebda.pl\/sklep\/roll-on-mieta-plus\/ \u200e\">Roll-on Mi\u0119ta PLUS<\/a><br \/>\n<\/strong>Zjazd po obiedzie? Zamiast kolejnej kawy \u2013 ch\u0142odny, orze\u017awiaj\u0105cy zapach mi\u0119ty pieprzowej, kt\u00f3ry dodaje energii, wspiera koncentracj\u0119 i przynosi ulg\u0119 zm\u0119czeniu.<\/li>\n<li><strong style=\"color: #555555;\" data-start=\"627\" data-end=\"656\"><a href=\"https:\/\/klaudynahebda.pl\/sklep\/roll-on-majeranek-plus\">Roll-on Majeranek PLUS<\/a><br \/>\n<\/strong>Zio\u0142owy zapach pomaga w wyciszeniu i naturalnym wsparciu komfortu oddychania.<\/li>\n<li><strong style=\"color: #555555;\" data-start=\"788\" data-end=\"815\"><a href=\"https:\/\/klaudynahebda.pl\/sklep\/roll-on-oregano-plus\/\">Roll-on Oregano PLUS<\/a><br \/>\n<\/strong>Intensywny, zio\u0142owy aromat oregano po\u0142\u0105czony z \u0142agodn\u0105 copaib\u0105 wspiera w ch\u0142odniejsze dni i daje poczucie czysto\u015bci.<\/li>\n<\/ul>\n<div class=\"row row-collapse align-middle\"  id=\"row-756097260\">\n\t<div id=\"col-1472280885\" class=\"col small-10 large-12\"  >\n\t\t\t\t<div class=\"col-inner\"  >\n\t\t\t\n\t\t\t\n<h3 class=\"accordion_title\">Najcz\u0119\u015bciej zadawane pytania \u2014 Roll-on Rumianek PLUS Kids<\/h3><div class=\"accordion\" rel=\"1\"><\/div>\n<div class=\"accordion-item\"><a href=\"#\" class=\"accordion-title plain\"><button class=\"toggle\"><i class=\"icon-angle-down\"><\/i><\/button><span>Dla kogo jest Roll-on Rumianek PLUS Kids?<\/span><\/a><div class=\"accordion-inner\">\nDla najm\u0142odszych powy\u017cej 6. miesi\u0105ca \u017cycia. To \u0142agodna, naturalna formu\u0142a dla dzieci i ich rodzic\u00f3w.<br \/>\n<\/div><\/div>\n<div class=\"accordion-item\"><a href=\"#\" class=\"accordion-title plain\"><button class=\"toggle\"><i class=\"icon-angle-down\"><\/i><\/button><span>Jak stosowa\u0107 Roll-on Rumianek PLUS Kids?<\/span><\/a><div class=\"accordion-inner\">\nNak\u0142adaj miejscowo: na kark, klatk\u0119 piersiow\u0105 lub st\u00f3pki. Olej jojoba i witamina E piel\u0119gnuj\u0105, a zapach rumianku rzymskiego wspiera wyciszenie.<br \/>\n<\/div><\/div>\n<div class=\"accordion-item\"><a href=\"#\" class=\"accordion-title plain\"><button class=\"toggle\"><i class=\"icon-angle-down\"><\/i><\/button><span>Czy mo\u017cna u\u017cywa\u0107 go kilka razy w ci\u0105gu dnia?<\/span><\/a><div class=\"accordion-inner\">\nTak \u2013 to produkt do cz\u0119stego, delikatnego stosowania w ci\u0105gu dnia i przed snem.<br \/>\n<\/div><\/div>\n<div class=\"accordion-item\"><a href=\"#\" class=\"accordion-title plain\"><button class=\"toggle\"><i class=\"icon-angle-down\"><\/i><\/button><span>Czy Roll-on Rumianek PLUS Kids nadaje si\u0119 do sk\u00f3ry wra\u017cliwej?<\/span><\/a><div class=\"accordion-inner\">\nTak, jego formu\u0142a jest wyj\u0105tkowo delikatna. Przed pierwszym u\u017cyciem wykonaj pr\u00f3b\u0119 na ma\u0142ym fragmencie sk\u00f3ry.<br \/>\n<\/div><\/div>\n<div class=\"accordion-item\"><a href=\"#\" class=\"accordion-title plain\"><button class=\"toggle\"><i class=\"icon-angle-down\"><\/i><\/button><span>Jak pachnie Roll-on Rumianek PLUS Kids?<\/span><\/a><div class=\"accordion-inner\">\nZapach rumianku rzymskiego jest \u0142agodny, odrobin\u0119 s\u0142odki i przyjemny \u2013 odpowiedni dla najm\u0142odszych.<br \/>\n<\/div><\/div>\n<div class=\"accordion-item\"><a href=\"#\" class=\"accordion-title plain\"><button class=\"toggle\"><i class=\"icon-angle-down\"><\/i><\/button><span>Jaki sk\u0142ad ma Roll-on Rumianek PLUS Kids?<\/span><\/a><div class=\"accordion-inner\">\nBardzo prosty: olej jojoba, olejek eteryczny z rumianku rzymskiego, witamina E.<br \/>\n<\/div><\/div>\n\t\t<\/div>\n\t\t\t\t\t<\/div>\n\n\t\n<style>\n#row-756097260 > .col > .col-inner {\n  padding: 35px 0 20px 0;\n}\n<\/style>\n<\/div>\n","protected":false},"excerpt":{"rendered":"<h2><strong>Roll-on dla dzieci Rumianek PLUS Kids to:<\/strong><\/h2>\n<ul>\n<li>formu\u0142a z prostym sk\u0142adem opracowana z my\u015bl\u0105 o najm\u0142odszych &#8211; bezpieczna dla dzieci i niemowl\u0105t ju\u017c powy\u017cej 6. miesi\u0105ca \u017cycia<\/li>\n<li><strong>idealnie skalibrowana dawka<\/strong> olejku przez aromaterapeutk\u0119 kliniczn\u0105 &#8211; jak konkretny, czysty d\u017awi\u0119k, a nie kakofonia<\/li>\n<li>aromat \u0142agodny jak baranek, kt\u00f3ry<strong> dzia\u0142a, ale nie przyt\u0142acza<\/strong> &#8211; z dedykacj\u0105 dla delikatnych nosk\u00f3w<\/li>\n<li>aromatyczne, rumiankowe utulenie i wsparcie najm\u0142odszych<\/li>\n<li>zio\u0142owa nuta spokoju, ulgi i ukojenia \u2013 bo wiemy, \u017ce odpoczynek maluszka ma ogromne znaczenie;<\/li>\n<li>Twoja odpowied\u017a na ma\u0142e emocje, bez wzgl\u0119du na to, czy zaskocz\u0105 Ci\u0119 w domu, czy na spacerze \u2013 roll-on zmie\u015bci si\u0119 w ka\u017cdej torbie i dzieci\u0119cym w\u00f3zku;<\/li>\n<li>ma\u0142y rytua\u0142, kt\u00f3ry buduje Twoj\u0105 wi\u0119\u017a z dzieckiem tu i teraz \u2013 <strong>na wiecz\u00f3r, czas na drzemk\u0119<\/strong> albo kiedykolwiek poczujesz tak\u0105 potrzeb\u0119.<\/li>\n<\/ul>\n<h3><strong style=\"color: #555555;\">Kiedy ma\u0142e emocje m\u0119cz\u0105 bardziej ni\u017c rosn\u0105ce mleczaki&#8230;<\/strong><\/h3>\n<p><strong>Rumianek PLUS Kids to nie magiczna r\u00f3\u017cd\u017cka (cho\u0107 na pewno by si\u0119 przyda\u0142a niejednemu rodzicowi). To sensoryczny implus przed snem, drzemk\u0105 czy odpoczynkiem. Niczym ostatni przystanek na trasie do s\u0142odkiego snu i \u0142\u00f3\u017ceczka \ud83d\ude09<\/strong><\/p>\n","protected":false},"featured_media":3402134,"comment_status":"open","ping_status":"closed","template":"","meta":[],"product_cat":[245,117,134,118],"product_tag":[],"acf":[],"yoast_head":"<!-- This site is optimized with the Yoast SEO plugin v19.6.1 - https:\/\/yoast.com\/wordpress\/plugins\/seo\/ -->\n<title>Roll-on rumianek PLUS - Klaudyna Hebda Nature<\/title>\n<meta name=\"description\" content=\"Roll-on Rumianek PLUS Kids dla dzieci powy\u017cej 6. miesi\u0105ca to sensoryczny impuls w odpowiedniej dawce. Czas na spokojne hamowanie przed stacj\u0105 &quot;s\u0142odki sen i \u0142\u00f3\u017ceczko&quot;.\" \/>\n<meta name=\"robots\" content=\"index, follow, max-snippet:-1, max-image-preview:large, max-video-preview:-1\" \/>\n<link rel=\"canonical\" href=\"https:\/\/klaudynahebda.pl\/sklep\/roll-on-rumianek-plus\/\" \/>\n<meta property=\"og:locale\" content=\"pl_PL\" \/>\n<meta property=\"og:type\" content=\"article\" \/>\n<meta property=\"og:title\" content=\"Roll-on rumianek PLUS - Klaudyna Hebda Nature\" \/>\n<meta property=\"og:description\" content=\"Roll-on Rumianek PLUS Kids dla dzieci powy\u017cej 6. miesi\u0105ca to sensoryczny impuls w odpowiedniej dawce. Czas na spokojne hamowanie przed stacj\u0105 &quot;s\u0142odki sen i \u0142\u00f3\u017ceczko&quot;.\" \/>\n<meta property=\"og:url\" content=\"https:\/\/klaudynahebda.pl\/sklep\/roll-on-rumianek-plus\/\" \/>\n<meta property=\"og:site_name\" content=\"Klaudyna Hebda Nature\" \/>\n<meta property=\"article:modified_time\" content=\"2026-04-16T10:21:19+00:00\" \/>\n<meta property=\"og:image\" content=\"https:\/\/klaudynahebda.pl\/sklep\/wp-content\/uploads\/2025\/06\/roll-on-rumianek-plus-kids-k-hebda-packshot.jpg.png\" \/>\n\t<meta property=\"og:image:width\" content=\"844\" \/>\n\t<meta property=\"og:image:height\" content=\"1152\" \/>\n\t<meta property=\"og:image:type\" content=\"image\/png\" \/>\n<meta name=\"twitter:card\" content=\"summary_large_image\" \/>\n<meta name=\"twitter:label1\" content=\"Szacowany czas czytania\" \/>\n\t<meta name=\"twitter:data1\" content=\"4 minuty\" \/>\n<script type=\"application\/ld+json\" class=\"yoast-schema-graph\">{\"@context\":\"https:\/\/schema.org\",\"@graph\":[{\"@type\":\"WebPage\",\"@id\":\"https:\/\/klaudynahebda.pl\/sklep\/roll-on-rumianek-plus\/\",\"url\":\"https:\/\/klaudynahebda.pl\/sklep\/roll-on-rumianek-plus\/\",\"name\":\"Roll-on rumianek PLUS - Klaudyna Hebda Nature\",\"isPartOf\":{\"@id\":\"https:\/\/klaudynahebda.pl\/sklep\/#website\"},\"datePublished\":\"2025-11-03T15:11:47+00:00\",\"dateModified\":\"2026-04-16T10:21:19+00:00\",\"description\":\"Roll-on Rumianek PLUS Kids dla dzieci powy\u017cej 6. miesi\u0105ca to sensoryczny impuls w odpowiedniej dawce. Czas na spokojne hamowanie przed stacj\u0105 \\\"s\u0142odki sen i \u0142\u00f3\u017ceczko\\\".\",\"breadcrumb\":{\"@id\":\"https:\/\/klaudynahebda.pl\/sklep\/roll-on-rumianek-plus\/#breadcrumb\"},\"inLanguage\":\"pl-PL\",\"potentialAction\":[{\"@type\":\"ReadAction\",\"target\":[\"https:\/\/klaudynahebda.pl\/sklep\/roll-on-rumianek-plus\/\"]}]},{\"@type\":\"BreadcrumbList\",\"@id\":\"https:\/\/klaudynahebda.pl\/sklep\/roll-on-rumianek-plus\/#breadcrumb\",\"itemListElement\":[{\"@type\":\"ListItem\",\"position\":1,\"name\":\"Strona g\u0142\u00f3wna\",\"item\":\"https:\/\/klaudynahebda.pl\/sklep\/\"},{\"@type\":\"ListItem\",\"position\":2,\"name\":\"Sklep\",\"item\":\"https:\/\/klaudynahebda.pl\/sklep\/sklep\/\"},{\"@type\":\"ListItem\",\"position\":3,\"name\":\"Seria PLUS\",\"item\":\"https:\/\/klaudynahebda.pl\/sklep\/seria-plus\/\"},{\"@type\":\"ListItem\",\"position\":4,\"name\":\"Roll-on rumianek PLUS\"}]},{\"@type\":\"WebSite\",\"@id\":\"https:\/\/klaudynahebda.pl\/sklep\/#website\",\"url\":\"https:\/\/klaudynahebda.pl\/sklep\/\",\"name\":\"Klaudyna Hebda Nature\",\"description\":\"Sklep\",\"publisher\":{\"@id\":\"https:\/\/klaudynahebda.pl\/sklep\/#organization\"},\"potentialAction\":[{\"@type\":\"SearchAction\",\"target\":{\"@type\":\"EntryPoint\",\"urlTemplate\":\"https:\/\/klaudynahebda.pl\/sklep\/?s={search_term_string}\"},\"query-input\":\"required name=search_term_string\"}],\"inLanguage\":\"pl-PL\"},{\"@type\":\"Organization\",\"@id\":\"https:\/\/klaudynahebda.pl\/sklep\/#organization\",\"name\":\"KlaudynaHebda\",\"url\":\"https:\/\/klaudynahebda.pl\/sklep\/\",\"sameAs\":[],\"logo\":{\"@type\":\"ImageObject\",\"inLanguage\":\"pl-PL\",\"@id\":\"https:\/\/klaudynahebda.pl\/sklep\/#\/schema\/logo\/image\/\",\"url\":\"\",\"contentUrl\":\"\",\"caption\":\"KlaudynaHebda\"},\"image\":{\"@id\":\"https:\/\/klaudynahebda.pl\/sklep\/#\/schema\/logo\/image\/\"}}]}<\/script>\n<!-- \/ Yoast SEO plugin. -->","yoast_head_json":{"title":"Roll-on rumianek PLUS - Klaudyna Hebda Nature","description":"Roll-on Rumianek PLUS Kids dla dzieci powy\u017cej 6. miesi\u0105ca to sensoryczny impuls w odpowiedniej dawce. Czas na spokojne hamowanie przed stacj\u0105 \"s\u0142odki sen i \u0142\u00f3\u017ceczko\".","robots":{"index":"index","follow":"follow","max-snippet":"max-snippet:-1","max-image-preview":"max-image-preview:large","max-video-preview":"max-video-preview:-1"},"canonical":"https:\/\/klaudynahebda.pl\/sklep\/roll-on-rumianek-plus\/","og_locale":"pl_PL","og_type":"article","og_title":"Roll-on rumianek PLUS - Klaudyna Hebda Nature","og_description":"Roll-on Rumianek PLUS Kids dla dzieci powy\u017cej 6. miesi\u0105ca to sensoryczny impuls w odpowiedniej dawce. Czas na spokojne hamowanie przed stacj\u0105 \"s\u0142odki sen i \u0142\u00f3\u017ceczko\".","og_url":"https:\/\/klaudynahebda.pl\/sklep\/roll-on-rumianek-plus\/","og_site_name":"Klaudyna Hebda Nature","article_modified_time":"2026-04-16T10:21:19+00:00","og_image":[{"width":844,"height":1152,"url":"https:\/\/klaudynahebda.pl\/sklep\/wp-content\/uploads\/2025\/06\/roll-on-rumianek-plus-kids-k-hebda-packshot.jpg.png","type":"image\/png"}],"twitter_card":"summary_large_image","twitter_misc":{"Szacowany czas czytania":"4 minuty"},"schema":{"@context":"https:\/\/schema.org","@graph":[{"@type":"WebPage","@id":"https:\/\/klaudynahebda.pl\/sklep\/roll-on-rumianek-plus\/","url":"https:\/\/klaudynahebda.pl\/sklep\/roll-on-rumianek-plus\/","name":"Roll-on rumianek PLUS - Klaudyna Hebda Nature","isPartOf":{"@id":"https:\/\/klaudynahebda.pl\/sklep\/#website"},"datePublished":"2025-11-03T15:11:47+00:00","dateModified":"2026-04-16T10:21:19+00:00","description":"Roll-on Rumianek PLUS Kids dla dzieci powy\u017cej 6. miesi\u0105ca to sensoryczny impuls w odpowiedniej dawce. Czas na spokojne hamowanie przed stacj\u0105 \"s\u0142odki sen i \u0142\u00f3\u017ceczko\".","breadcrumb":{"@id":"https:\/\/klaudynahebda.pl\/sklep\/roll-on-rumianek-plus\/#breadcrumb"},"inLanguage":"pl-PL","potentialAction":[{"@type":"ReadAction","target":["https:\/\/klaudynahebda.pl\/sklep\/roll-on-rumianek-plus\/"]}]},{"@type":"BreadcrumbList","@id":"https:\/\/klaudynahebda.pl\/sklep\/roll-on-rumianek-plus\/#breadcrumb","itemListElement":[{"@type":"ListItem","position":1,"name":"Strona g\u0142\u00f3wna","item":"https:\/\/klaudynahebda.pl\/sklep\/"},{"@type":"ListItem","position":2,"name":"Sklep","item":"https:\/\/klaudynahebda.pl\/sklep\/sklep\/"},{"@type":"ListItem","position":3,"name":"Seria PLUS","item":"https:\/\/klaudynahebda.pl\/sklep\/seria-plus\/"},{"@type":"ListItem","position":4,"name":"Roll-on rumianek PLUS"}]},{"@type":"WebSite","@id":"https:\/\/klaudynahebda.pl\/sklep\/#website","url":"https:\/\/klaudynahebda.pl\/sklep\/","name":"Klaudyna Hebda Nature","description":"Sklep","publisher":{"@id":"https:\/\/klaudynahebda.pl\/sklep\/#organization"},"potentialAction":[{"@type":"SearchAction","target":{"@type":"EntryPoint","urlTemplate":"https:\/\/klaudynahebda.pl\/sklep\/?s={search_term_string}"},"query-input":"required name=search_term_string"}],"inLanguage":"pl-PL"},{"@type":"Organization","@id":"https:\/\/klaudynahebda.pl\/sklep\/#organization","name":"KlaudynaHebda","url":"https:\/\/klaudynahebda.pl\/sklep\/","sameAs":[],"logo":{"@type":"ImageObject","inLanguage":"pl-PL","@id":"https:\/\/klaudynahebda.pl\/sklep\/#\/schema\/logo\/image\/","url":"","contentUrl":"","caption":"KlaudynaHebda"},"image":{"@id":"https:\/\/klaudynahebda.pl\/sklep\/#\/schema\/logo\/image\/"}}]}},"_links":{"self":[{"href":"https:\/\/klaudynahebda.pl\/sklep\/wp-json\/wp\/v2\/product\/3306480"}],"collection":[{"href":"https:\/\/klaudynahebda.pl\/sklep\/wp-json\/wp\/v2\/product"}],"about":[{"href":"https:\/\/klaudynahebda.pl\/sklep\/wp-json\/wp\/v2\/types\/product"}],"replies":[{"embeddable":true,"href":"https:\/\/klaudynahebda.pl\/sklep\/wp-json\/wp\/v2\/comments?post=3306480"}],"wp:featuredmedia":[{"embeddable":true,"href":"https:\/\/klaudynahebda.pl\/sklep\/wp-json\/wp\/v2\/media\/3402134"}],"wp:attachment":[{"href":"https:\/\/klaudynahebda.pl\/sklep\/wp-json\/wp\/v2\/media?parent=3306480"}],"wp:term":[{"taxonomy":"product_cat","embeddable":true,"href":"https:\/\/klaudynahebda.pl\/sklep\/wp-json\/wp\/v2\/product_cat?post=3306480"},{"taxonomy":"product_tag","embeddable":true,"href":"https:\/\/klaudynahebda.pl\/sklep\/wp-json\/wp\/v2\/product_tag?post=3306480"}],"curies":[{"name":"wp","href":"https:\/\/api.w.org\/{rel}","templated":true}]}}