{"id":3306478,"date":"2025-11-04T10:09:44","date_gmt":"2025-11-04T09:09:44","guid":{"rendered":"https:\/\/klaudynahebda.pl\/sklep\/?post_type=product&#038;p=3306478"},"modified":"2026-04-16T08:39:24","modified_gmt":"2026-04-16T06:39:24","slug":"roll-on-frankincense","status":"publish","type":"product","link":"https:\/\/klaudynahebda.pl\/sklep\/roll-on-frankincense\/","title":{"rendered":"Roll-on Frankincense &#8211; do twarzy"},"content":{"rendered":"<h2><strong>Jak dzia\u0142a roll-on Frankincense?<\/strong><\/h2>\n<p>Frankincense \u0142\u0105czy piel\u0119gnacj\u0119 sk\u00f3ry z aromaterapi\u0105. U\u017cyj go do codziennego masa\u017cu twarzy, szyi i dekoltu, by da\u0107 sk\u00f3rze uczucie <strong>regeneracji, zdrowego blasku i ukojenia<\/strong>. Kosmetyk dzia\u0142a \u0142agodz\u0105co i wspiera zdrowy, promienny wygl\u0105d sk\u00f3ry, a jego <strong>ciep\u0142y, balsamiczny zapach<\/strong> wprowadza w stan wewn\u0119trznego spokoju i harmonii.<br \/>\nW czasie masa\u017cu roll-onem Ty si\u0119 zrelaksujesz, a Twoja sk\u00f3ra b\u0119dzie wygl\u0105da\u0107 na bardziej zregenerowan\u0105, wypocz\u0119t\u0105 i napi\u0119t\u0105. Brzmi pi\u0119knie, prawda? Je\u015bli kiedykolwiek robi\u0142a\u015b sobie masa\u017c Kobido czy jog\u0119 twarzy, to wiesz doskonale, o czym m\u00f3wimy.<\/p>\n<h2><strong>Co znajdziesz\u00a0 w roll-onie Frankincense?<\/strong><\/h2>\n<ul>\n<li><strong>Olej jojoba<\/strong> \u2013 naturalna baza sprzyjaj\u0105ca przyjemnej aplikacji i komfortowi sk\u00f3ry.<\/li>\n<li><strong>Olejek eteryczny z kadzid\u0142owca (<em>Boswellia carterii<\/em>)<\/strong> \u2013 jego \u017cywiczny, ciep\u0142y aromat ma w\u0142a\u015bciwo\u015bci regeneruj\u0105ce, \u0142agodz\u0105ce i harmonizuj\u0105ce wykorzystywany zar\u00f3wno w piel\u0119gnacji sk\u00f3ry jak i w praktykach aromaterapeutycznych.<\/li>\n<li><strong>Tokoferol (witamina E)<\/strong> \u2013 naturalny antyoksydant nazywany r\u00f3wnie\u017c \u201ewitamin\u0105 m\u0142odo\u015bci\u201d; szeroko stosowany w kosmetyce i wzbogacaj\u0105cy formu\u0142\u0119 roll-onu.<\/li>\n<\/ul>\n<h3><strong>Jak pachnie roll-on Frankincense?<\/strong><\/h3>\n<p>To zapach kadzid\u0142a: balsamiczny, \u017cywiczny, drzewny, ale z wyczuwaln\u0105 nut\u0105 \u015bwie\u017co\u015bci i le\u015bnej rze\u015bko\u015bci, szczeg\u00f3lnie na pocz\u0105tku. Niekt\u00f3rzy wyczuwaj\u0105 tam \u201ecytrusowe echo\u201d. To zapach g\u0142\u0119boki, ciep\u0142y, tajemniczy. Z czasem coraz bardziej kadzidlany, spokojny i koj\u0105cy.<\/p>\n<h2><strong>Czy roll-on z olejkiem z kadzid\u0142owca do twarzy to co\u015b dla Ciebie?<\/strong><\/h2>\n<p>Tak, je\u015bli:<\/p>\n<ul>\n<li>chcesz naturalnie zadba\u0107 o sk\u00f3r\u0119 such\u0105, dojrza\u0142\u0105 lub wra\u017cliw\u0105 na twarzy, szyi i dekolcie;<\/li>\n<li>szukasz kosmetyku do automasa\u017cu \u2013 <strong>sk\u00f3r\u0119 mo\u017cesz masowa\u0107 bezpo\u015brednio roll-onem, kamieniem gua sha, a nawet w\u0142asnymi d\u0142o\u0144mi<\/strong>;<\/li>\n<li>potrzebujesz <strong>precyzyjnego kosmetyku<\/strong> do \u201ezada\u0144 specjalnych\u201d, np. piel\u0119gnacji konkretnych punkt\u00f3w na twarzy, np. podra\u017cnie\u0144, przesusze\u0144 czy niedoskona\u0142o\u015bci;<\/li>\n<li>znasz <strong>moc olejku z kadzid\u0142owca<\/strong> i chcesz wykorzysta\u0107 go w swojej codziennej piel\u0119gnacji bezpiecznie i skutecznie;<\/li>\n<li>poszukujesz <strong>chwili dla siebie i Twojej sk\u00f3ry<\/strong> \u2013 odnajdziesz j\u0105 w rytuale piel\u0119gnacyjno-aromaterapeutycznym z roll-onem Frankincense;<\/li>\n<\/ul>\n<p><strong>Kochasz zapachy i naturaln\u0105 piel\u0119gnacj\u0119? Sprawd\u017a nasze inne kosmetyczne skarby! <\/strong><\/p>\n<ul>\n<li>Roll-on do twarzy, szyi i dekoltu <strong><a href=\"https:\/\/klaudynahebda.pl\/sklep\/roll-on-immortelle\/\">Immortelle <\/a><\/strong><\/li>\n<li>Olejek do piel\u0119gnacji okolic intymnych <a href=\"https:\/\/klaudynahebda.pl\/sklep\/gaja-intima\/\"><strong>Gaja Intima <\/strong><\/a><\/li>\n<li><strong><a href=\"https:\/\/klaudynahebda.pl\/sklep\/balsam-naprawczy\/\">Balsam Naprawczy <\/a><\/strong><\/li>\n<li>Wzmocniony Hydrolat R\u00f3\u017cany <strong><a href=\"https:\/\/klaudynahebda.pl\/sklep\/hydrolat-rozany\/\">K. HEBDA Rosa<\/a><\/strong><br \/>\nI wiele, wiele innych <strong><a href=\"https:\/\/klaudynahebda.pl\/sklep\/kosmetyki-naturalne\/\">naturalnych kosmetyk\u00f3w<\/a><\/strong><\/li>\n<\/ul>\n<div class=\"row row-collapse align-middle\"  id=\"row-986737429\">\n\t<div id=\"col-1771434029\" class=\"col small-10 large-12\"  >\n\t\t\t\t<div class=\"col-inner\"  >\n\t\t\t\n\t\t\t\n<h3 class=\"accordion_title\">Najcz\u0119\u015bciej zadawane pytania \u2014 Roll-on Frankincense<\/h3><div class=\"accordion\" rel=\"1\"><\/div>\n<div class=\"accordion-item\"><a href=\"#\" class=\"accordion-title plain\"><button class=\"toggle\"><i class=\"icon-angle-down\"><\/i><\/button><span>Dla kogo jest Roll-on Frankincense?<\/span><\/a><div class=\"accordion-inner\">\nDla osob ze sk\u00f3r\u0105 such\u0105 lub dojrza\u0142\u0105. Idealny do codziennej piel\u0119gnacji twarzy i dekoltu oraz masa\u017cu relaksacyjnego.<br \/>\n<\/div><\/div>\n<div class=\"accordion-item\"><a href=\"#\" class=\"accordion-title plain\"><button class=\"toggle\"><i class=\"icon-angle-down\"><\/i><\/button><span>Jak stosowa\u0107 Roll-on Frankincense?<\/span><\/a><div class=\"accordion-inner\">\n<ul>\n<li aria-setsize=\"-1\" data-leveltext=\"\uf0b7\" data-font=\"Symbol\" data-listid=\"4\" data-list-defn-props=\"{&quot;335552541&quot;:1,&quot;335559685&quot;:720,&quot;335559991&quot;:360,&quot;469769226&quot;:&quot;Symbol&quot;,&quot;469769242&quot;:&#091;8226&#093;,&quot;469777803&quot;:&quot;left&quot;,&quot;469777804&quot;:&quot;\uf0b7&quot;,&quot;469777815&quot;:&quot;hybridMultilevel&quot;}\" data-aria-posinset=\"1\" data-aria-level=\"1\"><span data-contrast=\"none\">Nanie\u015b niewielk\u0105 ilo\u015b\u0107 produktu bezpo\u015brednio na sk\u00f3r\u0119: w miejscach wymagaj\u0105cych szczeg\u00f3lnej uwagi, np. na twarz, szyj\u0119, dekolt.\u00a0<\/span><span data-ccp-props=\"{}\">\u00a0<\/span><\/li>\n<\/ul>\n<ul>\n<li aria-setsize=\"-1\" data-leveltext=\"\uf0b7\" data-font=\"Symbol\" data-listid=\"4\" data-list-defn-props=\"{&quot;335552541&quot;:1,&quot;335559685&quot;:720,&quot;335559991&quot;:360,&quot;469769226&quot;:&quot;Symbol&quot;,&quot;469769242&quot;:&#091;8226&#093;,&quot;469777803&quot;:&quot;left&quot;,&quot;469777804&quot;:&quot;\uf0b7&quot;,&quot;469777815&quot;:&quot;hybridMultilevel&quot;}\" data-aria-posinset=\"2\" data-aria-level=\"1\"><span data-contrast=\"none\">Mo\u017cesz u\u017cywa\u0107 go r\u00f3wnie\u017c w wybranych miejscach, kt\u00f3re wymagaj\u0105 szczeg\u00f3lnej uwagi, np. okolice ust, miejsca przesuszone czy podra\u017cnione.\u00a0<\/span><span data-ccp-props=\"{}\">\u00a0<\/span><\/li>\n<\/ul>\n<ul>\n<li aria-setsize=\"-1\" data-leveltext=\"\uf0b7\" data-font=\"Symbol\" data-listid=\"4\" data-list-defn-props=\"{&quot;335552541&quot;:1,&quot;335559685&quot;:720,&quot;335559991&quot;:360,&quot;469769226&quot;:&quot;Symbol&quot;,&quot;469769242&quot;:&#091;8226&#093;,&quot;469777803&quot;:&quot;left&quot;,&quot;469777804&quot;:&quot;\uf0b7&quot;,&quot;469777815&quot;:&quot;hybridMultilevel&quot;}\" data-aria-posinset=\"3\" data-aria-level=\"1\"><span data-contrast=\"none\">U\u017cyj go r\u00f3wnie\u017c do automasa\u017cu (np. Kobido, jogi twarzy) lub jako element aromaterapeutycznego rytua\u0142u piel\u0119gnacyjnego.<\/span><span data-ccp-props=\"{}\">\u00a0<\/span><\/li>\n<\/ul>\n<ul>\n<li aria-setsize=\"-1\" data-leveltext=\"\uf0b7\" data-font=\"Symbol\" data-listid=\"4\" data-list-defn-props=\"{&quot;335552541&quot;:1,&quot;335559685&quot;:720,&quot;335559991&quot;:360,&quot;469769226&quot;:&quot;Symbol&quot;,&quot;469769242&quot;:&#091;8226&#093;,&quot;469777803&quot;:&quot;left&quot;,&quot;469777804&quot;:&quot;\uf0b7&quot;,&quot;469777815&quot;:&quot;hybridMultilevel&quot;}\" data-aria-posinset=\"4\" data-aria-level=\"1\"><span data-contrast=\"none\">Masa\u017c mo\u017cesz wykona\u0107 samym roll-onem (precyzyjna, ma\u0142a kuleczka) lub uzupe\u0142ni\u0107 go masa\u017cem wykonanym czystymi d\u0142o\u0144mi czy kamieniem gua sha.\u00a0<\/span><span data-ccp-props=\"{}\">\u00a0<\/span><\/li>\n<\/ul>\n<\/div><\/div>\n<div class=\"accordion-item\"><a href=\"#\" class=\"accordion-title plain\"><button class=\"toggle\"><i class=\"icon-angle-down\"><\/i><\/button><span>Czy mo\u017cna u\u017cywa\u0107 go kilka razy w ci\u0105gu dnia?<\/span><\/a><div class=\"accordion-inner\">\nTak \u2013 stosuj rano i wieczorem, w zale\u017cno\u015bci od potrzeb sk\u00f3ry.<br \/>\n<\/div><\/div>\n<div class=\"accordion-item\"><a href=\"#\" class=\"accordion-title plain\"><button class=\"toggle\"><i class=\"icon-angle-down\"><\/i><\/button><span>Jak pachnie Roll-on Frankincense?<\/span><\/a><div class=\"accordion-inner\">\nCiep\u0142o, balsamicznie i drzewnie, z nut\u0105 \u017cywicy \u2013 zapach, kt\u00f3ry wprowadza w stan spokoju.<br \/>\n<\/div><\/div>\n<div class=\"accordion-item\"><a href=\"#\" class=\"accordion-title plain\"><button class=\"toggle\"><i class=\"icon-angle-down\"><\/i><\/button><span>Jaki sk\u0142ad ma Roll-on Frankincense?<\/span><\/a><div class=\"accordion-inner\">\nOlej jojoba, olejek eteryczny z kadzid\u0142owca (<em>Boswellia carterii<\/em>), witamina E.<br \/>\n<\/div><\/div>\n\t\t<\/div>\n\t\t\t\t\t<\/div>\n\n\t\n<style>\n#row-986737429 > .col > .col-inner {\n  padding: 35px 0 20px 0;\n}\n<\/style>\n<\/div>\n","protected":false},"excerpt":{"rendered":"<h2><strong>Roll-on Frankincense to:<\/strong><\/h2>\n<ul>\n<li><strong>naturalna piel\u0119gnacja twarzy, szyi i dekoltu<\/strong>;<\/li>\n<li><strong>kosmetyk<\/strong> idealny do automasa\u017cu zar\u00f3wno ca\u0142ej twarzy (np. Kobido, joga twarzy), jak i konkretnych <strong>miejsc wymagaj\u0105cych wi\u0119kszej regeneracji i troski<\/strong>, np. linii mimicznych, podra\u017cnie\u0144, drobnych niedoskona\u0142o\u015bci czy przesusze\u0144;<\/li>\n<li><strong>skoncentrowana, minimalistyczna formu\u0142a<\/strong> \u2013 baza z oleju jojoba wspierana <strong>olejkiem eterycznym z kadzid\u0142owca<\/strong> (<em>Boswellia carterii<\/em>) oraz witamin\u0105 E;<\/li>\n<li><strong>wsparcie dla cery dojrza\u0142ej, suchej i wra\u017cliwej<\/strong> \u2013 formu\u0142a stworzona z my\u015bl\u0105 o potrzebach wymagaj\u0105cej sk\u00f3ry;<\/li>\n<li><strong>aromaterapeutyczny rytua\u0142<\/strong> \u2013 ciep\u0142y, balsamiczny zapach kadzid\u0142owca tworzy atmosfer\u0119 wyciszenia i wewn\u0119trznej harmonii.<\/li>\n<\/ul>\n","protected":false},"featured_media":3402128,"comment_status":"open","ping_status":"closed","template":"","meta":[],"product_cat":[250,252,47,117,134,118],"product_tag":[],"acf":[],"yoast_head":"<!-- This site is optimized with the Yoast SEO plugin v19.6.1 - https:\/\/yoast.com\/wordpress\/plugins\/seo\/ -->\n<title>Roll-on Frankincense - do twarzy - Klaudyna Hebda Nature<\/title>\n<meta name=\"description\" content=\"Roll-on (Frankincense) z olejkiem eterycznym z kadzid\u0142owca, olejem jojoba i wit. E. Regeneruje, koi i piel\u0119gnuje. Dla cery suchej, wra\u017cliwej i dojrza\u0142ej.\" \/>\n<meta name=\"robots\" content=\"index, follow, max-snippet:-1, max-image-preview:large, max-video-preview:-1\" \/>\n<link rel=\"canonical\" href=\"https:\/\/klaudynahebda.pl\/sklep\/roll-on-frankincense\/\" \/>\n<meta property=\"og:locale\" content=\"pl_PL\" \/>\n<meta property=\"og:type\" content=\"article\" \/>\n<meta property=\"og:title\" content=\"Roll-on Frankincense - do twarzy - Klaudyna Hebda Nature\" \/>\n<meta property=\"og:description\" content=\"Roll-on (Frankincense) z olejkiem eterycznym z kadzid\u0142owca, olejem jojoba i wit. E. Regeneruje, koi i piel\u0119gnuje. Dla cery suchej, wra\u017cliwej i dojrza\u0142ej.\" \/>\n<meta property=\"og:url\" content=\"https:\/\/klaudynahebda.pl\/sklep\/roll-on-frankincense\/\" \/>\n<meta property=\"og:site_name\" content=\"Klaudyna Hebda Nature\" \/>\n<meta property=\"article:modified_time\" content=\"2026-04-16T06:39:24+00:00\" \/>\n<meta property=\"og:image\" content=\"https:\/\/klaudynahebda.pl\/sklep\/wp-content\/uploads\/2025\/06\/roll-on-frankincense-k-hebda-packshot.jpg.png\" \/>\n\t<meta property=\"og:image:width\" content=\"844\" \/>\n\t<meta property=\"og:image:height\" content=\"1152\" \/>\n\t<meta property=\"og:image:type\" content=\"image\/png\" \/>\n<meta name=\"twitter:card\" content=\"summary_large_image\" \/>\n<meta name=\"twitter:label1\" content=\"Szacowany czas czytania\" \/>\n\t<meta name=\"twitter:data1\" content=\"3 minuty\" \/>\n<script type=\"application\/ld+json\" class=\"yoast-schema-graph\">{\"@context\":\"https:\/\/schema.org\",\"@graph\":[{\"@type\":\"WebPage\",\"@id\":\"https:\/\/klaudynahebda.pl\/sklep\/roll-on-frankincense\/\",\"url\":\"https:\/\/klaudynahebda.pl\/sklep\/roll-on-frankincense\/\",\"name\":\"Roll-on Frankincense - do twarzy - Klaudyna Hebda Nature\",\"isPartOf\":{\"@id\":\"https:\/\/klaudynahebda.pl\/sklep\/#website\"},\"datePublished\":\"2025-11-04T09:09:44+00:00\",\"dateModified\":\"2026-04-16T06:39:24+00:00\",\"description\":\"Roll-on (Frankincense) z olejkiem eterycznym z kadzid\u0142owca, olejem jojoba i wit. E. Regeneruje, koi i piel\u0119gnuje. Dla cery suchej, wra\u017cliwej i dojrza\u0142ej.\",\"breadcrumb\":{\"@id\":\"https:\/\/klaudynahebda.pl\/sklep\/roll-on-frankincense\/#breadcrumb\"},\"inLanguage\":\"pl-PL\",\"potentialAction\":[{\"@type\":\"ReadAction\",\"target\":[\"https:\/\/klaudynahebda.pl\/sklep\/roll-on-frankincense\/\"]}]},{\"@type\":\"BreadcrumbList\",\"@id\":\"https:\/\/klaudynahebda.pl\/sklep\/roll-on-frankincense\/#breadcrumb\",\"itemListElement\":[{\"@type\":\"ListItem\",\"position\":1,\"name\":\"Strona g\u0142\u00f3wna\",\"item\":\"https:\/\/klaudynahebda.pl\/sklep\/\"},{\"@type\":\"ListItem\",\"position\":2,\"name\":\"Sklep\",\"item\":\"https:\/\/klaudynahebda.pl\/sklep\/sklep\/\"},{\"@type\":\"ListItem\",\"position\":3,\"name\":\"Kosmetyki naturalne\",\"item\":\"https:\/\/klaudynahebda.pl\/sklep\/kosmetyki-naturalne\/\"},{\"@type\":\"ListItem\",\"position\":4,\"name\":\"Roll-on Frankincense &#8211; do twarzy\"}]},{\"@type\":\"WebSite\",\"@id\":\"https:\/\/klaudynahebda.pl\/sklep\/#website\",\"url\":\"https:\/\/klaudynahebda.pl\/sklep\/\",\"name\":\"Klaudyna Hebda Nature\",\"description\":\"Sklep\",\"publisher\":{\"@id\":\"https:\/\/klaudynahebda.pl\/sklep\/#organization\"},\"potentialAction\":[{\"@type\":\"SearchAction\",\"target\":{\"@type\":\"EntryPoint\",\"urlTemplate\":\"https:\/\/klaudynahebda.pl\/sklep\/?s={search_term_string}\"},\"query-input\":\"required name=search_term_string\"}],\"inLanguage\":\"pl-PL\"},{\"@type\":\"Organization\",\"@id\":\"https:\/\/klaudynahebda.pl\/sklep\/#organization\",\"name\":\"KlaudynaHebda\",\"url\":\"https:\/\/klaudynahebda.pl\/sklep\/\",\"sameAs\":[],\"logo\":{\"@type\":\"ImageObject\",\"inLanguage\":\"pl-PL\",\"@id\":\"https:\/\/klaudynahebda.pl\/sklep\/#\/schema\/logo\/image\/\",\"url\":\"\",\"contentUrl\":\"\",\"caption\":\"KlaudynaHebda\"},\"image\":{\"@id\":\"https:\/\/klaudynahebda.pl\/sklep\/#\/schema\/logo\/image\/\"}}]}<\/script>\n<!-- \/ Yoast SEO plugin. -->","yoast_head_json":{"title":"Roll-on Frankincense - do twarzy - Klaudyna Hebda Nature","description":"Roll-on (Frankincense) z olejkiem eterycznym z kadzid\u0142owca, olejem jojoba i wit. E. Regeneruje, koi i piel\u0119gnuje. Dla cery suchej, wra\u017cliwej i dojrza\u0142ej.","robots":{"index":"index","follow":"follow","max-snippet":"max-snippet:-1","max-image-preview":"max-image-preview:large","max-video-preview":"max-video-preview:-1"},"canonical":"https:\/\/klaudynahebda.pl\/sklep\/roll-on-frankincense\/","og_locale":"pl_PL","og_type":"article","og_title":"Roll-on Frankincense - do twarzy - Klaudyna Hebda Nature","og_description":"Roll-on (Frankincense) z olejkiem eterycznym z kadzid\u0142owca, olejem jojoba i wit. E. Regeneruje, koi i piel\u0119gnuje. Dla cery suchej, wra\u017cliwej i dojrza\u0142ej.","og_url":"https:\/\/klaudynahebda.pl\/sklep\/roll-on-frankincense\/","og_site_name":"Klaudyna Hebda Nature","article_modified_time":"2026-04-16T06:39:24+00:00","og_image":[{"width":844,"height":1152,"url":"https:\/\/klaudynahebda.pl\/sklep\/wp-content\/uploads\/2025\/06\/roll-on-frankincense-k-hebda-packshot.jpg.png","type":"image\/png"}],"twitter_card":"summary_large_image","twitter_misc":{"Szacowany czas czytania":"3 minuty"},"schema":{"@context":"https:\/\/schema.org","@graph":[{"@type":"WebPage","@id":"https:\/\/klaudynahebda.pl\/sklep\/roll-on-frankincense\/","url":"https:\/\/klaudynahebda.pl\/sklep\/roll-on-frankincense\/","name":"Roll-on Frankincense - do twarzy - Klaudyna Hebda Nature","isPartOf":{"@id":"https:\/\/klaudynahebda.pl\/sklep\/#website"},"datePublished":"2025-11-04T09:09:44+00:00","dateModified":"2026-04-16T06:39:24+00:00","description":"Roll-on (Frankincense) z olejkiem eterycznym z kadzid\u0142owca, olejem jojoba i wit. E. Regeneruje, koi i piel\u0119gnuje. Dla cery suchej, wra\u017cliwej i dojrza\u0142ej.","breadcrumb":{"@id":"https:\/\/klaudynahebda.pl\/sklep\/roll-on-frankincense\/#breadcrumb"},"inLanguage":"pl-PL","potentialAction":[{"@type":"ReadAction","target":["https:\/\/klaudynahebda.pl\/sklep\/roll-on-frankincense\/"]}]},{"@type":"BreadcrumbList","@id":"https:\/\/klaudynahebda.pl\/sklep\/roll-on-frankincense\/#breadcrumb","itemListElement":[{"@type":"ListItem","position":1,"name":"Strona g\u0142\u00f3wna","item":"https:\/\/klaudynahebda.pl\/sklep\/"},{"@type":"ListItem","position":2,"name":"Sklep","item":"https:\/\/klaudynahebda.pl\/sklep\/sklep\/"},{"@type":"ListItem","position":3,"name":"Kosmetyki naturalne","item":"https:\/\/klaudynahebda.pl\/sklep\/kosmetyki-naturalne\/"},{"@type":"ListItem","position":4,"name":"Roll-on Frankincense &#8211; do twarzy"}]},{"@type":"WebSite","@id":"https:\/\/klaudynahebda.pl\/sklep\/#website","url":"https:\/\/klaudynahebda.pl\/sklep\/","name":"Klaudyna Hebda Nature","description":"Sklep","publisher":{"@id":"https:\/\/klaudynahebda.pl\/sklep\/#organization"},"potentialAction":[{"@type":"SearchAction","target":{"@type":"EntryPoint","urlTemplate":"https:\/\/klaudynahebda.pl\/sklep\/?s={search_term_string}"},"query-input":"required name=search_term_string"}],"inLanguage":"pl-PL"},{"@type":"Organization","@id":"https:\/\/klaudynahebda.pl\/sklep\/#organization","name":"KlaudynaHebda","url":"https:\/\/klaudynahebda.pl\/sklep\/","sameAs":[],"logo":{"@type":"ImageObject","inLanguage":"pl-PL","@id":"https:\/\/klaudynahebda.pl\/sklep\/#\/schema\/logo\/image\/","url":"","contentUrl":"","caption":"KlaudynaHebda"},"image":{"@id":"https:\/\/klaudynahebda.pl\/sklep\/#\/schema\/logo\/image\/"}}]}},"_links":{"self":[{"href":"https:\/\/klaudynahebda.pl\/sklep\/wp-json\/wp\/v2\/product\/3306478"}],"collection":[{"href":"https:\/\/klaudynahebda.pl\/sklep\/wp-json\/wp\/v2\/product"}],"about":[{"href":"https:\/\/klaudynahebda.pl\/sklep\/wp-json\/wp\/v2\/types\/product"}],"replies":[{"embeddable":true,"href":"https:\/\/klaudynahebda.pl\/sklep\/wp-json\/wp\/v2\/comments?post=3306478"}],"wp:featuredmedia":[{"embeddable":true,"href":"https:\/\/klaudynahebda.pl\/sklep\/wp-json\/wp\/v2\/media\/3402128"}],"wp:attachment":[{"href":"https:\/\/klaudynahebda.pl\/sklep\/wp-json\/wp\/v2\/media?parent=3306478"}],"wp:term":[{"taxonomy":"product_cat","embeddable":true,"href":"https:\/\/klaudynahebda.pl\/sklep\/wp-json\/wp\/v2\/product_cat?post=3306478"},{"taxonomy":"product_tag","embeddable":true,"href":"https:\/\/klaudynahebda.pl\/sklep\/wp-json\/wp\/v2\/product_tag?post=3306478"}],"curies":[{"name":"wp","href":"https:\/\/api.w.org\/{rel}","templated":true}]}}