{"id":305870,"date":"2022-05-16T10:13:12","date_gmt":"2022-05-16T08:13:12","guid":{"rendered":"https:\/\/klaudynahebda.pl\/sklep\/?post_type=product&#038;p=305870"},"modified":"2026-04-08T22:49:40","modified_gmt":"2026-04-08T20:49:40","slug":"dobry-sen-dla-dziecka","status":"publish","type":"product","link":"https:\/\/klaudynahebda.pl\/sklep\/dobry-sen-dla-dziecka\/","title":{"rendered":"Zestaw DobraNocka z naklejkami GRATIS"},"content":{"rendered":"<h2>Wieczory s\u0105 r\u00f3\u017cne. Na ka\u017cdy z nich mamy zio\u0142ow\u0105 receptur\u0119 DobraNocka. S\u0142odkich sn\u00f3w!<\/h2>\n<p>Pewnie my\u015blisz, \u017ce aromaterapia nie mo\u017ce by\u0107 tak cudownym sposobem na problemy ze snem.<br \/>\n\u017be posmarowanie si\u0119 olejkami nie mo\u017ce by\u0107 wystarczaj\u0105ce, \u017ceby co\u015b zmieni\u0107.<\/p>\n<p><strong>I masz racj\u0119.<\/strong><\/p>\n<p>Bo przygotowywanie si\u0119 do snu jest ca\u0142ym rytua\u0142em, od kt\u00f3rego zale\u017cy samopoczucie Twojej rodziny nast\u0119pnego poranka.<br \/>\nJa jednak <strong>daj\u0119 Ci narz\u0119dzia<\/strong>, dzi\u0119ki kt\u00f3rym \u0142atwiej i efektowniej ten rytua\u0142 stworzysz. Zapach olejk\u00f3w eterycznych zawartych w mieszankach mo\u017ce mie\u0107 dzia\u0142anie wyciszaj\u0105ce, odpr\u0119\u017caj\u0105ce oraz relaksuj\u0105ce.<\/p>\n<p>Pami\u0119taj, \u017ce niekt\u00f3rym do dobrego snu wystarcz\u0105 same olejki eteryczne. Inni osi\u0105gaj\u0105 najlepsze efekty, \u0142\u0105cz\u0105c aromaterapi\u0119 z<a href=\"https:\/\/klaudynahebda.pl\/techniki-relaksacyjne-przed-snem\/\"> technikami relaksacyjnymi<\/a> i <a href=\"https:\/\/klaudynahebda.pl\/techniki-oddechowe-na-dobry-sen\/\">technikami oddechowymi.<\/a><\/p>\n<h2>Rytua\u0142 wieczorny z seri\u0105 DobraNocka<\/h2>\n<ul>\n<li><strong>Krok 1 &#8211; <span class=\"TextRun SCXW206766967 BCX8\" lang=\"PL-PL\" xml:lang=\"PL-PL\" data-contrast=\"auto\"><span class=\"NormalTextRun SCXW206766967 BCX8\">K\u0105piel pe\u0142na spokoju: <\/span><\/span><\/strong>przygotuj k\u0105piel z <strong>Sol\u0105 Dobranocka<\/strong> lub <strong>Koncentratem DobraNocka<\/strong>,<\/li>\n<li><strong>Krok 2 &#8211; <span class=\"TextRun SCXW143392982 BCX8\" lang=\"PL-PL\" xml:lang=\"PL-PL\" data-contrast=\"auto\"><span class=\"NormalTextRun SCXW143392982 BCX8\">Czu\u0142y masa\u017c na dobry wiecz\u00f3r<\/span><\/span><\/strong>: posmaruj Maluszka <strong>Balsamem DobraNocka<\/strong> (klatk\u0119 piersiow\u0105, plecki lub stopy).<\/li>\n<li><strong>Krok 3 &#8211; <span class=\"TextRun SCXW8556441 BCX8\" lang=\"PL-PL\" xml:lang=\"PL-PL\" data-contrast=\"auto\"><span class=\"NormalTextRun SCXW8556441 BCX8\">Zapach <\/span><span class=\"NormalTextRun SCXW8556441 BCX8\">relaksu <\/span><span class=\"NormalTextRun SCXW8556441 BCX8\">w ca\u0142ym pokoju<\/span><\/span><\/strong>: u\u017cyj Sprayu DobraNocka na po\u015bciel, pi\u017camk\u0119 lub przytulank\u0119. Niech to b\u0119dzie Wasz domowy spos\u00f3b na dobry sen.<\/li>\n<\/ul>\n<p><strong>Nie mog\u0119 Ci da\u0107 snu na zapas.<\/strong> <strong>Mog\u0119 Ci podarowa\u0107 po prostu dobrze przespan\u0105 noc.<\/strong> Skorzystasz?<\/p>\n<p><strong>Sprawd\u017a inne produkty z tej serii<\/strong>, kt\u00f3re pomog\u0105 Twojemu dziecku wyciszy\u0107 si\u0119 i zrelaksowa\u0107: <strong><a href=\"https:\/\/klaudynahebda.pl\/sklep\/mieszanka-dobranocka\/\">Mieszanka DobraNocka \u2013 mieszanka 100% olejk\u00f3w eterycznych<\/a>, <a href=\"https:\/\/klaudynahebda.pl\/sklep\/koncentrat-do-kapieli-dobranocka-100-200-ml\/\">Koncentrat do k\u0105pieli DobraNocka<\/a>, <a href=\"https:\/\/klaudynahebda.pl\/sklep\/maslo-dobranocka\/\">Mas\u0142o do cia\u0142a DobraNocka<\/a>.<\/strong><\/p>\n<div class=\"row row-collapse align-middle\"  id=\"row-674046255\">\n\n\t<div id=\"col-360918395\" class=\"col small-10 large-12\"  >\n\t\t\t\t<div class=\"col-inner\"  >\n\t\t\t\n\t\t\t\n<h3 class=\"accordion_title\">Najcz\u0119\u015bciej zadawane pytania o zestaw DobraNocka<\/h3><div class=\"accordion\" rel=\"1\"><\/div>\n<div class=\"accordion-item\"><a href=\"#\" class=\"accordion-title plain\"><button class=\"toggle\"><i class=\"icon-angle-down\"><\/i><\/button><span>Od jakiego wieku mo\u017cna stosowa\u0107 produkty z zestawu DobraNocka?<\/span><\/a><div class=\"accordion-inner\">\n<ul>\n<li><strong>Balsam DobraNocka<\/strong> \u2013 od 6. miesi\u0105ca \u017cycia,<\/li>\n<li><strong>S\u00f3l do k\u0105pieli DobraNocka<\/strong> \u2013 od 3. roku \u017cycia,<\/li>\n<li><strong>Spray DobraNocka<\/strong> \u2013 od 3. roku \u017cycia.<\/li>\n<\/ul>\n<p>Dzi\u0119ki temu mo\u017cesz wybra\u0107 odpowiednie produkty dopasowane do wieku swojego dziecka.<\/p>\n<p>&nbsp;<\/p>\n<p>\ud83d\udc49 Sprawd\u017a te\u017c inne nasze<a href=\"https:\/\/klaudynahebda.pl\/sklep\/zestawy\/\"> zestawy zio\u0142owych receptur<\/a> od Klaudyny Hebdy!<\/p>\n<p>&nbsp;<\/p>\n<\/div><\/div>\n<div class=\"accordion-item\"><a href=\"#\" class=\"accordion-title plain\"><button class=\"toggle\"><i class=\"icon-angle-down\"><\/i><\/button><span>Jak dzia\u0142a zestaw DobraNocka?<\/span><\/a><div class=\"accordion-inner\">\nKa\u017cdy produkt wspiera wieczorne wyciszenie w inny spos\u00f3b:<\/p>\n<ul>\n<li><strong>Balsam<\/strong>\u2013 czu\u0142y masa\u017c i sygna\u0142 dla dziecka, \u017ce zbli\u017ca si\u0119 pora snu,<\/li>\n<li><strong>S\u00f3l<\/strong> \u2013 koj\u0105ca k\u0105piel, kt\u00f3ra nawil\u017ca sk\u00f3r\u0119 i otula aromatem olejk\u00f3w eterycznych,<\/li>\n<li><strong>Spray<\/strong> \u2013 lekka mgie\u0142ka zapachowa, kt\u00f3ra wprowadza spok\u00f3j w sypialni.<\/li>\n<\/ul>\n<p>Razem tworz\u0105 kompletny rytua\u0142 relaksu, wspieraj\u0105cy spokojny sen.<br \/>\n<\/div><\/div>\n<div class=\"accordion-item\"><a href=\"#\" class=\"accordion-title plain\"><button class=\"toggle\"><i class=\"icon-angle-down\"><\/i><\/button><span>Czy zestaw DobraNocka jest bezpieczny dla dzieci?<\/span><\/a><div class=\"accordion-inner\">\nTak, wszystkie produkty zosta\u0142y opracowane z my\u015bl\u0105 o najm\u0142odszych i przetestowane dermatologicznie. Dodatkowo balsam by\u0142 badany tak\u017ce pod nadzorem pediatry. Kompozycje zapachowe s\u0105 delikatne i odpowiednie dla dzieci.<br \/>\n<\/div><\/div>\n<div class=\"accordion-item\"><a href=\"#\" class=\"accordion-title plain\"><button class=\"toggle\"><i class=\"icon-angle-down\"><\/i><\/button><span>Jak stosowa\u0107 produkty z zestawu razem?<\/span><\/a><div class=\"accordion-inner\">\nStw\u00f3rz <strong>wieczorny rytua\u0142 DobraNocka:<\/strong><br \/>\n1. <strong>K\u0105piel pe\u0142na spokoju<\/strong> \u2013 z sol\u0105 DobraNocka,<br \/>\n2. <strong>Czu\u0142y masa\u017c<\/strong> \u2013 Balsamem DobraNocka (klatka piersiowa, plecy, st\u00f3pki),<br \/>\n3. <strong>Zapach relaksu w pokoju<\/strong> \u2013 u\u017cyj Sprayu DobraNocka na po\u015bcieli lub spryskaj nim przytulank\u0119.<\/p>\n<p>To naturalny spos\u00f3b na spokojne zako\u0144czenie dnia i lepszy sen.<br \/>\n<\/div><\/div>\n<div class=\"accordion-item\"><a href=\"#\" class=\"accordion-title plain\"><button class=\"toggle\"><i class=\"icon-angle-down\"><\/i><\/button><span>Czy produkty mo\u017cna stosowa\u0107 codziennie?<\/span><\/a><div class=\"accordion-inner\">\nTak \u2013 regularne stosowanie przynosi najlepsze efekty. Codzienna k\u0105piel, masa\u017c i mgie\u0142ka zapachowa w pokoju pomagaj\u0105 dziecku szybciej zasypia\u0107 i spokojniej spa\u0107.<br \/>\n<\/div><\/div>\n<div class=\"accordion-item\"><a href=\"#\" class=\"accordion-title plain\"><button class=\"toggle\"><i class=\"icon-angle-down\"><\/i><\/button><span>Co zrobi\u0107, je\u015bli nie mam wanny do k\u0105pieli?<\/span><\/a><div class=\"accordion-inner\">\nS\u00f3l mo\u017cesz wykorzysta\u0107 tak\u017ce w inny spos\u00f3b:<\/p>\n<ul>\n<li>do moczenia st\u00f3p swoich lub dziecka,<\/li>\n<li>jako aromatyczn\u0105 inhalacj\u0119 &#8211; wystarczy wsypa\u0107 j\u0105 do ma\u0142ej miseczki i postawi\u0107 przy \u0142\u00f3\u017cku,<\/li>\n<li>w brodziku prysznicowym.<\/li>\n<\/ul>\n<\/div><\/div>\n<div class=\"accordion-item\"><a href=\"#\" class=\"accordion-title plain\"><button class=\"toggle\"><i class=\"icon-angle-down\"><\/i><\/button><span>Czy zapach produkt\u00f3w nie b\u0119dzie zbyt intensywny dla dziecka?<\/span><\/a><div class=\"accordion-inner\">\nNie \u2013 wszystkie produkty maj\u0105 subtelne, zio\u0142owo-kwiatowe kompozycje, stworzone specjalnie z my\u015bl\u0105 o dzieciach. Warto jednak zawsze zaczyna\u0107 od mniejszej ilo\u015bci i obserwowa\u0107 reakcj\u0119 malucha.<br \/>\n<\/div><\/div>\n\t<div id=\"gap-528103966\" class=\"gap-element clearfix\" style=\"display:block; height:auto;\">\n\t\t\n<style>\n#gap-528103966 {\n  padding-top: 20px;\n}\n<\/style>\n\t<\/div>\n\t\n\t\t<\/div>\n\t\t\t\t\t<\/div>\n\n\t\n\n<style>\n#row-674046255 > .col > .col-inner {\n  padding: 35px 0px 20px 0px;\n}\n<\/style>\n<\/div>\n<p>&nbsp;<\/p>\n","protected":false},"excerpt":{"rendered":"<h2>Zestaw dla dzieci i doros\u0142ych DobraNocka to:<\/h2>\n<ul>\n<li><strong>EDYCJA LIMITOWANA:<\/strong> do zestawu do\u0142\u0105czamy<strong> naklejki gratis;<\/strong><\/li>\n<li>naturalne receptury wzbogacone o olejki eteryczne o<strong> relaksuj\u0105cym i wyciszaj\u0105cym aromacie<\/strong>;<\/li>\n<li><strong>Zestaw idealny dla niewyspanych Mam i wiecznie budz\u0105cych si\u0119 dzieci!<\/strong><\/li>\n<\/ul>\n<h2>Co znajdziesz w rodzinnym zestawie DobraNocka?<\/h2>\n<p>W Zestawie znajdziesz a\u017c 3 r\u00f3\u017cne mieszanki olejk\u00f3w eterycznych, kt\u00f3re mo\u017cesz stosowa\u0107 tak, jak tego potrzebujesz:<\/p>\n<ul>\n<li><strong>Balsam DobraNocka<\/strong>\u2013 do wsp\u00f3lnego rytua\u0142u smarowania klatki piersiowej, plec\u00f3w i st\u00f3pek<\/li>\n<li><strong>S\u00f3l DobraNocka\u00a0<\/strong>\u2013 do wyciszaj\u0105cej k\u0105pieli ca\u0142ego cia\u0142a lub tylko st\u00f3p<\/li>\n<li><strong>Spray DobraNocka<\/strong>\u00a0\u2013 do budowania nastroju w sypialni i spryskania poduszki<\/li>\n<\/ul>\n<p>Nie musisz pi\u0107 kawy za kaw\u0105, aby przetrwa\u0107 do kolejnego dnia.<br \/>\nNie musisz walczy\u0107 z uciekaj\u0105cymi przed snem dzie\u0107mi.<br \/>\nNie musisz wci\u0105\u017c odbiera\u0107 sobie czasu na w\u0142asny odpoczynek.<\/p>\n<p><strong>Si\u0119gnij po wyciszaj\u0105ce olejki eteryczne i odzyskaj noc dla siebie!<\/strong><\/p>\n","protected":false},"featured_media":3424058,"comment_status":"open","ping_status":"closed","template":"","meta":[],"product_cat":[123,135,190,46],"product_tag":[],"acf":[],"yoast_head":"<!-- This site is optimized with the Yoast SEO plugin v19.6.1 - https:\/\/yoast.com\/wordpress\/plugins\/seo\/ -->\n<title>Zestaw DobraNocka z naklejkami GRATIS - Klaudyna Hebda Nature<\/title>\n<meta name=\"description\" content=\"DobraNocka dla dzieci i doros\u0142ych \ud83c\udf1f to zestaw idealny dla niewyspanych mam i budz\u0105cych si\u0119 dzieci! A\u017c 3 naturalne receptury o wyciszaj\u0105cych aromatach.\" \/>\n<meta name=\"robots\" content=\"index, follow, max-snippet:-1, max-image-preview:large, max-video-preview:-1\" \/>\n<link rel=\"canonical\" href=\"https:\/\/klaudynahebda.pl\/sklep\/dobry-sen-dla-dziecka\/\" \/>\n<meta property=\"og:locale\" content=\"pl_PL\" \/>\n<meta property=\"og:type\" content=\"article\" \/>\n<meta property=\"og:title\" content=\"Zestaw DobraNocka z naklejkami GRATIS - Klaudyna Hebda Nature\" \/>\n<meta property=\"og:description\" content=\"DobraNocka dla dzieci i doros\u0142ych \ud83c\udf1f to zestaw idealny dla niewyspanych mam i budz\u0105cych si\u0119 dzieci! A\u017c 3 naturalne receptury o wyciszaj\u0105cych aromatach.\" \/>\n<meta property=\"og:url\" content=\"https:\/\/klaudynahebda.pl\/sklep\/dobry-sen-dla-dziecka\/\" \/>\n<meta property=\"og:site_name\" content=\"Klaudyna Hebda Nature\" \/>\n<meta property=\"article:modified_time\" content=\"2026-04-08T20:49:40+00:00\" \/>\n<meta property=\"og:image\" content=\"https:\/\/klaudynahebda.pl\/sklep\/wp-content\/uploads\/2022\/05\/Zestaw-DobraNocka.webp\" \/>\n\t<meta property=\"og:image:width\" content=\"844\" \/>\n\t<meta property=\"og:image:height\" content=\"1152\" \/>\n\t<meta property=\"og:image:type\" content=\"image\/webp\" \/>\n<meta name=\"twitter:card\" content=\"summary_large_image\" \/>\n<meta name=\"twitter:label1\" content=\"Szacowany czas czytania\" \/>\n\t<meta name=\"twitter:data1\" content=\"4 minuty\" \/>\n<script type=\"application\/ld+json\" class=\"yoast-schema-graph\">{\"@context\":\"https:\/\/schema.org\",\"@graph\":[{\"@type\":\"WebPage\",\"@id\":\"https:\/\/klaudynahebda.pl\/sklep\/dobry-sen-dla-dziecka\/\",\"url\":\"https:\/\/klaudynahebda.pl\/sklep\/dobry-sen-dla-dziecka\/\",\"name\":\"Zestaw DobraNocka z naklejkami GRATIS - Klaudyna Hebda Nature\",\"isPartOf\":{\"@id\":\"https:\/\/klaudynahebda.pl\/sklep\/#website\"},\"datePublished\":\"2022-05-16T08:13:12+00:00\",\"dateModified\":\"2026-04-08T20:49:40+00:00\",\"description\":\"DobraNocka dla dzieci i doros\u0142ych \ud83c\udf1f to zestaw idealny dla niewyspanych mam i budz\u0105cych si\u0119 dzieci! A\u017c 3 naturalne receptury o wyciszaj\u0105cych aromatach.\",\"breadcrumb\":{\"@id\":\"https:\/\/klaudynahebda.pl\/sklep\/dobry-sen-dla-dziecka\/#breadcrumb\"},\"inLanguage\":\"pl-PL\",\"potentialAction\":[{\"@type\":\"ReadAction\",\"target\":[\"https:\/\/klaudynahebda.pl\/sklep\/dobry-sen-dla-dziecka\/\"]}]},{\"@type\":\"BreadcrumbList\",\"@id\":\"https:\/\/klaudynahebda.pl\/sklep\/dobry-sen-dla-dziecka\/#breadcrumb\",\"itemListElement\":[{\"@type\":\"ListItem\",\"position\":1,\"name\":\"Strona g\u0142\u00f3wna\",\"item\":\"https:\/\/klaudynahebda.pl\/sklep\/\"},{\"@type\":\"ListItem\",\"position\":2,\"name\":\"Sklep\",\"item\":\"https:\/\/klaudynahebda.pl\/sklep\/sklep\/\"},{\"@type\":\"ListItem\",\"position\":3,\"name\":\"Olejki na dobry sen\",\"item\":\"https:\/\/klaudynahebda.pl\/sklep\/olejki-eteryczne-na-sen\/\"},{\"@type\":\"ListItem\",\"position\":4,\"name\":\"Zestaw DobraNocka z naklejkami GRATIS\"}]},{\"@type\":\"WebSite\",\"@id\":\"https:\/\/klaudynahebda.pl\/sklep\/#website\",\"url\":\"https:\/\/klaudynahebda.pl\/sklep\/\",\"name\":\"Klaudyna Hebda Nature\",\"description\":\"Sklep\",\"publisher\":{\"@id\":\"https:\/\/klaudynahebda.pl\/sklep\/#organization\"},\"potentialAction\":[{\"@type\":\"SearchAction\",\"target\":{\"@type\":\"EntryPoint\",\"urlTemplate\":\"https:\/\/klaudynahebda.pl\/sklep\/?s={search_term_string}\"},\"query-input\":\"required name=search_term_string\"}],\"inLanguage\":\"pl-PL\"},{\"@type\":\"Organization\",\"@id\":\"https:\/\/klaudynahebda.pl\/sklep\/#organization\",\"name\":\"KlaudynaHebda\",\"url\":\"https:\/\/klaudynahebda.pl\/sklep\/\",\"sameAs\":[],\"logo\":{\"@type\":\"ImageObject\",\"inLanguage\":\"pl-PL\",\"@id\":\"https:\/\/klaudynahebda.pl\/sklep\/#\/schema\/logo\/image\/\",\"url\":\"\",\"contentUrl\":\"\",\"caption\":\"KlaudynaHebda\"},\"image\":{\"@id\":\"https:\/\/klaudynahebda.pl\/sklep\/#\/schema\/logo\/image\/\"}}]}<\/script>\n<!-- \/ Yoast SEO plugin. -->","yoast_head_json":{"title":"Zestaw DobraNocka z naklejkami GRATIS - Klaudyna Hebda Nature","description":"DobraNocka dla dzieci i doros\u0142ych \ud83c\udf1f to zestaw idealny dla niewyspanych mam i budz\u0105cych si\u0119 dzieci! A\u017c 3 naturalne receptury o wyciszaj\u0105cych aromatach.","robots":{"index":"index","follow":"follow","max-snippet":"max-snippet:-1","max-image-preview":"max-image-preview:large","max-video-preview":"max-video-preview:-1"},"canonical":"https:\/\/klaudynahebda.pl\/sklep\/dobry-sen-dla-dziecka\/","og_locale":"pl_PL","og_type":"article","og_title":"Zestaw DobraNocka z naklejkami GRATIS - Klaudyna Hebda Nature","og_description":"DobraNocka dla dzieci i doros\u0142ych \ud83c\udf1f to zestaw idealny dla niewyspanych mam i budz\u0105cych si\u0119 dzieci! A\u017c 3 naturalne receptury o wyciszaj\u0105cych aromatach.","og_url":"https:\/\/klaudynahebda.pl\/sklep\/dobry-sen-dla-dziecka\/","og_site_name":"Klaudyna Hebda Nature","article_modified_time":"2026-04-08T20:49:40+00:00","og_image":[{"width":844,"height":1152,"url":"https:\/\/klaudynahebda.pl\/sklep\/wp-content\/uploads\/2022\/05\/Zestaw-DobraNocka.webp","type":"image\/webp"}],"twitter_card":"summary_large_image","twitter_misc":{"Szacowany czas czytania":"4 minuty"},"schema":{"@context":"https:\/\/schema.org","@graph":[{"@type":"WebPage","@id":"https:\/\/klaudynahebda.pl\/sklep\/dobry-sen-dla-dziecka\/","url":"https:\/\/klaudynahebda.pl\/sklep\/dobry-sen-dla-dziecka\/","name":"Zestaw DobraNocka z naklejkami GRATIS - Klaudyna Hebda Nature","isPartOf":{"@id":"https:\/\/klaudynahebda.pl\/sklep\/#website"},"datePublished":"2022-05-16T08:13:12+00:00","dateModified":"2026-04-08T20:49:40+00:00","description":"DobraNocka dla dzieci i doros\u0142ych \ud83c\udf1f to zestaw idealny dla niewyspanych mam i budz\u0105cych si\u0119 dzieci! A\u017c 3 naturalne receptury o wyciszaj\u0105cych aromatach.","breadcrumb":{"@id":"https:\/\/klaudynahebda.pl\/sklep\/dobry-sen-dla-dziecka\/#breadcrumb"},"inLanguage":"pl-PL","potentialAction":[{"@type":"ReadAction","target":["https:\/\/klaudynahebda.pl\/sklep\/dobry-sen-dla-dziecka\/"]}]},{"@type":"BreadcrumbList","@id":"https:\/\/klaudynahebda.pl\/sklep\/dobry-sen-dla-dziecka\/#breadcrumb","itemListElement":[{"@type":"ListItem","position":1,"name":"Strona g\u0142\u00f3wna","item":"https:\/\/klaudynahebda.pl\/sklep\/"},{"@type":"ListItem","position":2,"name":"Sklep","item":"https:\/\/klaudynahebda.pl\/sklep\/sklep\/"},{"@type":"ListItem","position":3,"name":"Olejki na dobry sen","item":"https:\/\/klaudynahebda.pl\/sklep\/olejki-eteryczne-na-sen\/"},{"@type":"ListItem","position":4,"name":"Zestaw DobraNocka z naklejkami GRATIS"}]},{"@type":"WebSite","@id":"https:\/\/klaudynahebda.pl\/sklep\/#website","url":"https:\/\/klaudynahebda.pl\/sklep\/","name":"Klaudyna Hebda Nature","description":"Sklep","publisher":{"@id":"https:\/\/klaudynahebda.pl\/sklep\/#organization"},"potentialAction":[{"@type":"SearchAction","target":{"@type":"EntryPoint","urlTemplate":"https:\/\/klaudynahebda.pl\/sklep\/?s={search_term_string}"},"query-input":"required name=search_term_string"}],"inLanguage":"pl-PL"},{"@type":"Organization","@id":"https:\/\/klaudynahebda.pl\/sklep\/#organization","name":"KlaudynaHebda","url":"https:\/\/klaudynahebda.pl\/sklep\/","sameAs":[],"logo":{"@type":"ImageObject","inLanguage":"pl-PL","@id":"https:\/\/klaudynahebda.pl\/sklep\/#\/schema\/logo\/image\/","url":"","contentUrl":"","caption":"KlaudynaHebda"},"image":{"@id":"https:\/\/klaudynahebda.pl\/sklep\/#\/schema\/logo\/image\/"}}]}},"_links":{"self":[{"href":"https:\/\/klaudynahebda.pl\/sklep\/wp-json\/wp\/v2\/product\/305870"}],"collection":[{"href":"https:\/\/klaudynahebda.pl\/sklep\/wp-json\/wp\/v2\/product"}],"about":[{"href":"https:\/\/klaudynahebda.pl\/sklep\/wp-json\/wp\/v2\/types\/product"}],"replies":[{"embeddable":true,"href":"https:\/\/klaudynahebda.pl\/sklep\/wp-json\/wp\/v2\/comments?post=305870"}],"wp:featuredmedia":[{"embeddable":true,"href":"https:\/\/klaudynahebda.pl\/sklep\/wp-json\/wp\/v2\/media\/3424058"}],"wp:attachment":[{"href":"https:\/\/klaudynahebda.pl\/sklep\/wp-json\/wp\/v2\/media?parent=305870"}],"wp:term":[{"taxonomy":"product_cat","embeddable":true,"href":"https:\/\/klaudynahebda.pl\/sklep\/wp-json\/wp\/v2\/product_cat?post=305870"},{"taxonomy":"product_tag","embeddable":true,"href":"https:\/\/klaudynahebda.pl\/sklep\/wp-json\/wp\/v2\/product_tag?post=305870"}],"curies":[{"name":"wp","href":"https:\/\/api.w.org\/{rel}","templated":true}]}}