{"id":3057757,"date":"2024-11-20T10:19:58","date_gmt":"2024-11-20T09:19:58","guid":{"rendered":"https:\/\/klaudynahebda.pl\/sklep\/?post_type=product&#038;p=3057757"},"modified":"2026-04-02T10:59:01","modified_gmt":"2026-04-02T08:59:01","slug":"chatka-w-lesie-swieca","status":"publish","type":"product","link":"https:\/\/klaudynahebda.pl\/sklep\/chatka-w-lesie-swieca\/","title":{"rendered":"\u015awieca zapachowa Chatka w lesie"},"content":{"rendered":"<h2>Poczuj zapach prawdziwego lasu<\/h2>\n<p><b><span data-contrast=\"auto\">Chatka w lesie<\/span><\/b><span data-contrast=\"auto\"> to \u015bwieca o \u015bwie\u017cym zapachu, kt\u00f3ry przeniesie Ci\u0119 wprost do serca natury. Dzi\u0119ki niej mo\u017cesz odpoczywa\u0107 w swoim domu i poczu\u0107 si\u0119 tak, jakby\u015b spacerowa\u0142a po sosnowym lesie. Mo\u017cesz bra\u0107 przy niej k\u0105piel lub spotyka\u0107 si\u0119 z bliskimi i zapachem przywo\u0142ywa\u0107 to uczucie, kt\u00f3re towarzyszy Ci, gdy jeste\u015b w\u015br\u00f3d zielonych drzew. <\/span><\/p>\n<p><span data-contrast=\"auto\">Zapach lasu <\/span><b><span data-contrast=\"auto\">koi, relaksuje, pomaga uwolni\u0107 napi\u0119cie i zredukowa\u0107 stres<\/span><\/b><span data-contrast=\"auto\">. Wypr\u00f3buj lasoterapi\u0119 w swoim domu i przeno\u015b si\u0119 w pobli\u017ce le\u015bnej chatki, gdy tylko masz na to ochot\u0119.<\/span><span data-ccp-props=\"{&quot;134233117&quot;:false,&quot;134233118&quot;:false,&quot;201341983&quot;:0,&quot;335559738&quot;:0,&quot;335559739&quot;:200,&quot;335559740&quot;:276}\">\u00a0<\/span><span data-ccp-props=\"{&quot;134233117&quot;:false,&quot;134233118&quot;:false,&quot;201341983&quot;:0,&quot;335559738&quot;:0,&quot;335559739&quot;:200,&quot;335559740&quot;:276}\">\u00a0<\/span><\/p>\n<h2><span data-contrast=\"auto\">Tylko naturalne sk\u0142adniki<\/span><\/h2>\n<p><span data-contrast=\"auto\">Nasza \u015bwieca ma prosty i naturalny sk\u0142ad. Znajduje si\u0119 w niej tylko wosk sojowy i najlepszej jako\u015bci olejki eteryczne. To dlatego zapach jest pozbawiony sztuczno\u015bci, a Ty nie odczuwasz b\u00f3lu g\u0142owy, kt\u00f3ry cz\u0119sto wywo\u0142uj\u0105 nienaturalne aromaty. Przy Chatce w lesie czujesz zapach prawdziwej natury. Drzewne nuty cedru, sosny i cyprysu tworz\u0105 zielon\u0105, \u017cywiczn\u0105 baz\u0119, wzbogacon\u0105 o delikatnie owocowy aromat ja\u0142owca. Paczula i copaiba nadaj\u0105 z kolei ziemistej g\u0142\u0119bi. Ca\u0142o\u015b\u0107 to zapach pe\u0142en spokoju i autentycznej \u015bwie\u017co\u015bci. Poczuj go sama lub podaruj to uczucie bliskiej osobie. <\/span><span data-ccp-props=\"{&quot;134233117&quot;:false,&quot;134233118&quot;:false,&quot;201341983&quot;:0,&quot;335559738&quot;:0,&quot;335559739&quot;:200,&quot;335559740&quot;:276}\">\u00a0<\/span><\/p>\n<p>&nbsp;<\/p>\n<p>\ud83d\udc49 Sprawd\u017a te\u017c inne <a href=\"https:\/\/klaudynahebda.pl\/sklep\/swiece\/\">naturalne \u015bwiece sojowe<\/a> Klaudyny Hebdy<\/p>\n","protected":false},"excerpt":{"rendered":"<h2>\u015awieca sojowa Chatka w lesie to:<\/h2>\n<ul>\n<li data-leveltext=\"\u00b7\" data-font=\"Symbol\" data-listid=\"1\" data-list-defn-props=\"{&quot;335552541&quot;:1,&quot;335559685&quot;:720,&quot;335559991&quot;:360,&quot;469769226&quot;:&quot;Symbol&quot;,&quot;469769242&quot;:[8226],&quot;469777803&quot;:&quot;left&quot;,&quot;469777804&quot;:&quot;\u00b7&quot;,&quot;469777815&quot;:&quot;hybridMultilevel&quot;}\" data-aria-posinset=\"1\" data-aria-level=\"1\"><strong>r\u0119cznie robiona \u015bwieca sojowa\u00a0<\/strong><\/li>\n<li data-leveltext=\"\u00b7\" data-font=\"Symbol\" data-listid=\"1\" data-list-defn-props=\"{&quot;335552541&quot;:1,&quot;335559685&quot;:720,&quot;335559991&quot;:360,&quot;469769226&quot;:&quot;Symbol&quot;,&quot;469769242&quot;:[8226],&quot;469777803&quot;:&quot;left&quot;,&quot;469777804&quot;:&quot;\u00b7&quot;,&quot;469777815&quot;:&quot;hybridMultilevel&quot;}\" data-aria-posinset=\"1\" data-aria-level=\"1\"><span data-contrast=\"auto\">prosty, naturalny sk\u0142ad \u2013<strong> tylko wosk sojowy i olejki eteryczne<\/strong><\/span><strong>\u00a0<\/strong><\/li>\n<li><span data-contrast=\"auto\">aromat cedru, sosny i ja\u0142owca<\/span><span data-ccp-props=\"{&quot;134233117&quot;:false,&quot;134233118&quot;:false,&quot;201341983&quot;:0,&quot;335559685&quot;:720,&quot;335559737&quot;:0,&quot;335559738&quot;:0,&quot;335559739&quot;:0,&quot;335559740&quot;:276,&quot;335559991&quot;:360}\">\u00a0<\/span><\/li>\n<li data-leveltext=\"\u00b7\" data-font=\"Symbol\" data-listid=\"1\" data-list-defn-props=\"{&quot;335552541&quot;:1,&quot;335559685&quot;:720,&quot;335559991&quot;:360,&quot;469769226&quot;:&quot;Symbol&quot;,&quot;469769242&quot;:[8226],&quot;469777803&quot;:&quot;left&quot;,&quot;469777804&quot;:&quot;\u00b7&quot;,&quot;469777815&quot;:&quot;hybridMultilevel&quot;}\" data-aria-posinset=\"1\" data-aria-level=\"1\"><span data-contrast=\"auto\"><strong>zapach prawdziwego lasu<\/strong> w Twoim domu<\/span><span data-ccp-props=\"{&quot;134233117&quot;:false,&quot;134233118&quot;:false,&quot;201341983&quot;:0,&quot;335559685&quot;:720,&quot;335559737&quot;:0,&quot;335559738&quot;:0,&quot;335559739&quot;:0,&quot;335559740&quot;:276,&quot;335559991&quot;:360}\">\u00a0<\/span><\/li>\n<li data-leveltext=\"\u00b7\" data-font=\"Symbol\" data-listid=\"1\" data-list-defn-props=\"{&quot;335552541&quot;:1,&quot;335559685&quot;:720,&quot;335559991&quot;:360,&quot;469769226&quot;:&quot;Symbol&quot;,&quot;469769242&quot;:[8226],&quot;469777803&quot;:&quot;left&quot;,&quot;469777804&quot;:&quot;\u00b7&quot;,&quot;469777815&quot;:&quot;hybridMultilevel&quot;}\" data-aria-posinset=\"1\" data-aria-level=\"1\"><span data-contrast=\"auto\">niezb\u0119dnik <strong>do relaksu i<\/strong> g\u0142\u0119bokiego odpr\u0119\u017cenia<\/span><span data-ccp-props=\"{&quot;134233117&quot;:false,&quot;134233118&quot;:false,&quot;201341983&quot;:0,&quot;335559685&quot;:720,&quot;335559737&quot;:0,&quot;335559738&quot;:0,&quot;335559739&quot;:0,&quot;335559740&quot;:276,&quot;335559991&quot;:360}\">\u00a0<\/span><\/li>\n<li data-leveltext=\"\u00b7\" data-font=\"Symbol\" data-listid=\"1\" data-list-defn-props=\"{&quot;335552541&quot;:1,&quot;335559685&quot;:720,&quot;335559991&quot;:360,&quot;469769226&quot;:&quot;Symbol&quot;,&quot;469769242&quot;:[8226],&quot;469777803&quot;:&quot;left&quot;,&quot;469777804&quot;:&quot;\u00b7&quot;,&quot;469777815&quot;:&quot;hybridMultilevel&quot;}\" data-aria-posinset=\"1\" data-aria-level=\"1\"><span data-contrast=\"auto\">niezr\u00f3wnany pomocnik w tworzeniu <strong>wyj\u0105tkowej atmosfery<\/strong><\/span><strong>\u00a0<\/strong><\/li>\n<li data-leveltext=\"\u00b7\" data-font=\"Symbol\" data-listid=\"1\" data-list-defn-props=\"{&quot;335552541&quot;:1,&quot;335559685&quot;:720,&quot;335559991&quot;:360,&quot;469769226&quot;:&quot;Symbol&quot;,&quot;469769242&quot;:[8226],&quot;469777803&quot;:&quot;left&quot;,&quot;469777804&quot;:&quot;\u00b7&quot;,&quot;469777815&quot;:&quot;hybridMultilevel&quot;}\" data-aria-posinset=\"1\" data-aria-level=\"1\">gramatura 210 g = d\u0142ugie godziny z le\u015bnym aromatem w Twoim domu<\/li>\n<\/ul>\n","protected":false},"featured_media":3404806,"comment_status":"open","ping_status":"closed","template":"","meta":[],"product_cat":[246,130,104,118],"product_tag":[],"acf":[],"yoast_head":"<!-- This site is optimized with the Yoast SEO plugin v19.6.1 - https:\/\/yoast.com\/wordpress\/plugins\/seo\/ -->\n<title>\u015awieca zapachowa Chatka w lesie - Klaudyna Hebda Nature<\/title>\n<meta name=\"robots\" content=\"index, follow, max-snippet:-1, max-image-preview:large, max-video-preview:-1\" \/>\n<link rel=\"canonical\" href=\"https:\/\/klaudynahebda.pl\/sklep\/chatka-w-lesie-swieca\/\" \/>\n<meta property=\"og:locale\" content=\"pl_PL\" \/>\n<meta property=\"og:type\" content=\"article\" \/>\n<meta property=\"og:title\" content=\"\u015awieca zapachowa Chatka w lesie - Klaudyna Hebda Nature\" \/>\n<meta property=\"og:description\" content=\"\u015awieca sojowa Chatka w lesie to:   r\u0119cznie robiona \u015bwieca sojowa\u00a0  prosty, naturalny sk\u0142ad \u2013 tylko wosk sojowy i olejki eteryczne\u00a0  aromat cedru, sosny i ja\u0142owca\u00a0  zapach prawdziwego lasu w Twoim domu\u00a0  niezb\u0119dnik do relaksu i g\u0142\u0119bokiego odpr\u0119\u017cenia\u00a0  niezr\u00f3wnany pomocnik w tworzeniu wyj\u0105tkowej atmosfery\u00a0  gramatura 210 g = d\u0142ugie godziny z le\u015bnym aromatem w Twoim domu\" \/>\n<meta property=\"og:url\" content=\"https:\/\/klaudynahebda.pl\/sklep\/chatka-w-lesie-swieca\/\" \/>\n<meta property=\"og:site_name\" content=\"Klaudyna Hebda Nature\" \/>\n<meta property=\"article:modified_time\" content=\"2026-04-02T08:59:01+00:00\" \/>\n<meta property=\"og:image\" content=\"https:\/\/klaudynahebda.pl\/sklep\/wp-content\/uploads\/2024\/11\/swieca-chatka-w-lesie-packshot-biale-tlo-k-hebda.jpg\" \/>\n\t<meta property=\"og:image:width\" content=\"844\" \/>\n\t<meta property=\"og:image:height\" content=\"1152\" \/>\n\t<meta property=\"og:image:type\" content=\"image\/jpeg\" \/>\n<meta name=\"twitter:card\" content=\"summary_large_image\" \/>\n<meta name=\"twitter:label1\" content=\"Szacowany czas czytania\" \/>\n\t<meta name=\"twitter:data1\" content=\"2 minuty\" \/>\n<script type=\"application\/ld+json\" class=\"yoast-schema-graph\">{\"@context\":\"https:\/\/schema.org\",\"@graph\":[{\"@type\":\"WebPage\",\"@id\":\"https:\/\/klaudynahebda.pl\/sklep\/chatka-w-lesie-swieca\/\",\"url\":\"https:\/\/klaudynahebda.pl\/sklep\/chatka-w-lesie-swieca\/\",\"name\":\"\u015awieca zapachowa Chatka w lesie - Klaudyna Hebda Nature\",\"isPartOf\":{\"@id\":\"https:\/\/klaudynahebda.pl\/sklep\/#website\"},\"datePublished\":\"2024-11-20T09:19:58+00:00\",\"dateModified\":\"2026-04-02T08:59:01+00:00\",\"breadcrumb\":{\"@id\":\"https:\/\/klaudynahebda.pl\/sklep\/chatka-w-lesie-swieca\/#breadcrumb\"},\"inLanguage\":\"pl-PL\",\"potentialAction\":[{\"@type\":\"ReadAction\",\"target\":[\"https:\/\/klaudynahebda.pl\/sklep\/chatka-w-lesie-swieca\/\"]}]},{\"@type\":\"BreadcrumbList\",\"@id\":\"https:\/\/klaudynahebda.pl\/sklep\/chatka-w-lesie-swieca\/#breadcrumb\",\"itemListElement\":[{\"@type\":\"ListItem\",\"position\":1,\"name\":\"Strona g\u0142\u00f3wna\",\"item\":\"https:\/\/klaudynahebda.pl\/sklep\/\"},{\"@type\":\"ListItem\",\"position\":2,\"name\":\"Sklep\",\"item\":\"https:\/\/klaudynahebda.pl\/sklep\/sklep\/\"},{\"@type\":\"ListItem\",\"position\":3,\"name\":\"\u015awiece\",\"item\":\"https:\/\/klaudynahebda.pl\/sklep\/swiece\/\"},{\"@type\":\"ListItem\",\"position\":4,\"name\":\"\u015awieca zapachowa Chatka w lesie\"}]},{\"@type\":\"WebSite\",\"@id\":\"https:\/\/klaudynahebda.pl\/sklep\/#website\",\"url\":\"https:\/\/klaudynahebda.pl\/sklep\/\",\"name\":\"Klaudyna Hebda Nature\",\"description\":\"Sklep\",\"publisher\":{\"@id\":\"https:\/\/klaudynahebda.pl\/sklep\/#organization\"},\"potentialAction\":[{\"@type\":\"SearchAction\",\"target\":{\"@type\":\"EntryPoint\",\"urlTemplate\":\"https:\/\/klaudynahebda.pl\/sklep\/?s={search_term_string}\"},\"query-input\":\"required name=search_term_string\"}],\"inLanguage\":\"pl-PL\"},{\"@type\":\"Organization\",\"@id\":\"https:\/\/klaudynahebda.pl\/sklep\/#organization\",\"name\":\"KlaudynaHebda\",\"url\":\"https:\/\/klaudynahebda.pl\/sklep\/\",\"sameAs\":[],\"logo\":{\"@type\":\"ImageObject\",\"inLanguage\":\"pl-PL\",\"@id\":\"https:\/\/klaudynahebda.pl\/sklep\/#\/schema\/logo\/image\/\",\"url\":\"\",\"contentUrl\":\"\",\"caption\":\"KlaudynaHebda\"},\"image\":{\"@id\":\"https:\/\/klaudynahebda.pl\/sklep\/#\/schema\/logo\/image\/\"}}]}<\/script>\n<!-- \/ Yoast SEO plugin. -->","yoast_head_json":{"title":"\u015awieca zapachowa Chatka w lesie - Klaudyna Hebda Nature","robots":{"index":"index","follow":"follow","max-snippet":"max-snippet:-1","max-image-preview":"max-image-preview:large","max-video-preview":"max-video-preview:-1"},"canonical":"https:\/\/klaudynahebda.pl\/sklep\/chatka-w-lesie-swieca\/","og_locale":"pl_PL","og_type":"article","og_title":"\u015awieca zapachowa Chatka w lesie - Klaudyna Hebda Nature","og_description":"\u015awieca sojowa Chatka w lesie to:   r\u0119cznie robiona \u015bwieca sojowa\u00a0  prosty, naturalny sk\u0142ad \u2013 tylko wosk sojowy i olejki eteryczne\u00a0  aromat cedru, sosny i ja\u0142owca\u00a0  zapach prawdziwego lasu w Twoim domu\u00a0  niezb\u0119dnik do relaksu i g\u0142\u0119bokiego odpr\u0119\u017cenia\u00a0  niezr\u00f3wnany pomocnik w tworzeniu wyj\u0105tkowej atmosfery\u00a0  gramatura 210 g = d\u0142ugie godziny z le\u015bnym aromatem w Twoim domu","og_url":"https:\/\/klaudynahebda.pl\/sklep\/chatka-w-lesie-swieca\/","og_site_name":"Klaudyna Hebda Nature","article_modified_time":"2026-04-02T08:59:01+00:00","og_image":[{"width":844,"height":1152,"url":"https:\/\/klaudynahebda.pl\/sklep\/wp-content\/uploads\/2024\/11\/swieca-chatka-w-lesie-packshot-biale-tlo-k-hebda.jpg","type":"image\/jpeg"}],"twitter_card":"summary_large_image","twitter_misc":{"Szacowany czas czytania":"2 minuty"},"schema":{"@context":"https:\/\/schema.org","@graph":[{"@type":"WebPage","@id":"https:\/\/klaudynahebda.pl\/sklep\/chatka-w-lesie-swieca\/","url":"https:\/\/klaudynahebda.pl\/sklep\/chatka-w-lesie-swieca\/","name":"\u015awieca zapachowa Chatka w lesie - Klaudyna Hebda Nature","isPartOf":{"@id":"https:\/\/klaudynahebda.pl\/sklep\/#website"},"datePublished":"2024-11-20T09:19:58+00:00","dateModified":"2026-04-02T08:59:01+00:00","breadcrumb":{"@id":"https:\/\/klaudynahebda.pl\/sklep\/chatka-w-lesie-swieca\/#breadcrumb"},"inLanguage":"pl-PL","potentialAction":[{"@type":"ReadAction","target":["https:\/\/klaudynahebda.pl\/sklep\/chatka-w-lesie-swieca\/"]}]},{"@type":"BreadcrumbList","@id":"https:\/\/klaudynahebda.pl\/sklep\/chatka-w-lesie-swieca\/#breadcrumb","itemListElement":[{"@type":"ListItem","position":1,"name":"Strona g\u0142\u00f3wna","item":"https:\/\/klaudynahebda.pl\/sklep\/"},{"@type":"ListItem","position":2,"name":"Sklep","item":"https:\/\/klaudynahebda.pl\/sklep\/sklep\/"},{"@type":"ListItem","position":3,"name":"\u015awiece","item":"https:\/\/klaudynahebda.pl\/sklep\/swiece\/"},{"@type":"ListItem","position":4,"name":"\u015awieca zapachowa Chatka w lesie"}]},{"@type":"WebSite","@id":"https:\/\/klaudynahebda.pl\/sklep\/#website","url":"https:\/\/klaudynahebda.pl\/sklep\/","name":"Klaudyna Hebda Nature","description":"Sklep","publisher":{"@id":"https:\/\/klaudynahebda.pl\/sklep\/#organization"},"potentialAction":[{"@type":"SearchAction","target":{"@type":"EntryPoint","urlTemplate":"https:\/\/klaudynahebda.pl\/sklep\/?s={search_term_string}"},"query-input":"required name=search_term_string"}],"inLanguage":"pl-PL"},{"@type":"Organization","@id":"https:\/\/klaudynahebda.pl\/sklep\/#organization","name":"KlaudynaHebda","url":"https:\/\/klaudynahebda.pl\/sklep\/","sameAs":[],"logo":{"@type":"ImageObject","inLanguage":"pl-PL","@id":"https:\/\/klaudynahebda.pl\/sklep\/#\/schema\/logo\/image\/","url":"","contentUrl":"","caption":"KlaudynaHebda"},"image":{"@id":"https:\/\/klaudynahebda.pl\/sklep\/#\/schema\/logo\/image\/"}}]}},"_links":{"self":[{"href":"https:\/\/klaudynahebda.pl\/sklep\/wp-json\/wp\/v2\/product\/3057757"}],"collection":[{"href":"https:\/\/klaudynahebda.pl\/sklep\/wp-json\/wp\/v2\/product"}],"about":[{"href":"https:\/\/klaudynahebda.pl\/sklep\/wp-json\/wp\/v2\/types\/product"}],"replies":[{"embeddable":true,"href":"https:\/\/klaudynahebda.pl\/sklep\/wp-json\/wp\/v2\/comments?post=3057757"}],"wp:featuredmedia":[{"embeddable":true,"href":"https:\/\/klaudynahebda.pl\/sklep\/wp-json\/wp\/v2\/media\/3404806"}],"wp:attachment":[{"href":"https:\/\/klaudynahebda.pl\/sklep\/wp-json\/wp\/v2\/media?parent=3057757"}],"wp:term":[{"taxonomy":"product_cat","embeddable":true,"href":"https:\/\/klaudynahebda.pl\/sklep\/wp-json\/wp\/v2\/product_cat?post=3057757"},{"taxonomy":"product_tag","embeddable":true,"href":"https:\/\/klaudynahebda.pl\/sklep\/wp-json\/wp\/v2\/product_tag?post=3057757"}],"curies":[{"name":"wp","href":"https:\/\/api.w.org\/{rel}","templated":true}]}}