{"id":3055676,"date":"2025-06-25T15:35:33","date_gmt":"2025-06-25T13:35:33","guid":{"rendered":"https:\/\/klaudynahebda.pl\/sklep\/?post_type=product&#038;p=3055676"},"modified":"2026-04-06T17:13:29","modified_gmt":"2026-04-06T15:13:29","slug":"lekki-oddech-noc-mieszanka","status":"publish","type":"product","link":"https:\/\/klaudynahebda.pl\/sklep\/lekki-oddech-noc-mieszanka\/","title":{"rendered":"Mieszanka Lekki Oddech Noc &#8211; mieszanka 100% olejk\u00f3w eterycznych"},"content":{"rendered":"<h2>Lekki Oddech Noc \u2013 mieszanka olejk\u00f3w eterycznych dla dzieci<\/h2>\n<p><strong>Cisza, spok\u00f3j i oddech lekki jak chmurka \u2013 ka\u017cdej nocy<\/strong><\/p>\n<p>\u201ePo czym rozpoznaj\u0119, \u017ce to b\u0119dzie trudna noc dla Frania? Wiercenie, kr\u0119cenie i ten charakterystyczny oddech. Widz\u0119, jak mu ci\u0119\u017cko \u2013 a mnie chyba jeszcze ci\u0119\u017cej, kiedy na to patrz\u0119\u201d. Te\u017c to znasz? Zamiast si\u0119 martwi\u0107 \u2013 wezwij na pomoc\u2026 naszego S\u0142onika. \ud83d\ude09<\/p>\n<p>Lekki Oddech Noc (w buteleczce ze s\u0142onikiem) to starannie dobrana mieszanka<strong> pi\u0119ciu naturalnych olejk\u00f3w eterycznych dla dzieci<\/strong>. Formu\u0142\u0119 opracowa\u0142a aromaterapeutka kliniczna, Klaudyna Hebda, aby wspiera\u0107 wieczorne wyciszenie i komfort oddychania. To olejek stworzony z my\u015bl\u0105 o najm\u0142odszych oraz ich rodzicach, kt\u00f3rzy szukaj\u0105 naturalnych sposob\u00f3w na wsparcie ma\u0142ych nosk\u00f3w. <strong>A tr\u0105bienie zostawmy s\u0142oniom.<\/strong>\ud83d\ude0a<\/p>\n<p>Wystarczy kilka kropli, by w dzieci\u0119cym pokoju uni\u00f3s\u0142 si\u0119 zio\u0142owy, wyciszaj\u0105cy aromat. Delikatny zapach mandarynki, lawendy i bergamotki pomaga rozlu\u017ani\u0107 napi\u0119cie po ca\u0142ym dniu, a majeranek i wetyweria tworz\u0105 spokojn\u0105 atmosfer\u0119 sprzyjaj\u0105c\u0105 zasypianiu.<\/p>\n<p><strong>To jak? Czas zaprosi\u0107 S\u0142onika i do Twojego domu!\u00a0<\/strong><\/p>\n<h2>Jak dzia\u0142aj\u0105 olejki w mieszance Lekki Oddech Noc?<\/h2>\n<ul>\n<li><strong>Mandarynka<\/strong> \u2013 jej \u0142agodny zapach pomaga rozlu\u017ani\u0107 napi\u0119cie po ca\u0142ym dniu i sprawia, \u017ce dziecko szybciej si\u0119 odpr\u0119\u017ca.<\/li>\n<li><strong><a href=\"https:\/\/klaudynahebda.pl\/zielnik\/lebiodka-majeranek\/\"><span style=\"color: #006f4f;\">Majeranek<\/span><\/a> <\/strong>\u2013 aromat wspiera komfort oddechowy. Szczeg\u00f3lnie pomocny wieczorem, gdy maluszkowi trudniej z\u0142apa\u0107 lekki, swobodny oddech.<\/li>\n<li><strong><a href=\"https:\/\/klaudynahebda.pl\/zielnik\/lawenda-waskolistna\/\"><span style=\"color: #006f4f;\">Lawenda<\/span><\/a> <\/strong>\u2013 pomaga uspokoi\u0107 emocje, z\u0142agodzi\u0107 pobudzenie i zasn\u0105\u0107 bez wiercenia si\u0119.<\/li>\n<li><strong>Bergamotka<\/strong> \u2013 przywraca r\u00f3wnowag\u0119. Kiedy dziecko jest rozdra\u017cnione albo \u201ekr\u0119ci si\u0119 bez powodu\u201d.<\/li>\n<li><strong>Wetyweria<\/strong> \u2013 pomaga poczu\u0107 si\u0119 bezpiecznie i spokojnie.<\/li>\n<\/ul>\n<h3>Mieszanka olejk\u00f3w Lekki Oddech Noc \u2013 czy to formu\u0142a dla Ciebie?<\/h3>\n<p>Mieszanka olejk\u00f3w eterycznych K. Hebda Lekki Oddech Noc to idealne rozwi\u0105zanie dla dzieci <strong>ju\u017c powy\u017cej 3. roku \u017cycia<\/strong>. Wybierz j\u0105, je\u015bli jeste\u015b rodzicem, kt\u00f3ry:<\/p>\n<ul>\n<li>szuka prostych i <strong>naturalnych sposob\u00f3w<\/strong> na wsparcie swobodnego i komfortowego oddechu pociechy przez ca\u0142\u0105 noc;<\/li>\n<li>wie, \u017ce <strong>dobry sen dziecka<\/strong> to spokojna noc i poranek dla ca\u0142ej rodziny;<\/li>\n<li>chce stworzy\u0107 <strong>rytua\u0142 zasypiania<\/strong>. Mo\u017cesz zaplanowa\u0107 go po swojemu lub posi\u0142kowa\u0107 si\u0119 naszymi 3 krokami: \u00a01. masa\u017c st\u00f3pek 2. zapach w pokoju 3. kropelka olejku na po\u015bcieli.<br \/>\nEFEKT: atmosfera znanego, powtarzalnego \u201eobrazu zamkni\u0119cie dnia\u201d &#8211;\u00a0 dziecko czuje si\u0119 bezpiecznie, oddycha g\u0142\u0119boko, pi\u0119knie zasypia.<\/li>\n<\/ul>\n<h3>Wieczorne rytua\u0142y z seri\u0105 Lekki Oddech<\/h3>\n<ul>\n<li><strong>Wieczorem:<\/strong> przygotuj k\u0105piel z <strong><a href=\"https:\/\/klaudynahebda.pl\/sklep\/koncentrat-do-kapieli-lekki-oddech-100-200-ml\/\">koncentratem Lekki Oddech<\/a><\/strong> lub <strong><a href=\"https:\/\/klaudynahebda.pl\/sklep\/sol-ziolowa-do-kapieli-lekki-oddech\/\">sol\u0105 Lekki Oddech<\/a><\/strong>, nast\u0119pnie posmaruj stopy, plecy lub klatk\u0119 piersiow\u0105 dziecka <a href=\"https:\/\/klaudynahebda.pl\/sklep\/balsam-lekki-oddech\/\"><strong>balsamem Lekki Oddech<\/strong><\/a>.<\/li>\n<li><strong>Przed snem:<\/strong> dyfuzja z mieszank\u0105 Lekki Oddech Noc. Aby w pe\u0142ni czerpa\u0107 z w\u0142a\u015bciwo\u015bci olejk\u00f3w eterycznych, si\u0119gnij po <a href=\"https:\/\/klaudynahebda.pl\/sklep\/dyfuzor-do-aromaterapii\/\"><strong data-start=\"259\" data-end=\"288\">dyfuzor bezwodny K. HEBDA<\/strong><\/a> \u2013 urz\u0105dzenie, kt\u00f3re wydobywa 100% esencji zapachowej bez u\u017cycia wody i ciep\u0142a. Dzi\u0119ki temu cz\u0105steczki olejk\u00f3w nie s\u0105 rozcie\u0144czone, a zapach jest dok\u0142adnie taki, jaki czujesz w\u0105chaj\u0105c buteleczk\u0119. Na noc mo\u017cesz przyklei\u0107 na pi\u017camk\u0119 lub \u0142\u00f3\u017ceczko dziecka<a href=\"https:\/\/klaudynahebda.pl\/sklep\/plastry-lekki-oddech\/\"> plastry aromatyczne Lekki Oddech<\/a> &#8211; dzia\u0142aj\u0105 a\u017c do 8 godzin!<\/li>\n<\/ul>\n<div class=\"table-responsive\">\n<table style=\"width: 100%; border-collapse: collapse; color: #000;\">\n<thead>\n<tr>\n<th style=\"background: #006F4F; color: #fff; padding: 14px; text-align: left; border: 1px solid #B7E0CE;\">Co si\u0119 dzieje?<\/th>\n<th style=\"background: #006F4F; color: #fff; padding: 14px; text-align: left; border: 1px solid #B7E0CE;\">Wybieram Lekki Oddech&#8230;<\/th>\n<\/tr>\n<\/thead>\n<tbody><!-- PLASTRY --><\/p>\n<tr style=\"background: #fff;\">\n<td style=\"padding: 14px; border: 1px solid #B7E0CE;\">\u2022 dziecko \u015bpi i nie chcesz go budzi\u0107<br \/>\n\u2022 masz za du\u017co na g\u0142owie, by pami\u0119ta\u0107 o reaplikacji<br \/>\n\u2022 dziecko odmawia smarowania i inhalacji<br \/>\n\u2022 jeste\u015bcie poza domem<br \/>\n\u2022 liczy si\u0119 ka\u017cda sekunda<\/td>\n<td style=\"padding: 14px; border: 1px solid #B7E0CE; background: #B7E0CE;\"><a href=\"https:\/\/klaudynahebda.pl\/sklep\/plastry-lekki-oddech\/\"><b>w plasterkach<\/b><\/a><br \/>\n\u2022 u\u0142atwiaj\u0105 swobodne oddychanie<br \/>\n\u2022 dzia\u0142aj\u0105 nawet do 8 godzin &#8211; bez reaplikacji<br \/>\n\u2022 bez kontaktu ze sk\u00f3r\u0105<br \/>\n\u2022 bez negocjacji z dzieckiem &#8211; zapach pracuje &#8220;w tle&#8221;<\/td>\n<\/tr>\n<p><!-- BALSAM --><\/p>\n<tr style=\"background: #fff;\">\n<td style=\"padding: 14px; border: 1px solid #B7E0CE;\">\u2022 jeste\u015b w domu i masz wi\u0119cej czasu<br \/>\n\u2022 dziecko potrzebuje Twojej obecno\u015bci i wsparcia<br \/>\n\u2022 dziecko lubi dotyk i masa\u017ce<br \/>\n\u2022 sk\u00f3ra potrzebuje ukojenia i ochrony<\/td>\n<td style=\"padding: 14px; border: 1px solid #B7E0CE; background: #B7E0CE;\"><a href=\"https:\/\/klaudynahebda.pl\/sklep\/balsam-lekki-oddech\/\"><b>w balsamie<\/b><\/a><br \/>\n\u2022 dzia\u0142a bezpo\u015brednio na sk\u00f3r\u0119 &#8211; koncentracja w konkretnym obszarze<br \/>\n\u2022 zapach wspiera swobodny oddech<br \/>\n\u2022 rodzinny rytua\u0142 troski i bezpiecze\u0144stwa<br \/>\n\u2022 najlepszy przy regularnym stosowaniu<\/td>\n<\/tr>\n<p><!-- MIESZANKA --><\/p>\n<tr style=\"background: #fff;\">\n<td style=\"padding: 14px; border: 1px solid #B7E0CE;\">\u2022 zapach ma dzia\u0142a\u0107 dla ca\u0142ej rodziny<br \/>\n\u2022 potrzebujesz domowego wyciszenia (wiecz\u00f3r, drzemka w ci\u0105gu dnia)<br \/>\n\u2022 chcesz dzia\u0142ania \u201ew tle\u201d i \u201eprzy okazji\u201d<\/td>\n<td style=\"padding: 14px; border: 1px solid #B7E0CE; background: #B7E0CE;\"><b>w mieszance olejk\u00f3w na noc<\/b><br \/>\n\u2022 \u015bwie\u017co\u015b\u0107 olejk\u00f3w wype\u0142nia ca\u0142\u0105 przestrze\u0144<br \/>\n\u2022 z olejk\u00f3w korzysta ca\u0142a rodzina &#8211; bez odrywania si\u0119 od zaj\u0119\u0107<br \/>\n\u2022 to idealny rytua\u0142 przed snem, kt\u00f3ry sprzyja odpr\u0119\u017ceniu i regeneracji<\/td>\n<\/tr>\n<\/tbody>\n<\/table>\n<\/div>\n<div class=\"row row-collapse align-middle\"  id=\"row-276988439\">\n\n\t<div id=\"col-1475685798\" class=\"col small-10 large-12\"  >\n\t\t\t\t<div class=\"col-inner\"  >\n\t\t\t\n\t\t\t\n<h3 class=\"accordion_title\">Najcz\u0119\u015bciej zadawane pytania<\/h3><div class=\"accordion\" rel=\"1\">\n<\/div>\n<div class=\"accordion-item\"><a href=\"#\" class=\"accordion-title plain\"><button class=\"toggle\"><i class=\"icon-angle-down\"><\/i><\/button><span>W jaki spos\u00f3b mog\u0119 stosowa\u0107 mieszank\u0119 Lekki Oddech Noc?<\/span><\/a><div class=\"accordion-inner\">\n<ul>\n<li><strong>Do dyfuzora<\/strong>:\u00a0dodaj 15-20 kropli (<strong><a href=\"https:\/\/klaudynahebda.pl\/sklep\/dyfuzor-do-aromaterapii\/\">dyfuzor bezwodny K. HEBDA<\/a><\/strong>) lub kilka kropli (dyfuzor wodny) i uruchom urz\u0105dzenie na 20\u201330 minut. Pami\u0119taj, \u017ceby dyfuzowa\u0107 olejki jedynie w dobrze wentylowanych pomieszczeniach, a po zako\u0144czonej dyfuzji dok\u0142adnie przewietrzy\u0107 pok\u00f3j.<\/li>\n<li><strong>Na po\u015bciel lub pi\u017camk\u0119<\/strong>: Umie\u015b\u0107 1 kropl\u0119 mieszanki na rogu po\u015bcieli lub pi\u017camki dziecka \u2013 z dala od twarzy. Przed u\u017cyciem wykonaj pr\u00f3b\u0119 na niewidocznym fragmencie materia\u0142u, by sprawdzi\u0107, czy nie odbarwia tkaniny.<\/li>\n<li><strong>Na st\u00f3pki<\/strong>: Wymieszaj olejek z olejem bazowym* i delikatnie wmasuj w stopy dziecka przed snem. To prosty rytua\u0142, kt\u00f3ry mo\u017ce sta\u0107 si\u0119 sygna\u0142em do odpoczynku.<\/li>\n<li><strong>Do masa\u017cu relaksacyjnego<\/strong>: W po\u0142\u0105czeniu z olejem bazowym* mo\u017cesz u\u017cy\u0107 mieszanki do wieczornego masa\u017cu klatki piersiowej, plec\u00f3w lub ramion. Spokojny dotyk i aromat olejk\u00f3w eterycznych do masa\u017cu tworz\u0105 razem bezpieczn\u0105 przestrze\u0144 do zasypiania.<\/li>\n<li><strong>Aromatyczna k\u0105piel<\/strong>: Dodaj kilka kropli* do p\u0142ynu do k\u0105pieli\u202f i dolej do wody. Mo\u017cesz te\u017c u\u017cy\u0107 <strong><a href=\"https:\/\/klaudynahebda.pl\/sklep\/koncentrat-do-kapieli-lekki-oddech-100-200-ml\/\">koncentratu Lekki Oddech<\/a><\/strong>.<\/li>\n<\/ul>\n<p><strong style=\"color: #555555;\">*Stosuj maksymalnie 3 krople mieszanki na 5 ml (\u0142y\u017ceczk\u0119) oleju bazowego lub p\u0142ynu do k\u0105pieli \u2013 albo odpowiednio 6 kropli na 10 ml. Zacznij od mniejszej ilo\u015bci (np. 1 kropla na 5 ml), obserwuj reakcj\u0119 dziecka i stopniowo j\u0105 zwi\u0119kszaj, je\u015bli b\u0119dzie to potrzebne\u00a0<\/strong><\/p>\n<\/div><\/div>\n<div class=\"accordion-item\"><a href=\"#\" class=\"accordion-title plain\"><button class=\"toggle\"><i class=\"icon-angle-down\"><\/i><\/button><span>Jak dzia\u0142a mieszanka olejk\u00f3w Lekki Oddech Noc?<\/span><\/a><div class=\"accordion-inner\">\n<p>To starannie dobrana kompozycja pi\u0119ciu naturalnych olejk\u00f3w eterycznych: mandarynki, lawendy, bergamotki, majeranku i wetywerii. \u0141agodny, zio\u0142owy zapach pomaga wyciszy\u0107 dziecko przed snem i wspiera komfort oddychania, tworz\u0105c spokojn\u0105 atmosfer\u0119 w pokoju.<\/p>\n<\/div><\/div>\n<div class=\"accordion-item\"><a href=\"#\" class=\"accordion-title plain\"><button class=\"toggle\"><i class=\"icon-angle-down\"><\/i><\/button><span>Od jakiego wieku mo\u017cna stosowa\u0107 Lekki Oddech Noc?<\/span><\/a><div class=\"accordion-inner\">\n<p>Pod k\u0105tem aromaterapeutycznym mieszank\u0119 polecamy dla dzieci powy\u017cej 3. roku \u017cycia &#8211; to nasza rekomendacja wynikaj\u0105ca z wiedzy i do\u015bwiadczenia, ale oczywi\u015bcie to od Ciebie zale\u017cy, kiedy zastosujesz mieszank\u0119. Dzi\u0119ki delikatnej formule i naturalnym sk\u0142adnikom mo\u017ce by\u0107 bezpiecznie stosowana jako element wieczornego rytua\u0142u zasypiania.<\/p>\n<\/div><\/div>\n<div class=\"accordion-item\"><a href=\"#\" class=\"accordion-title plain\"><button class=\"toggle\"><i class=\"icon-angle-down\"><\/i><\/button><span>Czy mog\u0119 u\u017cywa\u0107 tej mieszanki codziennie?<\/span><\/a><div class=\"accordion-inner\">\n<p>Tak. Olejek K. Hebda Lekki Oddech Noc mo\u017ce by\u0107 stosowany codziennie jako cz\u0119\u015b\u0107 wieczornego rytua\u0142u, kt\u00f3ry pomaga dziecku wyciszy\u0107 si\u0119 i zasn\u0105\u0107 spokojnie.<\/p>\n<\/div><\/div>\n<div class=\"accordion-item\"><a href=\"#\" class=\"accordion-title plain\"><button class=\"toggle\"><i class=\"icon-angle-down\"><\/i><\/button><span>Czy olejek mo\u017ce odbarwi\u0107 tkaniny?<\/span><\/a><div class=\"accordion-inner\">\n<p>Istnieje taka mo\u017cliwo\u015b\u0107. Przed u\u017cyciem na po\u015bcieli przetestuj olejek na niewidocznym fragmencie materia\u0142u.<\/p>\n<\/div><\/div>\n<div class=\"accordion-item\"><a href=\"#\" class=\"accordion-title plain\"><button class=\"toggle\"><i class=\"icon-angle-down\"><\/i><\/button><span>Jakie s\u0105 g\u0142\u00f3wne sk\u0142adniki mieszanki Lekki Oddech Noc i jak dzia\u0142aj\u0105?<\/span><\/a><div class=\"accordion-inner\">\n<ul>\n<li><strong>Mandarynka<\/strong> \u2013 odpr\u0119\u017ca i u\u0142atwia wyciszenie.<\/li>\n<li><strong>Lawenda<\/strong> \u2013 \u0142agodzi pobudzenie, wspiera spokojne zasypianie.<\/li>\n<li><strong>Bergamotka<\/strong> \u2013 przywraca r\u00f3wnowag\u0119, gdy dziecko \u201ekr\u0119ci si\u0119 bez powodu\u201d.<\/li>\n<li><strong>Majeranek<\/strong> \u2013 wspiera swobodny oddech.<\/li>\n<li><strong>Wetyweria<\/strong> \u2013 daje poczucie bezpiecze\u0144stwa i spokoju.<\/li>\n<\/ul>\n<\/div><\/div>\n<div class=\"accordion-item\"><a href=\"#\" class=\"accordion-title plain\"><button class=\"toggle\"><i class=\"icon-angle-down\"><\/i><\/button><span>Czy zapach mieszanki nie b\u0119dzie zbyt intensywny dla dziecka?<\/span><\/a><div class=\"accordion-inner\">\n<p>Formu\u0142a zosta\u0142a opracowana z my\u015bl\u0105 o najm\u0142odszych \u2013 delikatna, zio\u0142owo-cytrusowa kompozycja dzia\u0142a subtelnie, bez przyt\u0142aczaj\u0105cego aromatu. Zawsze zaczynaj od ma\u0142ej ilo\u015bci i obserwuj reakcj\u0119 dziecka.<\/p>\n<\/div><\/div>\n<div class=\"accordion-item\"><a href=\"#\" class=\"accordion-title plain\"><button class=\"toggle\"><i class=\"icon-angle-down\"><\/i><\/button><span>Jakie s\u0105 inne produkty z serii Lekki Oddech?<\/span><\/a><div class=\"accordion-inner\">\n<p>Seria Lekki Oddech obejmuje <strong><a href=\"https:\/\/klaudynahebda.pl\/sklep\/balsam-lekki-oddech\/\">balsam Lekki Oddech<\/a><\/strong>, <strong><a href=\"https:\/\/klaudynahebda.pl\/sklep\/sol-ziolowa-do-kapieli-lekki-oddech\/\">s\u00f3l do k\u0105pieli Lekki Oddech<\/a><\/strong>, <strong><a href=\"https:\/\/klaudynahebda.pl\/sklep\/koncentrat-do-kapieli-lekki-oddech-100-200-ml\/\">koncentrat do k\u0105pieli Lekki Oddech<\/a><\/strong>, a w przysz\u0142o\u015bci wiele innych produkt\u00f3w.<\/p>\n<p><strong>Produkty z serii Lekki Oddech mo\u017cesz kupi\u0107 tak\u017ce w zestawach, z rabatem:<\/strong><\/p>\n<ul>\n<li><strong><a href=\"https:\/\/klaudynahebda.pl\/sklep\/zestaw-lekki-oddech-sol-i-koncentrat\/\">Zestaw Lekki Oddech: S\u00f3l i Koncentrat do k\u0105piel<\/a><\/strong><\/li>\n<li><a href=\"https:\/\/klaudynahebda.pl\/sklep\/zestaw-na-przeziebienia-u-dzieci\/\"><strong>Zestaw Lekki Oddech: balsam, s\u00f3l do k\u0105pieli, olejek tymiankowym<\/strong><\/a><\/li>\n<li><strong><a href=\"https:\/\/klaudynahebda.pl\/sklep\/zestaw-balsamow-lekki-oddech\/\">Zestaw 3 Balsam\u00f3w Lekki Oddech\u00a0<\/a><\/strong><\/li>\n<\/ul>\n<\/div><\/div>\n\t<div id=\"gap-1984891611\" class=\"gap-element clearfix\" style=\"display:block; height:auto;\">\n\t\t\n<style>\n#gap-1984891611 {\n  padding-top: 20px;\n}\n<\/style>\n\t<\/div>\n\t\n\t\t<\/div>\n\t\t\t\t\t<\/div>\n\n\t\n\n<style>\n#row-276988439 > .col > .col-inner {\n  padding: 35px 0px 20px 0px;\n}\n<\/style>\n<\/div>\n","protected":false},"excerpt":{"rendered":"<h2>Mieszanka Lekki Oddech Noc to\u2026<\/h2>\n<ul>\n<li>aromaterapeutyczne wsparcie dla Twojego dziecka \u2013 koj\u0105cy zapach zapewnia komfortowe oddychanie\u202fi spokojniejszy sen<\/li>\n<li>w 100% naturalny olejek dla dzieci powy\u017cej 3. roku \u017cycia<\/li>\n<li>zio\u0142owa receptura do u\u017cywania w dyfuzorze, na po\u015bcieli lub do wieczornego masa\u017cu<\/li>\n<\/ul>\n","protected":false},"featured_media":3320182,"comment_status":"open","ping_status":"closed","template":"","meta":[],"product_cat":[223,114,126,36,187,188,191,189,39,96,190],"product_tag":[],"acf":[],"yoast_head":"<!-- This site is optimized with the Yoast SEO plugin v19.6.1 - https:\/\/yoast.com\/wordpress\/plugins\/seo\/ -->\n<title>Mieszanka Lekki Oddech Noc - mieszanka 100% olejk\u00f3w eterycznych - Klaudyna Hebda Nature<\/title>\n<meta name=\"description\" content=\"Naturalna mieszanka olejk\u00f3w eterycznych dla dzieci powy\u017cej 3. roku \u017cycia. Wspiera spokojny sen, u\u0142atwia oddychanie, wycisza i tworzy wieczorny rytua\u0142 zasypiania.\" \/>\n<meta name=\"robots\" content=\"index, follow, max-snippet:-1, max-image-preview:large, max-video-preview:-1\" \/>\n<link rel=\"canonical\" href=\"https:\/\/klaudynahebda.pl\/sklep\/lekki-oddech-noc-mieszanka\/\" \/>\n<meta property=\"og:locale\" content=\"pl_PL\" \/>\n<meta property=\"og:type\" content=\"article\" \/>\n<meta property=\"og:title\" content=\"Mieszanka Lekki Oddech Noc - mieszanka 100% olejk\u00f3w eterycznych - Klaudyna Hebda Nature\" \/>\n<meta property=\"og:description\" content=\"Naturalna mieszanka olejk\u00f3w eterycznych dla dzieci powy\u017cej 3. roku \u017cycia. Wspiera spokojny sen, u\u0142atwia oddychanie, wycisza i tworzy wieczorny rytua\u0142 zasypiania.\" \/>\n<meta property=\"og:url\" content=\"https:\/\/klaudynahebda.pl\/sklep\/lekki-oddech-noc-mieszanka\/\" \/>\n<meta property=\"og:site_name\" content=\"Klaudyna Hebda Nature\" \/>\n<meta property=\"article:modified_time\" content=\"2026-04-06T15:13:29+00:00\" \/>\n<meta property=\"og:image\" content=\"https:\/\/klaudynahebda.pl\/sklep\/wp-content\/uploads\/2025\/05\/olejek-lekki-oddech-noc-klaudyna-hebda.jpg\" \/>\n\t<meta property=\"og:image:width\" content=\"844\" \/>\n\t<meta property=\"og:image:height\" content=\"1152\" \/>\n\t<meta property=\"og:image:type\" content=\"image\/jpeg\" \/>\n<meta name=\"twitter:card\" content=\"summary_large_image\" \/>\n<meta name=\"twitter:label1\" content=\"Szacowany czas czytania\" \/>\n\t<meta name=\"twitter:data1\" content=\"7 minut\" \/>\n<script type=\"application\/ld+json\" class=\"yoast-schema-graph\">{\"@context\":\"https:\/\/schema.org\",\"@graph\":[{\"@type\":\"WebPage\",\"@id\":\"https:\/\/klaudynahebda.pl\/sklep\/lekki-oddech-noc-mieszanka\/\",\"url\":\"https:\/\/klaudynahebda.pl\/sklep\/lekki-oddech-noc-mieszanka\/\",\"name\":\"Mieszanka Lekki Oddech Noc - mieszanka 100% olejk\u00f3w eterycznych - Klaudyna Hebda Nature\",\"isPartOf\":{\"@id\":\"https:\/\/klaudynahebda.pl\/sklep\/#website\"},\"datePublished\":\"2025-06-25T13:35:33+00:00\",\"dateModified\":\"2026-04-06T15:13:29+00:00\",\"description\":\"Naturalna mieszanka olejk\u00f3w eterycznych dla dzieci powy\u017cej 3. roku \u017cycia. Wspiera spokojny sen, u\u0142atwia oddychanie, wycisza i tworzy wieczorny rytua\u0142 zasypiania.\",\"breadcrumb\":{\"@id\":\"https:\/\/klaudynahebda.pl\/sklep\/lekki-oddech-noc-mieszanka\/#breadcrumb\"},\"inLanguage\":\"pl-PL\",\"potentialAction\":[{\"@type\":\"ReadAction\",\"target\":[\"https:\/\/klaudynahebda.pl\/sklep\/lekki-oddech-noc-mieszanka\/\"]}]},{\"@type\":\"BreadcrumbList\",\"@id\":\"https:\/\/klaudynahebda.pl\/sklep\/lekki-oddech-noc-mieszanka\/#breadcrumb\",\"itemListElement\":[{\"@type\":\"ListItem\",\"position\":1,\"name\":\"Strona g\u0142\u00f3wna\",\"item\":\"https:\/\/klaudynahebda.pl\/sklep\/\"},{\"@type\":\"ListItem\",\"position\":2,\"name\":\"Sklep\",\"item\":\"https:\/\/klaudynahebda.pl\/sklep\/sklep\/\"},{\"@type\":\"ListItem\",\"position\":3,\"name\":\"Seria Lekki Oddech\",\"item\":\"https:\/\/klaudynahebda.pl\/sklep\/seria-lekki-oddech\/\"},{\"@type\":\"ListItem\",\"position\":4,\"name\":\"Mieszanka Lekki Oddech Noc &#8211; mieszanka 100% olejk\u00f3w eterycznych\"}]},{\"@type\":\"WebSite\",\"@id\":\"https:\/\/klaudynahebda.pl\/sklep\/#website\",\"url\":\"https:\/\/klaudynahebda.pl\/sklep\/\",\"name\":\"Klaudyna Hebda Nature\",\"description\":\"Sklep\",\"publisher\":{\"@id\":\"https:\/\/klaudynahebda.pl\/sklep\/#organization\"},\"potentialAction\":[{\"@type\":\"SearchAction\",\"target\":{\"@type\":\"EntryPoint\",\"urlTemplate\":\"https:\/\/klaudynahebda.pl\/sklep\/?s={search_term_string}\"},\"query-input\":\"required name=search_term_string\"}],\"inLanguage\":\"pl-PL\"},{\"@type\":\"Organization\",\"@id\":\"https:\/\/klaudynahebda.pl\/sklep\/#organization\",\"name\":\"KlaudynaHebda\",\"url\":\"https:\/\/klaudynahebda.pl\/sklep\/\",\"sameAs\":[],\"logo\":{\"@type\":\"ImageObject\",\"inLanguage\":\"pl-PL\",\"@id\":\"https:\/\/klaudynahebda.pl\/sklep\/#\/schema\/logo\/image\/\",\"url\":\"\",\"contentUrl\":\"\",\"caption\":\"KlaudynaHebda\"},\"image\":{\"@id\":\"https:\/\/klaudynahebda.pl\/sklep\/#\/schema\/logo\/image\/\"}}]}<\/script>\n<!-- \/ Yoast SEO plugin. -->","yoast_head_json":{"title":"Mieszanka Lekki Oddech Noc - mieszanka 100% olejk\u00f3w eterycznych - Klaudyna Hebda Nature","description":"Naturalna mieszanka olejk\u00f3w eterycznych dla dzieci powy\u017cej 3. roku \u017cycia. Wspiera spokojny sen, u\u0142atwia oddychanie, wycisza i tworzy wieczorny rytua\u0142 zasypiania.","robots":{"index":"index","follow":"follow","max-snippet":"max-snippet:-1","max-image-preview":"max-image-preview:large","max-video-preview":"max-video-preview:-1"},"canonical":"https:\/\/klaudynahebda.pl\/sklep\/lekki-oddech-noc-mieszanka\/","og_locale":"pl_PL","og_type":"article","og_title":"Mieszanka Lekki Oddech Noc - mieszanka 100% olejk\u00f3w eterycznych - Klaudyna Hebda Nature","og_description":"Naturalna mieszanka olejk\u00f3w eterycznych dla dzieci powy\u017cej 3. roku \u017cycia. Wspiera spokojny sen, u\u0142atwia oddychanie, wycisza i tworzy wieczorny rytua\u0142 zasypiania.","og_url":"https:\/\/klaudynahebda.pl\/sklep\/lekki-oddech-noc-mieszanka\/","og_site_name":"Klaudyna Hebda Nature","article_modified_time":"2026-04-06T15:13:29+00:00","og_image":[{"width":844,"height":1152,"url":"https:\/\/klaudynahebda.pl\/sklep\/wp-content\/uploads\/2025\/05\/olejek-lekki-oddech-noc-klaudyna-hebda.jpg","type":"image\/jpeg"}],"twitter_card":"summary_large_image","twitter_misc":{"Szacowany czas czytania":"7 minut"},"schema":{"@context":"https:\/\/schema.org","@graph":[{"@type":"WebPage","@id":"https:\/\/klaudynahebda.pl\/sklep\/lekki-oddech-noc-mieszanka\/","url":"https:\/\/klaudynahebda.pl\/sklep\/lekki-oddech-noc-mieszanka\/","name":"Mieszanka Lekki Oddech Noc - mieszanka 100% olejk\u00f3w eterycznych - Klaudyna Hebda Nature","isPartOf":{"@id":"https:\/\/klaudynahebda.pl\/sklep\/#website"},"datePublished":"2025-06-25T13:35:33+00:00","dateModified":"2026-04-06T15:13:29+00:00","description":"Naturalna mieszanka olejk\u00f3w eterycznych dla dzieci powy\u017cej 3. roku \u017cycia. Wspiera spokojny sen, u\u0142atwia oddychanie, wycisza i tworzy wieczorny rytua\u0142 zasypiania.","breadcrumb":{"@id":"https:\/\/klaudynahebda.pl\/sklep\/lekki-oddech-noc-mieszanka\/#breadcrumb"},"inLanguage":"pl-PL","potentialAction":[{"@type":"ReadAction","target":["https:\/\/klaudynahebda.pl\/sklep\/lekki-oddech-noc-mieszanka\/"]}]},{"@type":"BreadcrumbList","@id":"https:\/\/klaudynahebda.pl\/sklep\/lekki-oddech-noc-mieszanka\/#breadcrumb","itemListElement":[{"@type":"ListItem","position":1,"name":"Strona g\u0142\u00f3wna","item":"https:\/\/klaudynahebda.pl\/sklep\/"},{"@type":"ListItem","position":2,"name":"Sklep","item":"https:\/\/klaudynahebda.pl\/sklep\/sklep\/"},{"@type":"ListItem","position":3,"name":"Seria Lekki Oddech","item":"https:\/\/klaudynahebda.pl\/sklep\/seria-lekki-oddech\/"},{"@type":"ListItem","position":4,"name":"Mieszanka Lekki Oddech Noc &#8211; mieszanka 100% olejk\u00f3w eterycznych"}]},{"@type":"WebSite","@id":"https:\/\/klaudynahebda.pl\/sklep\/#website","url":"https:\/\/klaudynahebda.pl\/sklep\/","name":"Klaudyna Hebda Nature","description":"Sklep","publisher":{"@id":"https:\/\/klaudynahebda.pl\/sklep\/#organization"},"potentialAction":[{"@type":"SearchAction","target":{"@type":"EntryPoint","urlTemplate":"https:\/\/klaudynahebda.pl\/sklep\/?s={search_term_string}"},"query-input":"required name=search_term_string"}],"inLanguage":"pl-PL"},{"@type":"Organization","@id":"https:\/\/klaudynahebda.pl\/sklep\/#organization","name":"KlaudynaHebda","url":"https:\/\/klaudynahebda.pl\/sklep\/","sameAs":[],"logo":{"@type":"ImageObject","inLanguage":"pl-PL","@id":"https:\/\/klaudynahebda.pl\/sklep\/#\/schema\/logo\/image\/","url":"","contentUrl":"","caption":"KlaudynaHebda"},"image":{"@id":"https:\/\/klaudynahebda.pl\/sklep\/#\/schema\/logo\/image\/"}}]}},"_links":{"self":[{"href":"https:\/\/klaudynahebda.pl\/sklep\/wp-json\/wp\/v2\/product\/3055676"}],"collection":[{"href":"https:\/\/klaudynahebda.pl\/sklep\/wp-json\/wp\/v2\/product"}],"about":[{"href":"https:\/\/klaudynahebda.pl\/sklep\/wp-json\/wp\/v2\/types\/product"}],"replies":[{"embeddable":true,"href":"https:\/\/klaudynahebda.pl\/sklep\/wp-json\/wp\/v2\/comments?post=3055676"}],"wp:featuredmedia":[{"embeddable":true,"href":"https:\/\/klaudynahebda.pl\/sklep\/wp-json\/wp\/v2\/media\/3320182"}],"wp:attachment":[{"href":"https:\/\/klaudynahebda.pl\/sklep\/wp-json\/wp\/v2\/media?parent=3055676"}],"wp:term":[{"taxonomy":"product_cat","embeddable":true,"href":"https:\/\/klaudynahebda.pl\/sklep\/wp-json\/wp\/v2\/product_cat?post=3055676"},{"taxonomy":"product_tag","embeddable":true,"href":"https:\/\/klaudynahebda.pl\/sklep\/wp-json\/wp\/v2\/product_tag?post=3055676"}],"curies":[{"name":"wp","href":"https:\/\/api.w.org\/{rel}","templated":true}]}}