{"id":2954951,"date":"2024-06-17T23:11:53","date_gmt":"2024-06-17T21:11:53","guid":{"rendered":"https:\/\/klaudynahebda.pl\/sklep\/?post_type=product&#038;p=2954951"},"modified":"2026-04-25T19:04:17","modified_gmt":"2026-04-25T17:04:17","slug":"aromacaps-kapsulki-z-olejkiem-z-oregano-i-cytrynowym","status":"publish","type":"product","link":"https:\/\/klaudynahebda.pl\/sklep\/aromacaps-kapsulki-z-olejkiem-z-oregano-i-cytrynowym\/","title":{"rendered":"Kapsu\u0142ki z oregano, wit. D, E i olejkiem cytrynowym &#8211; K. Hebda Aromacaps\u00ae"},"content":{"rendered":"<p><b>K. Hebda Aromacaps\u00ae <\/b>to suplement diety \u0142\u0105cz\u0105cy moc naturalnych olejk\u00f3w z oregano i cytryny z dzia\u0142aniem witamin D i E. Stworzone z my\u015bl\u0105 o osobach, kt\u00f3re chc\u0105 zadba\u0107 o swoje zdrowie w naturalny spos\u00f3b.<\/p>\n<p>Formu\u0142a opiera si\u0119 na tradycyjnym olejku z oregano oraz nowoczesnym ekstrakcie CO2, co pozwala na pe\u0142ne wykorzystanie potencja\u0142u oregano.<\/p>\n<h2><b>Dlaczego warto wybra\u0107 kapsu\u0142ki z oregano K. Hebda Aromacaps\u00ae?<\/b><\/h2>\n<h3><b>1. Wsparcie odporno\u015bci<\/b><\/h3>\n<p>Zawarto\u015b\u0107 witaminy D wspiera prawid\u0142owe funkcjonowanie uk\u0142adu odporno\u015bciowego, mi\u0119\u015bni oraz zdrowie ko\u015bci i<br \/>\nz\u0119b\u00f3w.<\/p>\n<h3><b>2.\u00a0 Ochrona kom\u00f3rek<\/b><\/h3>\n<p>Witamina E pomaga chroni\u0107 kom\u00f3rki przed stresem oksydacyjnym, wspieraj\u0105c og\u00f3ln\u0105 kondycj\u0119 organizmu.<\/p>\n<h3><b>3. Podw\u00f3jna moc oregano<\/b><\/h3>\n<p>Naturalny olejek z oregano i ekstrakt CO2 zawieraj\u0105 tymol i karwakrol.<\/p>\n<h3><b>4. \u0141atwo\u015b\u0107 stosowania<\/b><\/h3>\n<p>Kapsu\u0142ki s\u0105 mi\u0119kkie, \u0142atwe do po\u0142kni\u0119cia i nie pozostawiaj\u0105 ostrego posmaku, co czyni je wygodnym wyborem do<br \/>\ncodziennego stosowania.<\/p>\n<h2><b>Olejek oregano w kapsu\u0142kach Aromacaps: co wyr\u00f3\u017cnia nasz\u0105 formu\u0142\u0119?<\/b><\/h2>\n<ul>\n<li><b>Olejek cytrynowy<\/b>: dodaje \u015bwie\u017co\u015bci i \u0142agodzi intensywno\u015b\u0107 smaku oregano.<\/li>\n<\/ul>\n<ul>\n<li><b>Ekstrakt CO2 z oregano<\/b>: zachowuje pe\u0142ne spektrum naturalnych sk\u0142adnik\u00f3w w delikatny spos\u00f3b, bez u\u017cycia wysokich temperatur.<\/li>\n<\/ul>\n<ul>\n<li><b>Witaminy D i E<\/b>: wsparcie dla odporno\u015bci (witamina D), zdrowia ko\u015bci (witamina D) i ochrony kom\u00f3rek (witamina E).<\/li>\n<\/ul>\n<ul>\n<li><b>Przyjazna dla uk\u0142adu trawiennego: <\/b>dzi\u0119ki olejowi z oliwek.<\/li>\n<\/ul>\n<h3><b>Kapsu\u0142ki z olejkami eterycznymi: zadbaj o zdrowie z natur\u0105<\/b><\/h3>\n<p>K. Hebda Aromacaps\u00ae to idealne po\u0142\u0105czenie tradycji zielarskiej i nowoczesnej wiedzy aromaterapeutycznej, kt\u00f3re pomaga wspiera\u0107 organizm w delikatny i naturalny spos\u00f3b. Pozw\u00f3l, aby natura zadba\u0142a o Twoje dobre samopoczucie!<\/p>\n<h2><strong>Efekty po tygodniowej suplementacji K. Hebda Aromacaps\u00ae\u00a0\u00a0<\/strong><\/h2>\n<p>Badania konsumenckie niezale\u017cnego laboratorium* m\u00f3wi\u0105 wprost. <strong>Po 7 dniach<\/strong> stosowania:<\/p>\n<ul>\n<li>92% os\u00f3b zauwa\u017cy\u0142o popraw\u0119 wsparcia odporno\u015bci**<\/li>\n<li>90% badanych stwierdzi\u0142o, \u017ce czuje si\u0119 lepiej lub zdecydowanie lepiej ni\u017c w poprzednich sezonach<\/li>\n<li>100% os\u00f3b oceni\u0142o, \u017ce kapsu\u0142ki s\u0105 \u0142atwe do po\u0142kni\u0119cia \u2013 koniec z tabletkami, kt\u00f3re grz\u0119zn\u0105 w gardle czy przyklejaj\u0105 si\u0119 do podniebienia! Wi\u0119kszo\u015b\u0107 u\u017cytkownik\u00f3w nie odnotowa\u0142a ostrego posmaku suplementu, przez co codzienne stosowanie<br \/>\ngo jest jeszcze przyjemniejsze.<\/li>\n<\/ul>\n<p><strong>Najcz\u0119\u015bciej wskazywane zmiany:\u00a0<\/strong><\/p>\n<ul>\n<li>poprawa komfortu oddechowego<\/li>\n<li>wzrost energii i si\u0142<\/li>\n<li>wsparcie dla funkcjonowania organizmu<\/li>\n<li>poprawa samopoczucia<\/li>\n<\/ul>\n<p>A\u017c <strong>92% badanych kupi\u0142oby nasz produkt ponownie.<\/strong><\/p>\n<p>Uczestnicy bada\u0144 ocenili kapsu\u0142ki bardzo wysoko i ch\u0119tnie polec\u0105 je swoim bliskim.<\/p>\n<p>\ud83d\udc49 Kliknij i dowiedz si\u0119 wi\u0119cej o\u00a0<a href=\"https:\/\/klaudynahebda.pl\/92-osob-czuje-sie-lepiej-juz-po-tygodniu-suplementacji-wyniki-badan-aromacaps-mowia-same-za-siebie\/\" target=\"_blank\" rel=\"noopener\">wynikach bada\u0144\u00a0 K. Hebda Aromacaps\u00ae.<\/a><\/p>\n<p>* W badaniu wzi\u0119\u0142o udzia\u0142 50 os\u00f3b w wieku od 25 do 70 lat. Ka\u017cda z tych os\u00f3b odczuwa\u0142a w tym czasie gorsze samopoczucie, wi\u0119ksze obci\u0105\u017cenie \u2013 s\u0142owem wymaga\u0142a intensywniejszego wsparcia organizmu. Przez 7 dni uczestnicy stosowali Aromacaps regularnie, trzy razy dziennie. **Produkt zawiera witamin\u0119 D, kt\u00f3ra pomaga w prawid\u0142owym funkcjonowaniu uk\u0142adu odporno\u015bciowego.<\/p>\n<p>&nbsp;<\/p>\n<h3 class=\"accordion_title\">Najcz\u0119\u015bciej zadawane pytania<\/h3><div class=\"accordion\" rel=\"\">\n<div class=\"accordion-item\"><a href=\"#\" class=\"accordion-title plain\"><button class=\"toggle\"><i class=\"icon-angle-down\"><\/i><\/button><span>Jaki jest sk\u0142ad K. Hebda Aromacaps\u00ae oregano i cytryna?<\/span><\/a><div class=\"accordion-inner\">\n<table>\n<tbody>\n<tr>\n<td><span style=\"font-weight: 400;\">Sk\u0142adniki\u202f\u00a0<\/span><\/td>\n<td><span style=\"font-weight: 400;\">Zawarto\u015b\u0107 w 1 kapsu\u0142ce\u00a0 \u00a0 \u202f\u00a0<\/span><\/td>\n<td><span style=\"font-weight: 400;\">% RWS*\u202f\u00a0<\/span><\/td>\n<\/tr>\n<tr>\n<td><span style=\"font-weight: 400;\">Olejek eteryczny z oregano\u202f\u00a0<\/span><\/td>\n<td><span style=\"font-weight: 400;\">93,75 mg\u202f\u00a0<\/span><\/td>\n<td><span style=\"font-weight: 400;\">&#8212;\u202f\u00a0<\/span><\/td>\n<\/tr>\n<tr>\n<td><span style=\"font-weight: 400;\">Ekstrakt CO2 z li\u015bci oregano\u202f\u00a0<\/span><\/td>\n<td><span style=\"font-weight: 400;\">31,25 mg\u202f\u00a0<\/span><\/td>\n<td><span style=\"font-weight: 400;\">&#8212;\u202f\u00a0<\/span><\/td>\n<\/tr>\n<tr>\n<td><span style=\"font-weight: 400;\">Olejek eteryczny z cytryny\u202f\u00a0<\/span><\/td>\n<td><span style=\"font-weight: 400;\">25 mg\u202f\u00a0<\/span><\/td>\n<td><span style=\"font-weight: 400;\">&#8212;\u202f\u00a0<\/span><\/td>\n<\/tr>\n<tr>\n<td><span style=\"font-weight: 400;\">Cholekalcyferol (witamina D3)\u202f\u00a0<\/span><\/td>\n<td><span style=\"font-weight: 400;\">15 mcg (600 j.m.)\u202f\u00a0<\/span><\/td>\n<td><span style=\"font-weight: 400;\">300\u202f\u00a0<\/span><\/td>\n<\/tr>\n<tr>\n<td><span style=\"font-weight: 400;\">D-alfa tokoferol (witamina E)\u202f\u00a0<\/span><\/td>\n<td><span style=\"font-weight: 400;\">3 mg\u202f\u00a0<\/span><\/td>\n<td><span style=\"font-weight: 400;\">25\u202f\u00a0<\/span><\/td>\n<\/tr>\n<tr>\n<td><span style=\"font-weight: 400;\">Oliwa z oliwek\u202f\u00a0<\/span><\/td>\n<td><span style=\"font-weight: 400;\">344,78\u202f\u00a0<\/span><\/td>\n<td><span style=\"font-weight: 400;\">&#8212;\u202f\u00a0<\/span><\/td>\n<\/tr>\n<\/tbody>\n<\/table>\n<p>&nbsp;<\/p>\n<table>\n<tbody>\n<tr>\n<td><span style=\"font-weight: 400;\">Sk\u0142adniki\u202f\u00a0<\/span><\/td>\n<td><span style=\"font-weight: 400;\">Zawarto\u015b\u0107 w 2 kapsu\u0142kach\u202f\u00a0<\/span><\/td>\n<td><span style=\"font-weight: 400;\">% RWS*\u202f\u00a0<\/span><\/td>\n<\/tr>\n<tr>\n<td><span style=\"font-weight: 400;\">Olejek eteryczny z oregano\u202f\u00a0<\/span><\/td>\n<td><span style=\"font-weight: 400;\">187,5 mg\u202f\u00a0<\/span><\/td>\n<td><span style=\"font-weight: 400;\">&#8212;\u202f\u00a0<\/span><\/td>\n<\/tr>\n<tr>\n<td><span style=\"font-weight: 400;\">Ekstrakt CO2 z li\u015bci oregano\u202f\u00a0<\/span><\/td>\n<td><span style=\"font-weight: 400;\">62,5 mg\u202f\u00a0<\/span><\/td>\n<td><span style=\"font-weight: 400;\">&#8212;\u202f\u00a0<\/span><\/td>\n<\/tr>\n<tr>\n<td><span style=\"font-weight: 400;\">Olejek eteryczny z cytryny\u202f\u00a0<\/span><\/td>\n<td><span style=\"font-weight: 400;\">50 mg\u202f\u00a0<\/span><\/td>\n<td><span style=\"font-weight: 400;\">&#8212;\u202f\u00a0<\/span><\/td>\n<\/tr>\n<tr>\n<td><span style=\"font-weight: 400;\">Cholekalcyferol (witamina D3)\u202f\u00a0<\/span><\/td>\n<td><span style=\"font-weight: 400;\">30 mcg (1200 j.m.)\u202f\u00a0<\/span><\/td>\n<td><span style=\"font-weight: 400;\">600\u202f\u00a0<\/span><\/td>\n<\/tr>\n<tr>\n<td><span style=\"font-weight: 400;\">D-alfa tokoferol (witamina E)\u202f\u00a0<\/span><\/td>\n<td><span style=\"font-weight: 400;\">6 mg\u202f\u00a0<\/span><\/td>\n<td><span style=\"font-weight: 400;\">50\u202f\u00a0<\/span><\/td>\n<\/tr>\n<tr>\n<td><span style=\"font-weight: 400;\">Oliwa z oliwek\u202f\u00a0<\/span><\/td>\n<td><span style=\"font-weight: 400;\">689,56\u202f\u00a0<\/span><\/td>\n<td><span style=\"font-weight: 400;\">&#8212;\u202f\u00a0<\/span><\/td>\n<\/tr>\n<\/tbody>\n<\/table>\n<p>&nbsp;<\/p>\n<table>\n<tbody>\n<tr>\n<td><span style=\"font-weight: 400;\">Sk\u0142adniki\u202f\u00a0<\/span><\/td>\n<td><span style=\"font-weight: 400;\">Zawarto\u015b\u0107 w 3 kapsu\u0142kach\u202f\u00a0<\/span><\/td>\n<td><span style=\"font-weight: 400;\">% RWS*\u202f\u00a0<\/span><\/td>\n<\/tr>\n<tr>\n<td><span style=\"font-weight: 400;\">Olejek eteryczny z oregano\u202f\u00a0<\/span><\/td>\n<td><span style=\"font-weight: 400;\">281,25 mg\u202f\u00a0<\/span><\/td>\n<td><span style=\"font-weight: 400;\">&#8212;\u202f\u00a0<\/span><\/td>\n<\/tr>\n<tr>\n<td><span style=\"font-weight: 400;\">Ekstrakt CO2 z li\u015bci oregano\u202f\u00a0<\/span><\/td>\n<td><span style=\"font-weight: 400;\">93,75 mg\u202f\u00a0<\/span><\/td>\n<td><span style=\"font-weight: 400;\">&#8212;\u202f\u00a0<\/span><\/td>\n<\/tr>\n<tr>\n<td><span style=\"font-weight: 400;\">Olejek eteryczny z cytryny\u202f\u00a0<\/span><\/td>\n<td><span style=\"font-weight: 400;\">75 mg\u202f\u00a0<\/span><\/td>\n<td><span style=\"font-weight: 400;\">&#8212;\u202f\u00a0<\/span><\/td>\n<\/tr>\n<tr>\n<td><span style=\"font-weight: 400;\">Cholekalcyferol (witamina D3)\u202f\u00a0<\/span><\/td>\n<td><span style=\"font-weight: 400;\">45 mcg (1800 j.m.)\u202f\u00a0<\/span><\/td>\n<td><span style=\"font-weight: 400;\">900\u202f\u00a0<\/span><\/td>\n<\/tr>\n<tr>\n<td><span style=\"font-weight: 400;\">D-alfa tokoferol (witamina E)\u202f\u00a0<\/span><\/td>\n<td><span style=\"font-weight: 400;\">9 mg\u202f\u00a0<\/span><\/td>\n<td><span style=\"font-weight: 400;\">75\u202f\u00a0<\/span><\/td>\n<\/tr>\n<tr>\n<td><span style=\"font-weight: 400;\">Oliwa z oliwek\u202f\u00a0<\/span><\/td>\n<td><span style=\"font-weight: 400;\">1034,34\u202f\u00a0<\/span><\/td>\n<td><span style=\"font-weight: 400;\">&#8212;\u202f\u00a0<\/span><\/td>\n<\/tr>\n<\/tbody>\n<\/table>\n<p><span data-contrast=\"none\">*RWS \u2013 referencyjna warto\u015b\u0107 spo\u017cycia\u202f<\/span><span data-ccp-props=\"{&quot;201341983&quot;:0,&quot;335559739&quot;:0,&quot;335559740&quot;:240}\">\u00a0<\/span><\/p>\n<h2><b><span data-contrast=\"none\">Sk\u0142adniki kapsu\u0142ek z oregano Aromacaps<br \/>\n<\/span><\/b><\/h2>\n<p><span data-contrast=\"none\">olej z oliwek, otoczka (\u017celatyna, substancja utrzymuj\u0105ca wilgo\u0107: glicerol), olejek eteryczny z oregano, ekstrakt CO2 z li\u015bci oregano, olejek eteryczny z cytryny, d-alfa tokoferol (witamina E), cholekalcyferol (witamina D3)\u202f \u202f<\/span><span data-ccp-props=\"{&quot;134233117&quot;:true,&quot;134233118&quot;:true,&quot;201341983&quot;:0,&quot;335559739&quot;:160,&quot;335559740&quot;:240}\">\u00a0<\/span><\/p>\n<p><b><span data-contrast=\"none\">Witamina E<\/span><\/b><span data-contrast=\"none\"> zawarta w produkcie przyczynia si\u0119 do ochrony kom\u00f3rek przed stresem oksydacyjnym.\u202f\u202f\u202f<\/span><span data-ccp-props=\"{&quot;201341983&quot;:0,&quot;335557856&quot;:16777215,&quot;335559739&quot;:0,&quot;335559740&quot;:240}\">\u00a0<\/span><\/p>\n<p><b><span data-contrast=\"none\">Witamina D<\/span><\/b><span data-contrast=\"none\"> zawarta w produkcie przyczynia si\u0119 do prawid\u0142owego funkcjonowania uk\u0142adu odporno\u015bciowego. Ta witamina przyczynia si\u0119 r\u00f3wnie\u017c do utrzymania prawid\u0142owego funkcjonowania mi\u0119\u015bni i prawid\u0142owego wch\u0142aniania, wykorzystywania wapnia i fosforu w organizmie.\u202f\u202f<\/span><span data-ccp-props=\"{&quot;201341983&quot;:0,&quot;335557856&quot;:16777215,&quot;335559739&quot;:0,&quot;335559740&quot;:240}\">\u00a0<\/span><\/p>\n<p><span data-ccp-props=\"{&quot;201341983&quot;:0,&quot;335559739&quot;:160,&quot;335559740&quot;:259}\"> <span class=\"TextRun SCXW48041415 BCX0\" lang=\"PL-PL\" xml:lang=\"PL-PL\" data-contrast=\"auto\"><span class=\"NormalTextRun SCXW48041415 BCX0\">W opakowaniu znajduje si\u0119 30 \u017celowych kapsu\u0142ek (2 blistry po 15 kapsu\u0142ek).<\/span><\/span><span class=\"EOP SCXW48041415 BCX0\" data-ccp-props=\"{&quot;201341983&quot;:0,&quot;335559740&quot;:279}\">\u00a0<\/span><\/span><\/p>\n<\/div><\/div>\n<div class=\"accordion-item\"><a href=\"#\" class=\"accordion-title plain\"><button class=\"toggle\"><i class=\"icon-angle-down\"><\/i><\/button><span>Czy podczas przyjmowania K. Hebda Aromacaps\u00ae zalecane s\u0105 probiotyki? <\/span><\/a><div class=\"accordion-inner\">\n<p>Przyjmowanie probiotyk\u00f3w nie jest konieczne podczas stosowania K. Hebda Aromacaps\u00ae.<\/p>\n<\/div><\/div>\n<div class=\"accordion-item\"><a href=\"#\" class=\"accordion-title plain\"><button class=\"toggle\"><i class=\"icon-angle-down\"><\/i><\/button><span>Czy kapsu\u0142ki s\u0105 odpowiednie dla dzieci? <\/span><\/a><div class=\"accordion-inner\">\n<p><span class=\"TextRun SCXW92057292 BCX8\" lang=\"PL-PL\" xml:lang=\"PL-PL\" data-contrast=\"auto\"><span class=\"NormalTextRun SCXW92057292 BCX8\">Produkt jest przeznaczony dla doros\u0142ych. Przed podaniem dzieciom nale\u017cy skonsultowa\u0107 si\u0119 z lekarzem.<\/span><\/span><span class=\"EOP SCXW92057292 BCX8\" data-ccp-props=\"{&quot;134233117&quot;:false,&quot;134233118&quot;:false,&quot;335559738&quot;:240,&quot;335559739&quot;:240}\">\u00a0<\/span><\/p>\n<\/div><\/div>\n<div class=\"accordion-item\"><a href=\"#\" class=\"accordion-title plain\"><button class=\"toggle\"><i class=\"icon-angle-down\"><\/i><\/button><span>Po przyj\u0119ciu K. Hebda Aromacaps\u00ae odbija mi si\u0119, czy to jest normalne?<\/span><\/a><div class=\"accordion-inner\">\n<p>Nasze kapsu\u0142ki z oregano K. Hebda Aromacaps\u00ae zosta\u0142y zaprojektowane tak, aby minimalizowa\u0107 ryzyko nieprzyjemnego smaku i odbijania. Mog\u0105 si\u0119 jednak zdarza\u0107 indywidualne reakcje (odbijanie) i nie jest to pow\u00f3d do zmartwie\u0144.<\/p>\n<\/div><\/div>\n<div class=\"accordion-item\"><a href=\"#\" class=\"accordion-title plain\"><button class=\"toggle\"><i class=\"icon-angle-down\"><\/i><\/button><span>Czy kapsu\u0142ki K. Hebda Aromacaps\u00ae s\u0105 przebadane?<\/span><\/a><div class=\"accordion-inner\">\n<p>Tak, kapsu\u0142ki K. Hebda Aromacaps\u00ae s\u0105 przebadane laboratoryjnie. Przesz\u0142y pozytywnie badania mikrobiologiczne m.in. na obecno\u015b\u0107 salmonelli i E. coli, a tak\u017ce badania na zawarto\u015b\u0107 metali ci\u0119\u017ckich &#8211; o\u0142owiu, rt\u0119ci, kadmu. Olejki i ekstrakty z oregano u\u017cyte w K. Hebda Aromacaps\u00ae s\u0105 najwy\u017cszej jako\u015bci i czysto\u015bci.<\/p>\n<\/div><\/div>\n<div class=\"accordion-item\"><a href=\"#\" class=\"accordion-title plain\"><button class=\"toggle\"><i class=\"icon-angle-down\"><\/i><\/button><span>Mam inne pytanie, jak mog\u0119 si\u0119 z Wami skontaktowa\u0107?<\/span><\/a><div class=\"accordion-inner\">\n<p>Je\u015bli masz dodatkowe pytania na temat naszego produktu, skontaktuj si\u0119 z nami, jeste\u015bmy tu, aby Ci pom\u00f3c!<\/p>\n<\/div><\/div>\n<\/div>\n","protected":false},"excerpt":{"rendered":"<h2><b>Aromacaps z olejkiem oregano, olejkiem cytrynowym, witamin\u0105 D i E: naturalne wsparcie Twojego zdrowia<\/b><\/h2>\n<ul>\n<li>Starannie opracowana formu\u0142a <strong>z olejkiem oregano i olejkiem cytrynowym, <\/strong>wzbogacona <strong>witaminami D i E.<\/strong><\/li>\n<li><b>Witamina D <\/b>zawarta w produkcie przyczynia si\u0119 do prawid\u0142owego funkcjonowania uk\u0142adu odporno\u015bciowego.<\/li>\n<li><strong>Przyjazne dla uk\u0142adu trawiennego<\/strong> dzi\u0119ki olejowi z oliwek.<\/li>\n<li>Nie pozostawiaj\u0105 intensywnego smaku olejku w ustach.<\/li>\n<li>Zaprojektowane przez polsk\u0105 zielark\u0119 i aromaterapeutk\u0119 kliniczn\u0105 Klaudyn\u0119 Hebd\u0119.<\/li>\n<li>Bestseller, kt\u00f3ry warto mie\u0107 w domu przez ca\u0142y rok, a tak\u017ce zabra\u0107 na wyjazd \u2013 sprawd\u017a opinie naszych Klient\u00f3w.<\/li>\n<\/ul>\n","protected":false},"featured_media":3404441,"comment_status":"open","ping_status":"closed","template":"","meta":[],"product_cat":[246,224,238,217,127,130,218,210,39],"product_tag":[],"acf":[],"yoast_head":"<!-- This site is optimized with the Yoast SEO plugin v19.6.1 - https:\/\/yoast.com\/wordpress\/plugins\/seo\/ -->\n<title>Kapsu\u0142ki z olejkiem z oregano i cytrynowym<\/title>\n<meta name=\"description\" content=\"Odkryj korzy\u015bci zdrowotne oregano dzi\u0119ki kapsu\u0142kom Aromacaps. Kapsu\u0142ki z olejkiem z oregano i cytrynowym + wit. D i E to odporno\u015b\u0107 i komfort trawienny\" \/>\n<meta name=\"robots\" content=\"index, follow, max-snippet:-1, max-image-preview:large, max-video-preview:-1\" \/>\n<link rel=\"canonical\" href=\"https:\/\/klaudynahebda.pl\/sklep\/aromacaps-kapsulki-z-olejkiem-z-oregano-i-cytrynowym\/\" \/>\n<meta property=\"og:locale\" content=\"pl_PL\" \/>\n<meta property=\"og:type\" content=\"article\" \/>\n<meta property=\"og:title\" content=\"Kapsu\u0142ki z olejkiem z oregano i cytrynowym\" \/>\n<meta property=\"og:description\" content=\"Odkryj korzy\u015bci zdrowotne oregano dzi\u0119ki kapsu\u0142kom Aromacaps. Kapsu\u0142ki z olejkiem z oregano i cytrynowym + wit. D i E to odporno\u015b\u0107 i komfort trawienny\" \/>\n<meta property=\"og:url\" content=\"https:\/\/klaudynahebda.pl\/sklep\/aromacaps-kapsulki-z-olejkiem-z-oregano-i-cytrynowym\/\" \/>\n<meta property=\"og:site_name\" content=\"Klaudyna Hebda Nature\" \/>\n<meta property=\"article:modified_time\" content=\"2026-04-25T17:04:17+00:00\" \/>\n<meta property=\"og:image\" content=\"https:\/\/klaudynahebda.pl\/sklep\/wp-content\/uploads\/2024\/06\/aromacaps-packshot-biale-tlo-k-hebda.jpg\" \/>\n\t<meta property=\"og:image:width\" content=\"844\" \/>\n\t<meta property=\"og:image:height\" content=\"1152\" \/>\n\t<meta property=\"og:image:type\" content=\"image\/jpeg\" \/>\n<meta name=\"twitter:card\" content=\"summary_large_image\" \/>\n<meta name=\"twitter:label1\" content=\"Szacowany czas czytania\" \/>\n\t<meta name=\"twitter:data1\" content=\"5 minut\" \/>\n<script type=\"application\/ld+json\" class=\"yoast-schema-graph\">{\"@context\":\"https:\/\/schema.org\",\"@graph\":[{\"@type\":\"WebPage\",\"@id\":\"https:\/\/klaudynahebda.pl\/sklep\/aromacaps-kapsulki-z-olejkiem-z-oregano-i-cytrynowym\/\",\"url\":\"https:\/\/klaudynahebda.pl\/sklep\/aromacaps-kapsulki-z-olejkiem-z-oregano-i-cytrynowym\/\",\"name\":\"Kapsu\u0142ki z olejkiem z oregano i cytrynowym\",\"isPartOf\":{\"@id\":\"https:\/\/klaudynahebda.pl\/sklep\/#website\"},\"datePublished\":\"2024-06-17T21:11:53+00:00\",\"dateModified\":\"2026-04-25T17:04:17+00:00\",\"description\":\"Odkryj korzy\u015bci zdrowotne oregano dzi\u0119ki kapsu\u0142kom Aromacaps. Kapsu\u0142ki z olejkiem z oregano i cytrynowym + wit. D i E to odporno\u015b\u0107 i komfort trawienny\",\"breadcrumb\":{\"@id\":\"https:\/\/klaudynahebda.pl\/sklep\/aromacaps-kapsulki-z-olejkiem-z-oregano-i-cytrynowym\/#breadcrumb\"},\"inLanguage\":\"pl-PL\",\"potentialAction\":[{\"@type\":\"ReadAction\",\"target\":[\"https:\/\/klaudynahebda.pl\/sklep\/aromacaps-kapsulki-z-olejkiem-z-oregano-i-cytrynowym\/\"]}]},{\"@type\":\"BreadcrumbList\",\"@id\":\"https:\/\/klaudynahebda.pl\/sklep\/aromacaps-kapsulki-z-olejkiem-z-oregano-i-cytrynowym\/#breadcrumb\",\"itemListElement\":[{\"@type\":\"ListItem\",\"position\":1,\"name\":\"Strona g\u0142\u00f3wna\",\"item\":\"https:\/\/klaudynahebda.pl\/sklep\/\"},{\"@type\":\"ListItem\",\"position\":2,\"name\":\"Sklep\",\"item\":\"https:\/\/klaudynahebda.pl\/sklep\/sklep\/\"},{\"@type\":\"ListItem\",\"position\":3,\"name\":\"Oleje i suplementy\",\"item\":\"https:\/\/klaudynahebda.pl\/sklep\/oleje-i-suplementy\/\"},{\"@type\":\"ListItem\",\"position\":4,\"name\":\"Kapsu\u0142ki z oregano, wit. D, E i olejkiem cytrynowym &#8211; K. Hebda Aromacaps\u00ae\"}]},{\"@type\":\"WebSite\",\"@id\":\"https:\/\/klaudynahebda.pl\/sklep\/#website\",\"url\":\"https:\/\/klaudynahebda.pl\/sklep\/\",\"name\":\"Klaudyna Hebda Nature\",\"description\":\"Sklep\",\"publisher\":{\"@id\":\"https:\/\/klaudynahebda.pl\/sklep\/#organization\"},\"potentialAction\":[{\"@type\":\"SearchAction\",\"target\":{\"@type\":\"EntryPoint\",\"urlTemplate\":\"https:\/\/klaudynahebda.pl\/sklep\/?s={search_term_string}\"},\"query-input\":\"required name=search_term_string\"}],\"inLanguage\":\"pl-PL\"},{\"@type\":\"Organization\",\"@id\":\"https:\/\/klaudynahebda.pl\/sklep\/#organization\",\"name\":\"KlaudynaHebda\",\"url\":\"https:\/\/klaudynahebda.pl\/sklep\/\",\"sameAs\":[],\"logo\":{\"@type\":\"ImageObject\",\"inLanguage\":\"pl-PL\",\"@id\":\"https:\/\/klaudynahebda.pl\/sklep\/#\/schema\/logo\/image\/\",\"url\":\"\",\"contentUrl\":\"\",\"caption\":\"KlaudynaHebda\"},\"image\":{\"@id\":\"https:\/\/klaudynahebda.pl\/sklep\/#\/schema\/logo\/image\/\"}}]}<\/script>\n<!-- \/ Yoast SEO plugin. -->","yoast_head_json":{"title":"Kapsu\u0142ki z olejkiem z oregano i cytrynowym","description":"Odkryj korzy\u015bci zdrowotne oregano dzi\u0119ki kapsu\u0142kom Aromacaps. Kapsu\u0142ki z olejkiem z oregano i cytrynowym + wit. D i E to odporno\u015b\u0107 i komfort trawienny","robots":{"index":"index","follow":"follow","max-snippet":"max-snippet:-1","max-image-preview":"max-image-preview:large","max-video-preview":"max-video-preview:-1"},"canonical":"https:\/\/klaudynahebda.pl\/sklep\/aromacaps-kapsulki-z-olejkiem-z-oregano-i-cytrynowym\/","og_locale":"pl_PL","og_type":"article","og_title":"Kapsu\u0142ki z olejkiem z oregano i cytrynowym","og_description":"Odkryj korzy\u015bci zdrowotne oregano dzi\u0119ki kapsu\u0142kom Aromacaps. Kapsu\u0142ki z olejkiem z oregano i cytrynowym + wit. D i E to odporno\u015b\u0107 i komfort trawienny","og_url":"https:\/\/klaudynahebda.pl\/sklep\/aromacaps-kapsulki-z-olejkiem-z-oregano-i-cytrynowym\/","og_site_name":"Klaudyna Hebda Nature","article_modified_time":"2026-04-25T17:04:17+00:00","og_image":[{"width":844,"height":1152,"url":"https:\/\/klaudynahebda.pl\/sklep\/wp-content\/uploads\/2024\/06\/aromacaps-packshot-biale-tlo-k-hebda.jpg","type":"image\/jpeg"}],"twitter_card":"summary_large_image","twitter_misc":{"Szacowany czas czytania":"5 minut"},"schema":{"@context":"https:\/\/schema.org","@graph":[{"@type":"WebPage","@id":"https:\/\/klaudynahebda.pl\/sklep\/aromacaps-kapsulki-z-olejkiem-z-oregano-i-cytrynowym\/","url":"https:\/\/klaudynahebda.pl\/sklep\/aromacaps-kapsulki-z-olejkiem-z-oregano-i-cytrynowym\/","name":"Kapsu\u0142ki z olejkiem z oregano i cytrynowym","isPartOf":{"@id":"https:\/\/klaudynahebda.pl\/sklep\/#website"},"datePublished":"2024-06-17T21:11:53+00:00","dateModified":"2026-04-25T17:04:17+00:00","description":"Odkryj korzy\u015bci zdrowotne oregano dzi\u0119ki kapsu\u0142kom Aromacaps. Kapsu\u0142ki z olejkiem z oregano i cytrynowym + wit. D i E to odporno\u015b\u0107 i komfort trawienny","breadcrumb":{"@id":"https:\/\/klaudynahebda.pl\/sklep\/aromacaps-kapsulki-z-olejkiem-z-oregano-i-cytrynowym\/#breadcrumb"},"inLanguage":"pl-PL","potentialAction":[{"@type":"ReadAction","target":["https:\/\/klaudynahebda.pl\/sklep\/aromacaps-kapsulki-z-olejkiem-z-oregano-i-cytrynowym\/"]}]},{"@type":"BreadcrumbList","@id":"https:\/\/klaudynahebda.pl\/sklep\/aromacaps-kapsulki-z-olejkiem-z-oregano-i-cytrynowym\/#breadcrumb","itemListElement":[{"@type":"ListItem","position":1,"name":"Strona g\u0142\u00f3wna","item":"https:\/\/klaudynahebda.pl\/sklep\/"},{"@type":"ListItem","position":2,"name":"Sklep","item":"https:\/\/klaudynahebda.pl\/sklep\/sklep\/"},{"@type":"ListItem","position":3,"name":"Oleje i suplementy","item":"https:\/\/klaudynahebda.pl\/sklep\/oleje-i-suplementy\/"},{"@type":"ListItem","position":4,"name":"Kapsu\u0142ki z oregano, wit. D, E i olejkiem cytrynowym &#8211; K. Hebda Aromacaps\u00ae"}]},{"@type":"WebSite","@id":"https:\/\/klaudynahebda.pl\/sklep\/#website","url":"https:\/\/klaudynahebda.pl\/sklep\/","name":"Klaudyna Hebda Nature","description":"Sklep","publisher":{"@id":"https:\/\/klaudynahebda.pl\/sklep\/#organization"},"potentialAction":[{"@type":"SearchAction","target":{"@type":"EntryPoint","urlTemplate":"https:\/\/klaudynahebda.pl\/sklep\/?s={search_term_string}"},"query-input":"required name=search_term_string"}],"inLanguage":"pl-PL"},{"@type":"Organization","@id":"https:\/\/klaudynahebda.pl\/sklep\/#organization","name":"KlaudynaHebda","url":"https:\/\/klaudynahebda.pl\/sklep\/","sameAs":[],"logo":{"@type":"ImageObject","inLanguage":"pl-PL","@id":"https:\/\/klaudynahebda.pl\/sklep\/#\/schema\/logo\/image\/","url":"","contentUrl":"","caption":"KlaudynaHebda"},"image":{"@id":"https:\/\/klaudynahebda.pl\/sklep\/#\/schema\/logo\/image\/"}}]}},"_links":{"self":[{"href":"https:\/\/klaudynahebda.pl\/sklep\/wp-json\/wp\/v2\/product\/2954951"}],"collection":[{"href":"https:\/\/klaudynahebda.pl\/sklep\/wp-json\/wp\/v2\/product"}],"about":[{"href":"https:\/\/klaudynahebda.pl\/sklep\/wp-json\/wp\/v2\/types\/product"}],"replies":[{"embeddable":true,"href":"https:\/\/klaudynahebda.pl\/sklep\/wp-json\/wp\/v2\/comments?post=2954951"}],"wp:featuredmedia":[{"embeddable":true,"href":"https:\/\/klaudynahebda.pl\/sklep\/wp-json\/wp\/v2\/media\/3404441"}],"wp:attachment":[{"href":"https:\/\/klaudynahebda.pl\/sklep\/wp-json\/wp\/v2\/media?parent=2954951"}],"wp:term":[{"taxonomy":"product_cat","embeddable":true,"href":"https:\/\/klaudynahebda.pl\/sklep\/wp-json\/wp\/v2\/product_cat?post=2954951"},{"taxonomy":"product_tag","embeddable":true,"href":"https:\/\/klaudynahebda.pl\/sklep\/wp-json\/wp\/v2\/product_tag?post=2954951"}],"curies":[{"name":"wp","href":"https:\/\/api.w.org\/{rel}","templated":true}]}}