{"id":279040,"date":"2022-03-02T12:40:57","date_gmt":"2022-03-02T11:40:57","guid":{"rendered":"https:\/\/klaudynahebda.pl\/sklep\/?post_type=product&#038;p=279040"},"modified":"2026-04-18T12:40:42","modified_gmt":"2026-04-18T10:40:42","slug":"zel-po-ukaszeniach","status":"publish","type":"product","link":"https:\/\/klaudynahebda.pl\/sklep\/zel-po-ukaszeniach\/","title":{"rendered":"Koj\u0105cy \u017cel po uk\u0105szeniach z aloesem i lawend\u0105 [50 ml]"},"content":{"rendered":"<h2><span style=\"font-weight: 400;\">Co wyr\u00f3\u017cnia nasz \u017cel po uk\u0105szeniach?<\/span><\/h2>\n<ul>\n<li><span style=\"font-weight: 400;\"><strong>Prosty sk\u0142ad, <\/strong><\/span><\/li>\n<li><span style=\"font-weight: 400;\"><strong>opakowanie typu airless<\/strong> (czyli takie, w kt\u00f3rym na dnie nie zostan\u0105 \u017cadne cenne \u2018\u2019resztki\u2019\u2019),<\/span><\/li>\n<li><span style=\"font-weight: 400;\"><strong> 3 olejki eteryczne, <\/strong><\/span><\/li>\n<li><span style=\"font-weight: 400;\"><strong>pi\u0119kny zapach<\/strong>&#8230; <\/span><\/li>\n<\/ul>\n<p><span style=\"font-weight: 400;\">Jest wiele powod\u00f3w, kt\u00f3re sprawi\u0105, \u017ce polubisz ten \u017cel od pierwszego u\u017cycia. Sprawd\u017a dzia\u0142anie \u017celu na w\u0142asnej sk\u00f3rze i przekonaj si\u0119, jak\u0105 daje ulg\u0119.\u00a0<\/span><\/p>\n<h2><span style=\"font-weight: 400;\">Jakie olejki eteryczne znajdziesz w \u017celu po uk\u0105szeniach?<\/span><\/h2>\n<ul>\n<li style=\"font-weight: 400;\"><span style=\"font-weight: 400;\"><strong>olejek z lawendy<\/strong> &#8211; \u0142agodzi podra\u017cnienia<br \/>\n<\/span><\/li>\n<li style=\"font-weight: 400;\"><span style=\"font-weight: 400;\"><strong>olejek z mi\u0119ty<\/strong> &#8211; ma \u015bwietne w\u0142a\u015bciwo\u015bci ch\u0142odz\u0105ce<\/span><span style=\"font-weight: 400;\"><br \/>\n<\/span><\/li>\n<li style=\"font-weight: 400;\"><span style=\"font-weight: 400;\"><strong>olejek copaiba<\/strong> &#8211; przynosi ulg\u0119 sk\u00f3rze po uk\u0105szeniach<\/span><\/li>\n<\/ul>\n<div class=\"ewa-rteLine\">\n<p>&nbsp;<\/p>\n<\/div>\n","protected":false},"excerpt":{"rendered":"<p><em><strong>Dobry, bo dzia\u0142a<\/strong><\/em><\/p>\n<h2><span style=\"font-weight: 400;\">\u017bel po uk\u0105szeniach K. Hebda to:<\/span><\/h2>\n<ul>\n<li><span style=\"font-weight: 400;\"><strong>naturalny wyb\u00f3r do piel\u0119gnacji sk\u00f3ry cia\u0142a i twarzy po uk\u0105szeniach komar\u00f3w,<\/strong><\/span><\/li>\n<li style=\"font-weight: 400;\"><span style=\"font-weight: 400;\">mniejsza <\/span><span style=\"font-weight: 400;\">ch\u0119\u0107 podrapania si\u0119 <\/span><i style=\"font-weight: 400;\"><span style=\"font-weight: 400;\">\u2018\u2019tylko ten jeden raz\u2019\u2019<\/span><\/i><\/li>\n<li style=\"font-weight: 400;\"><strong>z\u0142agodzone miejsca uk\u0105szenia<\/strong><\/li>\n<li style=\"font-weight: 400;\"><span style=\"font-weight: 400;\"><strong>efekt ch\u0142odzenia sk\u00f3ry<\/strong> nawet w upa\u0142y\u00a0<\/span><\/li>\n<li>same dobroci:<strong> \u017cel aloesowy, panthenol, a tak\u017ce a\u017c 3 olejki eteryczne<\/strong><\/li>\n<li style=\"font-weight: 400;\">wygodne opakowanie <em>airless<\/em>, kt\u00f3re gwarantuje, \u017ce \u017cadne <strong>resztki \u017celu nie zostan\u0105 w pojemniku i si\u0119 nie zmarnuj\u0105<\/strong><\/li>\n<li style=\"font-weight: 400;\">pojemno\u015b\u0107 50 ml, kt\u00f3ra nie zajmuje du\u017co miejsca w plecaku czy baga\u017cu podr\u0119cznym (50 ml) &#8211; prawdziwy niezb\u0119dnik do domowej i wycieczkowej apteczki!<\/li>\n<li style=\"font-weight: 400;\">formu\u0142a, kt\u00f3ra n<strong>ie brudzi ubra\u0144,<\/strong> dzi\u0119ki czemu \u017celu mo\u017cesz u\u017cywa\u0107 poza domem i nie martwi\u0107 si\u0119 o plamy<\/li>\n<li style=\"font-weight: 400;\">przyjemna, <strong>nie\u015bliska konsystencja,<\/strong> kt\u00f3r\u0105 polubi\u0105 dzieci, r\u00f3wnie\u017c te wra\u017cliwe sensorycznie.<\/li>\n<li style=\"font-weight: 400;\">neutralny, <strong>zio\u0142owy zapach,<\/strong> kt\u00f3ry spodoba si\u0119 ca\u0142ej rodzinie.<\/li>\n<\/ul>\n<p><strong>Chwytaj \u017cel i ruszajcie razem w drog\u0119 ku przygodzie!\u00a0<\/strong><\/p>\n","protected":false},"featured_media":3409709,"comment_status":"open","ping_status":"closed","template":"","meta":[],"product_cat":[130,214,47,111],"product_tag":[],"acf":[],"yoast_head":"<!-- This site is optimized with the Yoast SEO plugin v19.6.1 - https:\/\/yoast.com\/wordpress\/plugins\/seo\/ -->\n<title>Koj\u0105cy \u017cel po uk\u0105szeniach z aloesem i lawend\u0105 [50 ml] - Klaudyna Hebda Nature<\/title>\n<meta name=\"description\" content=\"Naturalny \u017cel na uk\u0105szenia z olejkami eterycznymi pozwoli Ci oprze\u0107 si\u0119 pokusie podrapania &#039;&#039;chocia\u017c ten jeden raz...&#039;&#039;. \ud83d\udc49 Sprawd\u017a!\" \/>\n<meta name=\"robots\" content=\"index, follow, max-snippet:-1, max-image-preview:large, max-video-preview:-1\" \/>\n<link rel=\"canonical\" href=\"https:\/\/klaudynahebda.pl\/sklep\/zel-po-ukaszeniach\/\" \/>\n<meta property=\"og:locale\" content=\"pl_PL\" \/>\n<meta property=\"og:type\" content=\"article\" \/>\n<meta property=\"og:title\" content=\"Koj\u0105cy \u017cel po uk\u0105szeniach z aloesem i lawend\u0105 [50 ml] - Klaudyna Hebda Nature\" \/>\n<meta property=\"og:description\" content=\"Naturalny \u017cel na uk\u0105szenia z olejkami eterycznymi pozwoli Ci oprze\u0107 si\u0119 pokusie podrapania &#039;&#039;chocia\u017c ten jeden raz...&#039;&#039;. \ud83d\udc49 Sprawd\u017a!\" \/>\n<meta property=\"og:url\" content=\"https:\/\/klaudynahebda.pl\/sklep\/zel-po-ukaszeniach\/\" \/>\n<meta property=\"og:site_name\" content=\"Klaudyna Hebda Nature\" \/>\n<meta property=\"article:modified_time\" content=\"2026-04-18T10:40:42+00:00\" \/>\n<meta property=\"og:image\" content=\"https:\/\/klaudynahebda.pl\/sklep\/wp-content\/uploads\/2022\/03\/zel-po-ukaszeniach-klaudyna-hebda-50ml..webp\" \/>\n\t<meta property=\"og:image:width\" content=\"844\" \/>\n\t<meta property=\"og:image:height\" content=\"1152\" \/>\n\t<meta property=\"og:image:type\" content=\"image\/webp\" \/>\n<meta name=\"twitter:card\" content=\"summary_large_image\" \/>\n<meta name=\"twitter:label1\" content=\"Szacowany czas czytania\" \/>\n\t<meta name=\"twitter:data1\" content=\"1 minuta\" \/>\n<script type=\"application\/ld+json\" class=\"yoast-schema-graph\">{\"@context\":\"https:\/\/schema.org\",\"@graph\":[{\"@type\":\"WebPage\",\"@id\":\"https:\/\/klaudynahebda.pl\/sklep\/zel-po-ukaszeniach\/\",\"url\":\"https:\/\/klaudynahebda.pl\/sklep\/zel-po-ukaszeniach\/\",\"name\":\"Koj\u0105cy \u017cel po uk\u0105szeniach z aloesem i lawend\u0105 [50 ml] - Klaudyna Hebda Nature\",\"isPartOf\":{\"@id\":\"https:\/\/klaudynahebda.pl\/sklep\/#website\"},\"datePublished\":\"2022-03-02T11:40:57+00:00\",\"dateModified\":\"2026-04-18T10:40:42+00:00\",\"description\":\"Naturalny \u017cel na uk\u0105szenia z olejkami eterycznymi pozwoli Ci oprze\u0107 si\u0119 pokusie podrapania ''chocia\u017c ten jeden raz...''. \ud83d\udc49 Sprawd\u017a!\",\"breadcrumb\":{\"@id\":\"https:\/\/klaudynahebda.pl\/sklep\/zel-po-ukaszeniach\/#breadcrumb\"},\"inLanguage\":\"pl-PL\",\"potentialAction\":[{\"@type\":\"ReadAction\",\"target\":[\"https:\/\/klaudynahebda.pl\/sklep\/zel-po-ukaszeniach\/\"]}]},{\"@type\":\"BreadcrumbList\",\"@id\":\"https:\/\/klaudynahebda.pl\/sklep\/zel-po-ukaszeniach\/#breadcrumb\",\"itemListElement\":[{\"@type\":\"ListItem\",\"position\":1,\"name\":\"Strona g\u0142\u00f3wna\",\"item\":\"https:\/\/klaudynahebda.pl\/sklep\/\"},{\"@type\":\"ListItem\",\"position\":2,\"name\":\"Sklep\",\"item\":\"https:\/\/klaudynahebda.pl\/sklep\/sklep\/\"},{\"@type\":\"ListItem\",\"position\":3,\"name\":\"Kosmetyki naturalne\",\"item\":\"https:\/\/klaudynahebda.pl\/sklep\/kosmetyki-naturalne\/\"},{\"@type\":\"ListItem\",\"position\":4,\"name\":\"Koj\u0105cy \u017cel po uk\u0105szeniach z aloesem i lawend\u0105 [50 ml]\"}]},{\"@type\":\"WebSite\",\"@id\":\"https:\/\/klaudynahebda.pl\/sklep\/#website\",\"url\":\"https:\/\/klaudynahebda.pl\/sklep\/\",\"name\":\"Klaudyna Hebda Nature\",\"description\":\"Sklep\",\"publisher\":{\"@id\":\"https:\/\/klaudynahebda.pl\/sklep\/#organization\"},\"potentialAction\":[{\"@type\":\"SearchAction\",\"target\":{\"@type\":\"EntryPoint\",\"urlTemplate\":\"https:\/\/klaudynahebda.pl\/sklep\/?s={search_term_string}\"},\"query-input\":\"required name=search_term_string\"}],\"inLanguage\":\"pl-PL\"},{\"@type\":\"Organization\",\"@id\":\"https:\/\/klaudynahebda.pl\/sklep\/#organization\",\"name\":\"KlaudynaHebda\",\"url\":\"https:\/\/klaudynahebda.pl\/sklep\/\",\"sameAs\":[],\"logo\":{\"@type\":\"ImageObject\",\"inLanguage\":\"pl-PL\",\"@id\":\"https:\/\/klaudynahebda.pl\/sklep\/#\/schema\/logo\/image\/\",\"url\":\"\",\"contentUrl\":\"\",\"caption\":\"KlaudynaHebda\"},\"image\":{\"@id\":\"https:\/\/klaudynahebda.pl\/sklep\/#\/schema\/logo\/image\/\"}}]}<\/script>\n<!-- \/ Yoast SEO plugin. -->","yoast_head_json":{"title":"Koj\u0105cy \u017cel po uk\u0105szeniach z aloesem i lawend\u0105 [50 ml] - Klaudyna Hebda Nature","description":"Naturalny \u017cel na uk\u0105szenia z olejkami eterycznymi pozwoli Ci oprze\u0107 si\u0119 pokusie podrapania ''chocia\u017c ten jeden raz...''. \ud83d\udc49 Sprawd\u017a!","robots":{"index":"index","follow":"follow","max-snippet":"max-snippet:-1","max-image-preview":"max-image-preview:large","max-video-preview":"max-video-preview:-1"},"canonical":"https:\/\/klaudynahebda.pl\/sklep\/zel-po-ukaszeniach\/","og_locale":"pl_PL","og_type":"article","og_title":"Koj\u0105cy \u017cel po uk\u0105szeniach z aloesem i lawend\u0105 [50 ml] - Klaudyna Hebda Nature","og_description":"Naturalny \u017cel na uk\u0105szenia z olejkami eterycznymi pozwoli Ci oprze\u0107 si\u0119 pokusie podrapania ''chocia\u017c ten jeden raz...''. \ud83d\udc49 Sprawd\u017a!","og_url":"https:\/\/klaudynahebda.pl\/sklep\/zel-po-ukaszeniach\/","og_site_name":"Klaudyna Hebda Nature","article_modified_time":"2026-04-18T10:40:42+00:00","og_image":[{"width":844,"height":1152,"url":"https:\/\/klaudynahebda.pl\/sklep\/wp-content\/uploads\/2022\/03\/zel-po-ukaszeniach-klaudyna-hebda-50ml..webp","type":"image\/webp"}],"twitter_card":"summary_large_image","twitter_misc":{"Szacowany czas czytania":"1 minuta"},"schema":{"@context":"https:\/\/schema.org","@graph":[{"@type":"WebPage","@id":"https:\/\/klaudynahebda.pl\/sklep\/zel-po-ukaszeniach\/","url":"https:\/\/klaudynahebda.pl\/sklep\/zel-po-ukaszeniach\/","name":"Koj\u0105cy \u017cel po uk\u0105szeniach z aloesem i lawend\u0105 [50 ml] - Klaudyna Hebda Nature","isPartOf":{"@id":"https:\/\/klaudynahebda.pl\/sklep\/#website"},"datePublished":"2022-03-02T11:40:57+00:00","dateModified":"2026-04-18T10:40:42+00:00","description":"Naturalny \u017cel na uk\u0105szenia z olejkami eterycznymi pozwoli Ci oprze\u0107 si\u0119 pokusie podrapania ''chocia\u017c ten jeden raz...''. \ud83d\udc49 Sprawd\u017a!","breadcrumb":{"@id":"https:\/\/klaudynahebda.pl\/sklep\/zel-po-ukaszeniach\/#breadcrumb"},"inLanguage":"pl-PL","potentialAction":[{"@type":"ReadAction","target":["https:\/\/klaudynahebda.pl\/sklep\/zel-po-ukaszeniach\/"]}]},{"@type":"BreadcrumbList","@id":"https:\/\/klaudynahebda.pl\/sklep\/zel-po-ukaszeniach\/#breadcrumb","itemListElement":[{"@type":"ListItem","position":1,"name":"Strona g\u0142\u00f3wna","item":"https:\/\/klaudynahebda.pl\/sklep\/"},{"@type":"ListItem","position":2,"name":"Sklep","item":"https:\/\/klaudynahebda.pl\/sklep\/sklep\/"},{"@type":"ListItem","position":3,"name":"Kosmetyki naturalne","item":"https:\/\/klaudynahebda.pl\/sklep\/kosmetyki-naturalne\/"},{"@type":"ListItem","position":4,"name":"Koj\u0105cy \u017cel po uk\u0105szeniach z aloesem i lawend\u0105 [50 ml]"}]},{"@type":"WebSite","@id":"https:\/\/klaudynahebda.pl\/sklep\/#website","url":"https:\/\/klaudynahebda.pl\/sklep\/","name":"Klaudyna Hebda Nature","description":"Sklep","publisher":{"@id":"https:\/\/klaudynahebda.pl\/sklep\/#organization"},"potentialAction":[{"@type":"SearchAction","target":{"@type":"EntryPoint","urlTemplate":"https:\/\/klaudynahebda.pl\/sklep\/?s={search_term_string}"},"query-input":"required name=search_term_string"}],"inLanguage":"pl-PL"},{"@type":"Organization","@id":"https:\/\/klaudynahebda.pl\/sklep\/#organization","name":"KlaudynaHebda","url":"https:\/\/klaudynahebda.pl\/sklep\/","sameAs":[],"logo":{"@type":"ImageObject","inLanguage":"pl-PL","@id":"https:\/\/klaudynahebda.pl\/sklep\/#\/schema\/logo\/image\/","url":"","contentUrl":"","caption":"KlaudynaHebda"},"image":{"@id":"https:\/\/klaudynahebda.pl\/sklep\/#\/schema\/logo\/image\/"}}]}},"_links":{"self":[{"href":"https:\/\/klaudynahebda.pl\/sklep\/wp-json\/wp\/v2\/product\/279040"}],"collection":[{"href":"https:\/\/klaudynahebda.pl\/sklep\/wp-json\/wp\/v2\/product"}],"about":[{"href":"https:\/\/klaudynahebda.pl\/sklep\/wp-json\/wp\/v2\/types\/product"}],"replies":[{"embeddable":true,"href":"https:\/\/klaudynahebda.pl\/sklep\/wp-json\/wp\/v2\/comments?post=279040"}],"wp:featuredmedia":[{"embeddable":true,"href":"https:\/\/klaudynahebda.pl\/sklep\/wp-json\/wp\/v2\/media\/3409709"}],"wp:attachment":[{"href":"https:\/\/klaudynahebda.pl\/sklep\/wp-json\/wp\/v2\/media?parent=279040"}],"wp:term":[{"taxonomy":"product_cat","embeddable":true,"href":"https:\/\/klaudynahebda.pl\/sklep\/wp-json\/wp\/v2\/product_cat?post=279040"},{"taxonomy":"product_tag","embeddable":true,"href":"https:\/\/klaudynahebda.pl\/sklep\/wp-json\/wp\/v2\/product_tag?post=279040"}],"curies":[{"name":"wp","href":"https:\/\/api.w.org\/{rel}","templated":true}]}}