{"id":265854,"date":"2022-02-14T12:25:32","date_gmt":"2022-02-14T11:25:32","guid":{"rendered":"https:\/\/klaudynahebda.pl\/sklep\/?post_type=product&#038;p=265854"},"modified":"2026-03-30T20:32:36","modified_gmt":"2026-03-30T18:32:36","slug":"zestaw-zatoki-liptus","status":"publish","type":"product","link":"https:\/\/klaudynahebda.pl\/sklep\/zestaw-zatoki-liptus\/","title":{"rendered":"Zestaw Liptus\u00ae: olejek, roll-on i s\u00f3l do k\u0105pieli"},"content":{"rendered":"<h2><b>Dlaczego warto wybra\u0107 zestaw Liptus\u00ae?<\/b><\/h2>\n<p>Zamawiaj\u0105c Zestaw Liptus\u00ae, otrzymujesz nie tylko 3 naturalne receptury i <strong>dok\u0142adnie wyja\u015bnione sposoby u\u017cycia <\/strong>wszystkich produkt\u00f3w, ale tak\u017ce <strong>wideo tutorial o masa\u017cu sk\u00f3ry w okolicach zatok<\/strong> w prezencie! Szczeg\u00f3\u0142y wy\u015blemy do Ciebie mailem (sprawd\u017a te\u017c inne zak\u0142adki, takie jak SPAM, oferty czy spo\u0142eczno\u015bci &#8211; czasem nasze maile tam si\u0119 chowaj\u0105) \ud83d\ude42<\/p>\n<p>Poza tymi bonusami mam jeszcze 3 dobre powody, dla kt\u00f3rych powinna\u015b spojrze\u0107 na Zestaw Liptus \u0142askawszym okiem:<\/p>\n<ol>\n<li>Produkty maj\u0105 r\u00f3\u017cne sposoby u\u017cycia, wi\u0119c ka\u017cdego dnia wybierasz najlepszy dla Ciebie<\/li>\n<li>Zestaw wspiera Ci\u0119 codziennie, dzi\u0119ki od\u015bwie\u017caj\u0105cemu zapachowi olejk\u00f3w eterycznych zawartych w produktach<\/li>\n<li>Si\u0119gaj\u0105c po Zestaw, zamawiasz taniej<\/li>\n<\/ol>\n<h2><strong>Jeszcze wi\u0119cej aromat\u00f3w, kt\u00f3re daj\u0105 orze\u017awienie, och\u0142odzenie i wspieraj\u0105 komfortowy oddech!<\/strong><\/h2>\n<p><a href=\"https:\/\/klaudynahebda.pl\/sklep\/seria-liptus\/\"><strong>Poznaj ca\u0142\u0105 seri\u0119 Liptus\u00ae<\/strong><\/a> \u2013 i korzystaj z mocy zi\u00f3\u0142 i aromaterapii w takiej formie, jaka najlepiej Ci odpowiada. Stw\u00f3rz w\u0142asny zestaw lub skorzystaj z naszych propozycji. A co masz do wyboru?<\/p>\n<ul>\n<li><strong><a href=\"https:\/\/klaudynahebda.pl\/sklep\/roll-on-liptus\/\">Roll-on Liptus\u00ae<\/a><\/strong> \u2013\u00a0 kompaktowy rozmiar sprawia, \u017ce mo\u017cesz go zabra\u0107 ze sob\u0105, gdy wychodzisz z domu lub wyje\u017cd\u017casz gdzie\u015b dalej.<\/li>\n<li><strong><a href=\"https:\/\/klaudynahebda.pl\/sklep\/masc-liptus\/\">Ma\u015b\u0107 Liptus<\/a><a href=\"https:\/\/klaudynahebda.pl\/sklep\/masc-liptus\/\">\u00ae<\/a> <\/strong>\u2013 do smarowania klatki piersiowej, zio\u0142owo-mentolowy aromat wspiera komfort oddechu.<\/li>\n<li><a href=\"https:\/\/klaudynahebda.pl\/sklep\/herbata-liptus\/\"><strong>Herbatka Liptus\u00ae<\/strong><\/a> \u2013 zio\u0142a, przyprawy i olejki eteryczne w Twoim ulubionym kubku. We\u017a \u0142yk i poczuj tradycyjn\u0105 moc ro\u015blin.<\/li>\n<li><a href=\"https:\/\/klaudynahebda.pl\/sklep\/zatoki-i\/\"><strong>Olejek Liptus\u00ae<\/strong><\/a> \u2013 mieszanka olejk\u00f3w eterycznych dla fan\u00f3w dyfuzowania.<\/li>\n<li><a href=\"https:\/\/klaudynahebda.pl\/sklep\/spray-liptus-light\/\"><strong>Spray Liptus Light\u00ae<\/strong><\/a>\u00a0 &#8211; wygodny spos\u00f3b na od\u015bwie\u017cenie pomieszcze\u0144 i po\u015bcieli.<\/li>\n<li><strong><a href=\"https:\/\/klaudynahebda.pl\/sklep\/sol-liptus\/\">S\u00f3l<\/a><\/strong> i <strong><a href=\"https:\/\/klaudynahebda.pl\/sklep\/koncentrat-do-kapieli-liptus-100-200-ml\/\">koncentrat do k\u0105pieli<\/a><\/strong> Liptus\u00ae &#8211; zanurz si\u0119 w od\u015bwie\u017caj\u0105cej k\u0105pieli.\u00a0 Dla Ciebie \u2013 aromatyczna k\u0105piel. Dla sk\u00f3ry \u2013 od\u017cywienie i nawil\u017cenie. Dla nosa \u2013 aromatyczna para z olejk\u00f3w, kt\u00f3ra unosi si\u0119 podczas k\u0105piel. Dla mi\u0142o\u015bnik\u00f3w k\u0105pieli z delikatn\u0105 piank\u0105 lub bez \ud83d\ude09<\/li>\n<\/ul>\n<h3><strong>Wydob\u0105d\u017a z mieszanki Liptus\u00ae, co najlepsze<\/strong><\/h3>\n<p data-gtm-vis-has-fired9999833_56=\"1\">Aby w pe\u0142ni czerpa\u0107 z w\u0142a\u015bciwo\u015bci olejk\u00f3w eterycznych, si\u0119gnij po\u00a0<a href=\"https:\/\/klaudynahebda.pl\/sklep\/dyfuzor-do-aromaterapii\/\"><strong data-start=\"259\" data-end=\"288\">dyfuzor bezwodny K. HEBDA<\/strong><\/a>\u00a0\u2013 urz\u0105dzenie, kt\u00f3re wydobywa 100% esencji zapachowej bez u\u017cycia wody i ciep\u0142a. D<span data-contrast=\"auto\">zi\u0119ki temu cz\u0105steczki olejk\u00f3w nie s\u0105 rozcie\u0144czone, a zapach jest dok\u0142adnie taki, jaki czujesz, w\u0105chaj\u0105c buteleczk\u0119.<\/span><span data-ccp-props=\"{&quot;134233118&quot;:false,&quot;201341983&quot;:0,&quot;335559685&quot;:-20,&quot;335559737&quot;:-20,&quot;335559739&quot;:200,&quot;335559740&quot;:276}\">\u00a0<\/span><\/p>\n<div class=\"row row-collapse align-middle\"  id=\"row-319800136\">\n\n\t<div id=\"col-65289008\" class=\"col small-10 large-12\"  >\n\t\t\t\t<div class=\"col-inner\"  >\n\t\t\t\n\t\t\t\n<h3 class=\"accordion_title\">Najcz\u0119\u015bciej zadawane pytania o zestaw Liptus\u00ae<\/h3><div class=\"accordion\" rel=\"1\"><\/div>\n<div class=\"accordion-item\"><a href=\"#\" class=\"accordion-title plain\"><button class=\"toggle\"><i class=\"icon-angle-down\"><\/i><\/button><span>Co znajd\u0119 w zestawie Liptus\u00ae?<\/span><\/a><div class=\"accordion-inner\">\n<p>W zestawie znajduj\u0105 si\u0119 trzy produkty, kt\u00f3re razem tworz\u0105 naturalne wsparcie dla komfortu oddychania i od\u015bwie\u017cenia organizmu:<\/p>\n<ul>\n<li><strong>Mieszanka olejk\u00f3w eterycznych Liptus\u00ae<\/strong> \u2013 do dyfuzji i inhalacji,<\/li>\n<li><strong>S\u00f3l do k\u0105pieli Liptus\u00ae \u2013<\/strong> aromatyczna s\u00f3l himalajska z olejkami,<\/li>\n<li><strong>Roll-on Liptus\u00ae<\/strong> \u2013 por\u0119czny format do aplikacji na sk\u00f3r\u0119.<\/li>\n<\/ul>\n<\/div><\/div>\u00a0\u00a0<div class=\"accordion-item\"><a href=\"#\" class=\"accordion-title plain\"><button class=\"toggle\"><i class=\"icon-angle-down\"><\/i><\/button><span>Jakie olejki zawiera mieszanka Liptus\u00ae?<\/span><\/a><div class=\"accordion-inner\">\nKompozycja Liptus\u00ae powsta\u0142a z po\u0142\u0105czenia pi\u0119ciu naturalnych olejk\u00f3w eterycznych:<\/p>\n<ul>\n<li>eukaliptusowego,<\/li>\n<li>mi\u0119towego,<\/li>\n<li>tymiankowego,<\/li>\n<li>z dzikiego oregano,<\/li>\n<li>cytrynowego.<\/li>\n<\/ul>\n<p>Dzi\u0119ki nim zapach jest jednocze\u015bnie \u015bwie\u017cy, zio\u0142owy i lekko cytrusowy.<br \/>\n<\/div><\/div>\n<div class=\"accordion-item\"><a href=\"#\" class=\"accordion-title plain\"><button class=\"toggle\"><i class=\"icon-angle-down\"><\/i><\/button><span>Jakie olejki zawiera s\u00f3l do k\u0105pieli Liptus\u00ae?<\/span><\/a><div class=\"accordion-inner\">\nW ka\u017cdej k\u0105pieli z sol\u0105 Liptus\u00ae zanurzysz si\u0119 w aromatach 8 starannie dobranych olejk\u00f3w eterycznych:<\/p>\n<ul>\n<li>eukaliptusowego,<\/li>\n<li>mi\u0119towego,<\/li>\n<li>rozmarynowego,<\/li>\n<li>tymiankowego,<\/li>\n<li>sosnowego,<\/li>\n<li>kadzid\u0142owego,<\/li>\n<li>geraniowego,<\/li>\n<li>wetiwerowego.<\/li>\n<\/ul>\n<p>Uzupe\u0142niaj\u0105 je od\u017cywcze oleje ro\u015blinne, kt\u00f3re piel\u0119gnuj\u0105 i nawil\u017caj\u0105 sk\u00f3r\u0119.<br \/>\n<\/div><\/div>\n<div class=\"accordion-item\"><a href=\"#\" class=\"accordion-title plain\"><button class=\"toggle\"><i class=\"icon-angle-down\"><\/i><\/button><span>Jakie olejki zawiera roll-on Liptus\u00ae?<\/span><\/a><div class=\"accordion-inner\">\nRoll-on Liptus\u00ae to kompozycja 7 olejk\u00f3w eterycznych i oleju jojoba:<\/p>\n<ul>\n<li>copaiba,<\/li>\n<li>eukaliptusowy,<\/li>\n<li>mi\u0119towy,<\/li>\n<li>rozmarynowy,<\/li>\n<li>pomara\u0144czowy,<\/li>\n<li>kadzid\u0142owy (frankincense),<\/li>\n<li>jojoba (olej bazowy, od\u017cywczy).<\/li>\n<\/ul>\n<\/div><\/div>\n<div class=\"accordion-item\"><a href=\"#\" class=\"accordion-title plain\"><button class=\"toggle\"><i class=\"icon-angle-down\"><\/i><\/button><span>Jak dzia\u0142a zestaw Liptus\u00ae?<\/span><\/a><div class=\"accordion-inner\">\n<ul>\n<li><strong>Mieszanka olejk\u00f3w<\/strong> \u2013 wspiera naturalny proces oddychania i od\u015bwie\u017ca powietrze,<\/li>\n<li><strong>S\u00f3l do k\u0105pieli<\/strong> \u2013 relaksuje cia\u0142o, wspiera odpr\u0119\u017cenie i otula zapachem zi\u00f3\u0142,<\/li>\n<li><strong>Roll-on<\/strong> \u2013 daje uczucie ch\u0142odu i \u015bwie\u017co\u015bci zawsze, gdy tego potrzebujesz.<\/li>\n<\/ul>\n<p>Razem tworz\u0105 rytua\u0142, kt\u00f3ry wspiera cia\u0142o i umys\u0142 szczeg\u00f3lnie w sezonie jesienno-zimowym.<br \/>\n<\/div><\/div>\n<div class=\"accordion-item\"><a href=\"#\" class=\"accordion-title plain\"><button class=\"toggle\"><i class=\"icon-angle-down\"><\/i><\/button><span>Jak stosowa\u0107 produkty z zestawu razem?<\/span><\/a><div class=\"accordion-inner\">\n<ul>\n<li><strong>Inhalacja<\/strong> \u2013 kilka kropli mieszanki Liptus\u00ae w miseczce z gor\u0105c\u0105 wod\u0105, <strong>Dyfuzor:\u00a0<\/strong>dodaj 15-20 kropli (<strong><a href=\"https:\/\/klaudynahebda.pl\/sklep\/dyfuzor-do-aromaterapii\/\">dyfuzor bezwodny K. HEBDA<\/a><\/strong>) lub kilka kropli (dyfuzor wodny) i uruchom urz\u0105dzenie na 20\u201330 minut. Pami\u0119taj, \u017ceby dyfuzowa\u0107 olejki jedynie w dobrze wentylowanych pomieszczeniach, a po zako\u0144czonej dyfuzji dok\u0142adnie przewietrzy\u0107 pok\u00f3j.<\/li>\n<li><strong>K\u0105piel<\/strong> \u2013 wsyp kilka \u0142y\u017cek soli Liptus\u00ae do ciep\u0142ej wody i zanurz si\u0119 na 15\u201320 minut,<\/li>\n<li><strong>Roll-on<\/strong> \u2013 aplikuj na kark, klatk\u0119 piersiow\u0105, nadgarstki lub skronie, gdy chcesz poczu\u0107 od\u015bwie\u017cenie i komfort.<\/li>\n<\/ul>\n<\/div><\/div>\n<div class=\"accordion-item\"><a href=\"#\" class=\"accordion-title plain\"><button class=\"toggle\"><i class=\"icon-angle-down\"><\/i><\/button><span>Czy zestaw Liptus\u00ae nadaje si\u0119 do codziennego stosowania?<\/span><\/a><div class=\"accordion-inner\">\nTak, wszystkie produkty mog\u0105 by\u0107 u\u017cywane ka\u017cdego dnia \u2013 osobno lub razem \u2013 w zale\u017cno\u015bci od potrzeb i preferencji.<br \/>\n<\/div><\/div>\n<div class=\"accordion-item\"><a href=\"#\" class=\"accordion-title plain\"><button class=\"toggle\"><i class=\"icon-angle-down\"><\/i><\/button><span>Czy produkty z zestawu Liptus\u00ae mog\u0105 by\u0107 stosowane u dzieci?<\/span><\/a><div class=\"accordion-inner\">\nZe wzgl\u0119du na intensywno\u015b\u0107 kompozycji, mieszanka i roll-on Liptus\u00ae polecane s\u0105 przede wszystkim dla doros\u0142ych. S\u00f3l jest natomiast przeznaczona dla dzieci powy\u017cej 3. roku \u017cycia i doros\u0142ych.<br \/>\n<\/div><\/div>\n<div class=\"accordion-item\"><a href=\"#\" class=\"accordion-title plain\"><button class=\"toggle\"><i class=\"icon-angle-down\"><\/i><\/button><span>Dlaczego warto wybra\u0107 zestaw Liptus\u00ae?<\/span><\/a><div class=\"accordion-inner\">\n<ul>\n<li>trzy r\u00f3\u017cne formy stosowania (dyfuzja, k\u0105piel, aplikacja na sk\u00f3r\u0119),<\/li>\n<li>naturalne olejki eteryczne najwy\u017cszej jako\u015bci wybrane przez aromaterapeutk\u0119 kliniczn\u0105 z 10-letnim do\u015bwiadczeniem,<\/li>\n<li>wsparcie dla komfortu oddechowego zawsze, gdy tego potrzebujesz,<\/li>\n<li>tw\u00f3j w\u0142asny rytua\u0142 odpr\u0119\u017cenia, relaksu i chwila dla siebie,<\/li>\n<li>idealny zestaw na prezent lub do domowej aromaterapii.<br \/>\n<\/div><\/div><\/li>\n<\/ul>\n\t<div id=\"gap-1918361521\" class=\"gap-element clearfix\" style=\"display:block; height:auto;\">\n\t\t\n<style>\n#gap-1918361521 {\n  padding-top: 20px;\n}\n<\/style>\n\t<\/div>\n\t\n\t\t<\/div>\n\t\t\t\t\t<\/div>\n\n\t\n\n<style>\n#row-319800136 > .col > .col-inner {\n  padding: 35px 0px 20px 0px;\n}\n<\/style>\n<\/div>\n<p>&nbsp;<\/p>\n<p>&nbsp;<\/p>\n","protected":false},"excerpt":{"rendered":"<p><em>Zawsze zaczyna si\u0119 tak samo.\u00a0I wiemy, jak si\u0119 sko\u0144czy&#8230;<\/em><\/p>\n<p><em>Proponuj\u0119 Ci inne zako\u0144czenie tej historii. Przyda si\u0119 m\u00f3j specjalny zestaw.<\/em><\/p>\n<h2>Co znajduje si\u0119 w aromaterapeutycznym zestawie Liptus\u00ae?<\/h2>\n<ul>\n<li>mieszanka Liptus &#8211; kompozycja st\u0119\u017conych olejk\u00f3w eterycznych, idealna do dyfuzji oraz inhalacji<\/li>\n<li>s\u00f3l do k\u0105pieli Liptus &#8211; aromatyczna s\u00f3l himalajska z olejkami eterycznymi, kt\u00f3re dadz\u0105 Ci poczucie od\u015bwie\u017cenia<\/li>\n<li>roll on Liptus &#8211; towarzysz kieszonkowy, najlepszy do szybkiego oraz \u0142atwego stosowania bezpo\u015brednio na sk\u00f3r\u0119<\/li>\n<\/ul>\n<p>&nbsp;<\/p>\n","protected":false},"featured_media":3406283,"comment_status":"open","ping_status":"closed","template":"","meta":[],"product_cat":[244,132,190,80,46,118],"product_tag":[],"acf":[],"yoast_head":"<!-- This site is optimized with the Yoast SEO plugin v19.6.1 - https:\/\/yoast.com\/wordpress\/plugins\/seo\/ -->\n<title>Zestaw Liptus\u00ae: olejek, roll-on i s\u00f3l do k\u0105pieli - Klaudyna Hebda Nature<\/title>\n<meta name=\"description\" content=\"Zestaw Liptus\u00ae zadba o Ciebie i rodzin\u0119 nawet jesieni\u0105 i zim\u0105. W zestawie: olejek eteryczny, s\u00f3l do k\u0105pieli i roll-on. \ud83c\udf43 Poczuj moc Natury!\" \/>\n<meta name=\"robots\" content=\"index, follow, max-snippet:-1, max-image-preview:large, max-video-preview:-1\" \/>\n<link rel=\"canonical\" href=\"https:\/\/klaudynahebda.pl\/sklep\/zestaw-zatoki-liptus\/\" \/>\n<meta property=\"og:locale\" content=\"pl_PL\" \/>\n<meta property=\"og:type\" content=\"article\" \/>\n<meta property=\"og:title\" content=\"Zestaw Liptus\u00ae: olejek, roll-on i s\u00f3l do k\u0105pieli - Klaudyna Hebda Nature\" \/>\n<meta property=\"og:description\" content=\"Zestaw Liptus\u00ae zadba o Ciebie i rodzin\u0119 nawet jesieni\u0105 i zim\u0105. W zestawie: olejek eteryczny, s\u00f3l do k\u0105pieli i roll-on. \ud83c\udf43 Poczuj moc Natury!\" \/>\n<meta property=\"og:url\" content=\"https:\/\/klaudynahebda.pl\/sklep\/zestaw-zatoki-liptus\/\" \/>\n<meta property=\"og:site_name\" content=\"Klaudyna Hebda Nature\" \/>\n<meta property=\"article:modified_time\" content=\"2026-03-30T18:32:36+00:00\" \/>\n<meta property=\"og:image\" content=\"https:\/\/klaudynahebda.pl\/sklep\/wp-content\/uploads\/2022\/02\/Zestaw-Liptus-olejek-roll-on-i-sol-do-kapieli.jpg\" \/>\n\t<meta property=\"og:image:width\" content=\"844\" \/>\n\t<meta property=\"og:image:height\" content=\"1152\" \/>\n\t<meta property=\"og:image:type\" content=\"image\/jpeg\" \/>\n<meta name=\"twitter:card\" content=\"summary_large_image\" \/>\n<meta name=\"twitter:label1\" content=\"Szacowany czas czytania\" \/>\n\t<meta name=\"twitter:data1\" content=\"5 minut\" \/>\n<script type=\"application\/ld+json\" class=\"yoast-schema-graph\">{\"@context\":\"https:\/\/schema.org\",\"@graph\":[{\"@type\":\"WebPage\",\"@id\":\"https:\/\/klaudynahebda.pl\/sklep\/zestaw-zatoki-liptus\/\",\"url\":\"https:\/\/klaudynahebda.pl\/sklep\/zestaw-zatoki-liptus\/\",\"name\":\"Zestaw Liptus\u00ae: olejek, roll-on i s\u00f3l do k\u0105pieli - Klaudyna Hebda Nature\",\"isPartOf\":{\"@id\":\"https:\/\/klaudynahebda.pl\/sklep\/#website\"},\"datePublished\":\"2022-02-14T11:25:32+00:00\",\"dateModified\":\"2026-03-30T18:32:36+00:00\",\"description\":\"Zestaw Liptus\u00ae zadba o Ciebie i rodzin\u0119 nawet jesieni\u0105 i zim\u0105. W zestawie: olejek eteryczny, s\u00f3l do k\u0105pieli i roll-on. \ud83c\udf43 Poczuj moc Natury!\",\"breadcrumb\":{\"@id\":\"https:\/\/klaudynahebda.pl\/sklep\/zestaw-zatoki-liptus\/#breadcrumb\"},\"inLanguage\":\"pl-PL\",\"potentialAction\":[{\"@type\":\"ReadAction\",\"target\":[\"https:\/\/klaudynahebda.pl\/sklep\/zestaw-zatoki-liptus\/\"]}]},{\"@type\":\"BreadcrumbList\",\"@id\":\"https:\/\/klaudynahebda.pl\/sklep\/zestaw-zatoki-liptus\/#breadcrumb\",\"itemListElement\":[{\"@type\":\"ListItem\",\"position\":1,\"name\":\"Strona g\u0142\u00f3wna\",\"item\":\"https:\/\/klaudynahebda.pl\/sklep\/\"},{\"@type\":\"ListItem\",\"position\":2,\"name\":\"Sklep\",\"item\":\"https:\/\/klaudynahebda.pl\/sklep\/sklep\/\"},{\"@type\":\"ListItem\",\"position\":3,\"name\":\"Seria Liptus\",\"item\":\"https:\/\/klaudynahebda.pl\/sklep\/seria-liptus\/\"},{\"@type\":\"ListItem\",\"position\":4,\"name\":\"Zestaw Liptus\u00ae: olejek, roll-on i s\u00f3l do k\u0105pieli\"}]},{\"@type\":\"WebSite\",\"@id\":\"https:\/\/klaudynahebda.pl\/sklep\/#website\",\"url\":\"https:\/\/klaudynahebda.pl\/sklep\/\",\"name\":\"Klaudyna Hebda Nature\",\"description\":\"Sklep\",\"publisher\":{\"@id\":\"https:\/\/klaudynahebda.pl\/sklep\/#organization\"},\"potentialAction\":[{\"@type\":\"SearchAction\",\"target\":{\"@type\":\"EntryPoint\",\"urlTemplate\":\"https:\/\/klaudynahebda.pl\/sklep\/?s={search_term_string}\"},\"query-input\":\"required name=search_term_string\"}],\"inLanguage\":\"pl-PL\"},{\"@type\":\"Organization\",\"@id\":\"https:\/\/klaudynahebda.pl\/sklep\/#organization\",\"name\":\"KlaudynaHebda\",\"url\":\"https:\/\/klaudynahebda.pl\/sklep\/\",\"sameAs\":[],\"logo\":{\"@type\":\"ImageObject\",\"inLanguage\":\"pl-PL\",\"@id\":\"https:\/\/klaudynahebda.pl\/sklep\/#\/schema\/logo\/image\/\",\"url\":\"\",\"contentUrl\":\"\",\"caption\":\"KlaudynaHebda\"},\"image\":{\"@id\":\"https:\/\/klaudynahebda.pl\/sklep\/#\/schema\/logo\/image\/\"}}]}<\/script>\n<!-- \/ Yoast SEO plugin. -->","yoast_head_json":{"title":"Zestaw Liptus\u00ae: olejek, roll-on i s\u00f3l do k\u0105pieli - Klaudyna Hebda Nature","description":"Zestaw Liptus\u00ae zadba o Ciebie i rodzin\u0119 nawet jesieni\u0105 i zim\u0105. W zestawie: olejek eteryczny, s\u00f3l do k\u0105pieli i roll-on. \ud83c\udf43 Poczuj moc Natury!","robots":{"index":"index","follow":"follow","max-snippet":"max-snippet:-1","max-image-preview":"max-image-preview:large","max-video-preview":"max-video-preview:-1"},"canonical":"https:\/\/klaudynahebda.pl\/sklep\/zestaw-zatoki-liptus\/","og_locale":"pl_PL","og_type":"article","og_title":"Zestaw Liptus\u00ae: olejek, roll-on i s\u00f3l do k\u0105pieli - Klaudyna Hebda Nature","og_description":"Zestaw Liptus\u00ae zadba o Ciebie i rodzin\u0119 nawet jesieni\u0105 i zim\u0105. W zestawie: olejek eteryczny, s\u00f3l do k\u0105pieli i roll-on. \ud83c\udf43 Poczuj moc Natury!","og_url":"https:\/\/klaudynahebda.pl\/sklep\/zestaw-zatoki-liptus\/","og_site_name":"Klaudyna Hebda Nature","article_modified_time":"2026-03-30T18:32:36+00:00","og_image":[{"width":844,"height":1152,"url":"https:\/\/klaudynahebda.pl\/sklep\/wp-content\/uploads\/2022\/02\/Zestaw-Liptus-olejek-roll-on-i-sol-do-kapieli.jpg","type":"image\/jpeg"}],"twitter_card":"summary_large_image","twitter_misc":{"Szacowany czas czytania":"5 minut"},"schema":{"@context":"https:\/\/schema.org","@graph":[{"@type":"WebPage","@id":"https:\/\/klaudynahebda.pl\/sklep\/zestaw-zatoki-liptus\/","url":"https:\/\/klaudynahebda.pl\/sklep\/zestaw-zatoki-liptus\/","name":"Zestaw Liptus\u00ae: olejek, roll-on i s\u00f3l do k\u0105pieli - Klaudyna Hebda Nature","isPartOf":{"@id":"https:\/\/klaudynahebda.pl\/sklep\/#website"},"datePublished":"2022-02-14T11:25:32+00:00","dateModified":"2026-03-30T18:32:36+00:00","description":"Zestaw Liptus\u00ae zadba o Ciebie i rodzin\u0119 nawet jesieni\u0105 i zim\u0105. W zestawie: olejek eteryczny, s\u00f3l do k\u0105pieli i roll-on. \ud83c\udf43 Poczuj moc Natury!","breadcrumb":{"@id":"https:\/\/klaudynahebda.pl\/sklep\/zestaw-zatoki-liptus\/#breadcrumb"},"inLanguage":"pl-PL","potentialAction":[{"@type":"ReadAction","target":["https:\/\/klaudynahebda.pl\/sklep\/zestaw-zatoki-liptus\/"]}]},{"@type":"BreadcrumbList","@id":"https:\/\/klaudynahebda.pl\/sklep\/zestaw-zatoki-liptus\/#breadcrumb","itemListElement":[{"@type":"ListItem","position":1,"name":"Strona g\u0142\u00f3wna","item":"https:\/\/klaudynahebda.pl\/sklep\/"},{"@type":"ListItem","position":2,"name":"Sklep","item":"https:\/\/klaudynahebda.pl\/sklep\/sklep\/"},{"@type":"ListItem","position":3,"name":"Seria Liptus","item":"https:\/\/klaudynahebda.pl\/sklep\/seria-liptus\/"},{"@type":"ListItem","position":4,"name":"Zestaw Liptus\u00ae: olejek, roll-on i s\u00f3l do k\u0105pieli"}]},{"@type":"WebSite","@id":"https:\/\/klaudynahebda.pl\/sklep\/#website","url":"https:\/\/klaudynahebda.pl\/sklep\/","name":"Klaudyna Hebda Nature","description":"Sklep","publisher":{"@id":"https:\/\/klaudynahebda.pl\/sklep\/#organization"},"potentialAction":[{"@type":"SearchAction","target":{"@type":"EntryPoint","urlTemplate":"https:\/\/klaudynahebda.pl\/sklep\/?s={search_term_string}"},"query-input":"required name=search_term_string"}],"inLanguage":"pl-PL"},{"@type":"Organization","@id":"https:\/\/klaudynahebda.pl\/sklep\/#organization","name":"KlaudynaHebda","url":"https:\/\/klaudynahebda.pl\/sklep\/","sameAs":[],"logo":{"@type":"ImageObject","inLanguage":"pl-PL","@id":"https:\/\/klaudynahebda.pl\/sklep\/#\/schema\/logo\/image\/","url":"","contentUrl":"","caption":"KlaudynaHebda"},"image":{"@id":"https:\/\/klaudynahebda.pl\/sklep\/#\/schema\/logo\/image\/"}}]}},"_links":{"self":[{"href":"https:\/\/klaudynahebda.pl\/sklep\/wp-json\/wp\/v2\/product\/265854"}],"collection":[{"href":"https:\/\/klaudynahebda.pl\/sklep\/wp-json\/wp\/v2\/product"}],"about":[{"href":"https:\/\/klaudynahebda.pl\/sklep\/wp-json\/wp\/v2\/types\/product"}],"replies":[{"embeddable":true,"href":"https:\/\/klaudynahebda.pl\/sklep\/wp-json\/wp\/v2\/comments?post=265854"}],"wp:featuredmedia":[{"embeddable":true,"href":"https:\/\/klaudynahebda.pl\/sklep\/wp-json\/wp\/v2\/media\/3406283"}],"wp:attachment":[{"href":"https:\/\/klaudynahebda.pl\/sklep\/wp-json\/wp\/v2\/media?parent=265854"}],"wp:term":[{"taxonomy":"product_cat","embeddable":true,"href":"https:\/\/klaudynahebda.pl\/sklep\/wp-json\/wp\/v2\/product_cat?post=265854"},{"taxonomy":"product_tag","embeddable":true,"href":"https:\/\/klaudynahebda.pl\/sklep\/wp-json\/wp\/v2\/product_tag?post=265854"}],"curies":[{"name":"wp","href":"https:\/\/api.w.org\/{rel}","templated":true}]}}