{"id":265726,"date":"2022-01-31T11:17:18","date_gmt":"2022-01-31T10:17:18","guid":{"rendered":"https:\/\/klaudynahebda.pl\/sklep\/?post_type=product&#038;p=265726"},"modified":"2026-04-21T16:25:25","modified_gmt":"2026-04-21T14:25:25","slug":"herbata-liptus","status":"publish","type":"product","link":"https:\/\/klaudynahebda.pl\/sklep\/herbata-liptus\/","title":{"rendered":"LIPTUS\u00ae &#8211; herbatka zio\u0142owa z przyprawami [50 g]"},"content":{"rendered":"<h2><b><span data-contrast=\"none\">Co znajdziesz w herbatce Liptus\u00ae?<\/span><\/b><span data-ccp-props=\"{&quot;134233117&quot;:false,&quot;134233118&quot;:false,&quot;134245418&quot;:true,&quot;134245529&quot;:true,&quot;335559738&quot;:281,&quot;335559739&quot;:281}\">\u00a0<\/span><\/h2>\n<ul>\n<li data-leveltext=\"\uf0b7\" data-font=\"Symbol\" data-listid=\"4\" data-list-defn-props=\"{&quot;335552541&quot;:1,&quot;335559685&quot;:720,&quot;335559991&quot;:360,&quot;469769226&quot;:&quot;Symbol&quot;,&quot;469769242&quot;:[8226],&quot;469777803&quot;:&quot;left&quot;,&quot;469777804&quot;:&quot;\uf0b7&quot;,&quot;469777815&quot;:&quot;hybridMultilevel&quot;}\" data-aria-posinset=\"1\" data-aria-level=\"1\"><b><span data-contrast=\"auto\">Li\u015b\u0107 werbeny cytrynowej<\/span><\/b><span data-contrast=\"auto\"> \u2013 delikatnie cytrusowy aromat, kt\u00f3ry wprowadza do mieszanki \u015bwie\u017co\u015b\u0107.<\/span><span data-ccp-props=\"{&quot;134233117&quot;:false,&quot;134233118&quot;:false,&quot;335559738&quot;:0,&quot;335559739&quot;:0}\">\u00a0<\/span><\/li>\n<\/ul>\n<ul>\n<li data-leveltext=\"\uf0b7\" data-font=\"Symbol\" data-listid=\"4\" data-list-defn-props=\"{&quot;335552541&quot;:1,&quot;335559685&quot;:720,&quot;335559991&quot;:360,&quot;469769226&quot;:&quot;Symbol&quot;,&quot;469769242&quot;:[8226],&quot;469777803&quot;:&quot;left&quot;,&quot;469777804&quot;:&quot;\uf0b7&quot;,&quot;469777815&quot;:&quot;hybridMultilevel&quot;}\" data-aria-posinset=\"2\" data-aria-level=\"1\"><b><span data-contrast=\"auto\">Li\u015b\u0107 eukaliptusa<\/span><\/b><span data-contrast=\"auto\"> \u2013 wprowadza delikatn\u0105 nut\u0119 orze\u017awienia.<\/span><span data-ccp-props=\"{&quot;134233117&quot;:false,&quot;134233118&quot;:false,&quot;335559738&quot;:0,&quot;335559739&quot;:0}\">\u00a0<\/span><\/li>\n<\/ul>\n<ul>\n<li data-leveltext=\"\uf0b7\" data-font=\"Symbol\" data-listid=\"4\" data-list-defn-props=\"{&quot;335552541&quot;:1,&quot;335559685&quot;:720,&quot;335559991&quot;:360,&quot;469769226&quot;:&quot;Symbol&quot;,&quot;469769242&quot;:[8226],&quot;469777803&quot;:&quot;left&quot;,&quot;469777804&quot;:&quot;\uf0b7&quot;,&quot;469777815&quot;:&quot;hybridMultilevel&quot;}\" data-aria-posinset=\"3\" data-aria-level=\"1\"><b><span data-contrast=\"auto\">Korze\u0144 lukrecji<\/span><\/b><span data-contrast=\"auto\"> \u2013 naturalna s\u0142odycz z \u0142agodnym dzia\u0142aniem.<\/span><span data-ccp-props=\"{&quot;134233117&quot;:false,&quot;134233118&quot;:false,&quot;335559738&quot;:0,&quot;335559739&quot;:0}\">\u00a0<\/span><\/li>\n<\/ul>\n<ul>\n<li data-leveltext=\"\uf0b7\" data-font=\"Symbol\" data-listid=\"4\" data-list-defn-props=\"{&quot;335552541&quot;:1,&quot;335559685&quot;:720,&quot;335559991&quot;:360,&quot;469769226&quot;:&quot;Symbol&quot;,&quot;469769242&quot;:[8226],&quot;469777803&quot;:&quot;left&quot;,&quot;469777804&quot;:&quot;\uf0b7&quot;,&quot;469777815&quot;:&quot;hybridMultilevel&quot;}\" data-aria-posinset=\"4\" data-aria-level=\"1\"><b><span data-contrast=\"auto\">Ziele mi\u0119ty pieprzowej<\/span><\/b><span data-contrast=\"auto\"> \u2013 zapewnia przyjemny, ch\u0142odny akcent.<\/span><span data-ccp-props=\"{&quot;134233117&quot;:false,&quot;134233118&quot;:false,&quot;335559738&quot;:0,&quot;335559739&quot;:0}\">\u00a0<\/span><\/li>\n<\/ul>\n<ul>\n<li data-leveltext=\"\uf0b7\" data-font=\"Symbol\" data-listid=\"4\" data-list-defn-props=\"{&quot;335552541&quot;:1,&quot;335559685&quot;:720,&quot;335559991&quot;:360,&quot;469769226&quot;:&quot;Symbol&quot;,&quot;469769242&quot;:[8226],&quot;469777803&quot;:&quot;left&quot;,&quot;469777804&quot;:&quot;\uf0b7&quot;,&quot;469777815&quot;:&quot;hybridMultilevel&quot;}\" data-aria-posinset=\"5\" data-aria-level=\"1\"><b><span data-contrast=\"auto\">Korze\u0144 imbiru<\/span><\/b><span data-contrast=\"auto\"> \u2013 dodaje lekkiej pikanterii i rozgrzewa.<\/span><span data-ccp-props=\"{&quot;134233117&quot;:false,&quot;134233118&quot;:false,&quot;335559738&quot;:0,&quot;335559739&quot;:0}\">\u00a0<\/span><\/li>\n<\/ul>\n<ul>\n<li data-leveltext=\"\uf0b7\" data-font=\"Symbol\" data-listid=\"4\" data-list-defn-props=\"{&quot;335552541&quot;:1,&quot;335559685&quot;:720,&quot;335559991&quot;:360,&quot;469769226&quot;:&quot;Symbol&quot;,&quot;469769242&quot;:[8226],&quot;469777803&quot;:&quot;left&quot;,&quot;469777804&quot;:&quot;\uf0b7&quot;,&quot;469777815&quot;:&quot;hybridMultilevel&quot;}\" data-aria-posinset=\"6\" data-aria-level=\"1\"><b><span data-contrast=\"auto\">Olejek cytrynowy<\/span><\/b><span data-contrast=\"auto\"> \u2013 subtelnie podkre\u015bla cytrusowy charakter mieszanki.<\/span><span data-ccp-props=\"{&quot;134233117&quot;:false,&quot;134233118&quot;:false,&quot;335559738&quot;:0,&quot;335559739&quot;:0}\">\u00a0<\/span><\/li>\n<\/ul>\n<ul>\n<li data-leveltext=\"\uf0b7\" data-font=\"Symbol\" data-listid=\"4\" data-list-defn-props=\"{&quot;335552541&quot;:1,&quot;335559685&quot;:720,&quot;335559991&quot;:360,&quot;469769226&quot;:&quot;Symbol&quot;,&quot;469769242&quot;:[8226],&quot;469777803&quot;:&quot;left&quot;,&quot;469777804&quot;:&quot;\uf0b7&quot;,&quot;469777815&quot;:&quot;hybridMultilevel&quot;}\" data-aria-posinset=\"7\" data-aria-level=\"1\"><b><span data-contrast=\"auto\">Olejek mi\u0119towy<\/span><\/b><span data-contrast=\"auto\"> \u2013 zapewnia delikatny efekt \u015bwie\u017co\u015bci, kt\u00f3ry wzbogaca doznania smakowe.<\/span><span data-ccp-props=\"{&quot;134233117&quot;:false,&quot;134233118&quot;:false,&quot;335559738&quot;:0,&quot;335559739&quot;:0}\">\u00a0<\/span><\/li>\n<\/ul>\n<p>&nbsp;<\/p>\n<h2><b><span data-contrast=\"none\">Dlaczego warto si\u0119gn\u0105\u0107 po zio\u0142ow\u0105 herbatk\u0119 z olejkami eterycznymi Liptus\u00ae?<\/span><\/b><span data-ccp-props=\"{&quot;134233117&quot;:false,&quot;134233118&quot;:false,&quot;134245418&quot;:true,&quot;134245529&quot;:true,&quot;335559738&quot;:281,&quot;335559739&quot;:281}\">\u00a0<\/span><\/h2>\n<p><span data-contrast=\"auto\">Liptus\u00ae to nie tylko herbatka \u2013 to zio\u0142owy rytua\u0142 zaprojektowany przez Klaudyn\u0119 z mi\u0142o\u015bci do ro\u015blin i pasji do tworzenia unikalnych produkt\u00f3w. Dzi\u0119ki dodatkom olejk\u00f3w eterycznych, herbata wyr\u00f3\u017cnia si\u0119 na tle innych, oferuj\u0105c co\u015b wi\u0119cej ni\u017c tylko smak \u2013 to subtelne doznanie, kt\u00f3re zachwyca swoj\u0105 \u015bwie\u017co\u015bci\u0105 i wyj\u0105tkowym dzia\u0142aniem. Spr\u00f3buj i przekonaj si\u0119, jak niewielka fili\u017canka mo\u017ce przynie\u015b\u0107 wielk\u0105 ulg\u0119.<\/span><span data-ccp-props=\"{&quot;134233117&quot;:false,&quot;134233118&quot;:false,&quot;335559738&quot;:240,&quot;335559739&quot;:240}\">\u00a0<\/span><\/p>\n<p><a href=\"https:\/\/klaudynahebda.pl\/sklep\/seria-liptus\/\"><strong>Poznaj ca\u0142\u0105 seri\u0119 Liptus\u00ae<\/strong><\/a> \u2013 i korzystaj z mocy zi\u00f3\u0142 i aromaterapii w takiej formie, jaka najlepiej Ci odpowiada. Stw\u00f3rz w\u0142asny zestaw Liptus lub skorzystaj z naszych propozycji. A co masz do wyboru?<\/p>\n<ul>\n<li><strong><a href=\"https:\/\/klaudynahebda.pl\/sklep\/roll-on-liptus\/\">Roll-on Liptus\u00ae<\/a><\/strong> \u2013\u00a0 kompaktowy rozmiar sprawia, \u017ce mo\u017cesz go zabra\u0107 ze sob\u0105, gdy wychodzisz z domu lub wyje\u017cdzasz gdzie\u015b dalej.<\/li>\n<li><strong><a href=\"https:\/\/klaudynahebda.pl\/sklep\/masc-liptus\/\">Ma\u015b\u0107 Liptus<\/a><a href=\"https:\/\/klaudynahebda.pl\/sklep\/masc-liptus\/\">\u00ae<\/a> <\/strong>\u2013 do smarowania klatki piersiowej, zio\u0142owo-mentolowy aromat wspiera komfort oddechu.<\/li>\n<li><strong>Herbatka Liptus\u00ae<\/strong> \u2013 zio\u0142a, przyprawy i olejki eteryczne w Twoim ulubionym kubku. We\u017a \u0142yk i poczuj tradycyjn\u0105 moc ro\u015blin.<\/li>\n<li><strong><a href=\"https:\/\/klaudynahebda.pl\/sklep\/zatoki-i\/\">Olejek Liptus\u00ae<\/a><\/strong> \u2013 mieszanka olejk\u00f3w eterycznych dla fan\u00f3w dyfuzowania.<\/li>\n<li><a href=\"https:\/\/klaudynahebda.pl\/sklep\/spray-liptus-light\/\"><strong>Spray Liptus Light\u00ae<\/strong><\/a>\u00a0 &#8211; wygodny spos\u00f3b na od\u015bwie\u017cenie pomieszcze\u0144 i po\u015bcieli.<\/li>\n<li><strong><a href=\"https:\/\/klaudynahebda.pl\/sklep\/sol-liptus\/\">S\u00f3l<\/a><\/strong> i <strong><a href=\"https:\/\/klaudynahebda.pl\/sklep\/koncentrat-do-kapieli-liptus-100-200-ml\/\">koncentrat do k\u0105pieli<\/a><\/strong> Liptus\u00ae &#8211; zanurz si\u0119 w od\u015bwie\u017caj\u0105cej k\u0105pieli.\u00a0 Dla Ciebie \u2013 aromatyczna k\u0105piel. Dla sk\u00f3ry \u2013 od\u017cywienie i nawil\u017cenie. Dla nosa \u2013 aromatyczna para z olejk\u00f3w, kt\u00f3ra unosi si\u0119 podczas k\u0105piel. Dla mi\u0142o\u015bnik\u00f3w k\u0105pieli z delikatn\u0105 piank\u0105 lub bez \ud83d\ude09<\/li>\n<\/ul>\n<div class=\"row row-collapse align-middle\"  id=\"row-572045374\">\n\n\t<div id=\"col-1680330005\" class=\"col small-10 large-12\"  >\n\t\t\t\t<div class=\"col-inner\"  >\n\t\t\t\n\t\t\t\n<h3 class=\"accordion_title\">Najcz\u0119\u015bciej zadawane pytania<\/h3><div class=\"accordion\" rel=\"1\"><\/div>\n<div class=\"accordion-item\"><a href=\"#\" class=\"accordion-title plain\"><button class=\"toggle\"><i class=\"icon-angle-down\"><\/i><\/button><span>Czym jest herbatka zio\u0142owa Liptus\u00ae?<\/span><\/a><div class=\"accordion-inner\">\nLiptus\u00ae to aromatyczna mieszanka zi\u00f3\u0142 wzbogacona naturalnymi olejkami eterycznymi \u2013 cytrynowym i mi\u0119towym. Ka\u017cda fili\u017canka naparu przynosi uczucie lekko\u015bci, \u015bwie\u017co\u015bci i orze\u017awienia, wspieraj\u0105c dobre samopoczucie.<br \/>\n<\/div><\/div>\n<div class=\"accordion-item\"><a href=\"#\" class=\"accordion-title plain\"><button class=\"toggle\"><i class=\"icon-angle-down\"><\/i><\/button><span>Co zawiera herbatka Liptus\u00ae?<\/span><\/a><div class=\"accordion-inner\">\nW sk\u0142ad mieszanki Liptus\u00ae wchodz\u0105:<br \/>\n&#8211; li\u015b\u0107 werbeny cytrynowej,<br \/>\n&#8211; li\u015b\u0107 eukaliptusa,<br \/>\n&#8211; korze\u0144 lukrecji,<br \/>\n&#8211; ziele mi\u0119ty pieprzowej,<br \/>\n&#8211; korze\u0144 imbiru,<br \/>\n&#8211; olejek cytrynowy,<br \/>\n&#8211; olejek mi\u0119towy.<br \/>\nTo po\u0142\u0105czenie zi\u00f3\u0142 i olejk\u00f3w daje unikalny, \u015bwie\u017cy aromat i wyj\u0105tkowy smak.<br \/>\n<\/div><\/div>\n<div class=\"accordion-item\"><a href=\"#\" class=\"accordion-title plain\"><button class=\"toggle\"><i class=\"icon-angle-down\"><\/i><\/button><span>Jak smakuje herbatka Liptus\u00ae?<\/span><\/a><div class=\"accordion-inner\">\nHerbatka Liptus\u00ae to harmonijne po\u0142\u0105czenie cytrusowych nut werbeny i cytryny, lekko pikantnego imbiru, s\u0142odkawej lukrecji i orze\u017awiaj\u0105cej mi\u0119ty. Ka\u017cdy \u0142yk to balans \u015bwie\u017co\u015bci i delikatnej s\u0142odyczy.<br \/>\n<\/div><\/div>\n<div class=\"accordion-item\"><a href=\"#\" class=\"accordion-title plain\"><button class=\"toggle\"><i class=\"icon-angle-down\"><\/i><\/button><span>Dlaczego warto pi\u0107 herbatk\u0119 Liptus\u00ae?<\/span><\/a><div class=\"accordion-inner\">\n&#8211; wspiera poczucie \u015bwie\u017co\u015bci i lekko\u015bci,<br \/>\n&#8211; dzia\u0142a orze\u017awiaj\u0105co dzi\u0119ki olejkom eterycznym,<br \/>\n&#8211; idealna na ch\u0142odniejsze dni jako rozgrzewaj\u0105cy napar,<br \/>\n&#8211; \u015bwietnie smakuje tak\u017ce latem na zimno \u2013 jako naturalny nap\u00f3j ch\u0142odz\u0105cy.<br \/>\n<\/div><\/div>\n<div class=\"accordion-item\"><a href=\"#\" class=\"accordion-title plain\"><button class=\"toggle\"><i class=\"icon-angle-down\"><\/i><\/button><span>Kiedy najlepiej pi\u0107 herbatk\u0119 Liptus\u00ae?<\/span><\/a><div class=\"accordion-inner\">\nHerbatk\u0119 Liptus\u00ae mo\u017cesz pi\u0107 zar\u00f3wno wieczorem, jako rozgrzewaj\u0105cy rytua\u0142, jak i w ci\u0105gu dnia dla orze\u017awienia. Latem \u015bwietnie sprawdza si\u0119 podawana na zimno, jako alternatywa dla s\u0142odkich napoj\u00f3w.<br \/>\n<\/div><\/div>\n<div class=\"accordion-item\"><a href=\"#\" class=\"accordion-title plain\"><button class=\"toggle\"><i class=\"icon-angle-down\"><\/i><\/button><span>Co wyr\u00f3\u017cnia herbatk\u0119 Liptus\u00ae na tle innych mieszanek?<\/span><\/a><div class=\"accordion-inner\">\nTo nie jest zwyk\u0142a herbata \u2013 to zio\u0142owy rytua\u0142 stworzony z pasj\u0105 przez Klaudyn\u0119 Hebd\u0119. Dzi\u0119ki dodatkowi olejk\u00f3w eterycznych Liptus\u00ae daje nie tylko smak, ale te\u017c wyj\u0105tkowe do\u015bwiadczenie aromaterapeutyczne.<br \/>\n<\/div><\/div>\n\t<div id=\"gap-1932070745\" class=\"gap-element clearfix\" style=\"display:block; height:auto;\">\n\t\t\n<style>\n#gap-1932070745 {\n  padding-top: 20px;\n}\n<\/style>\n\t<\/div>\n\t\n\t\t<\/div>\n\t\t\t\t\t<\/div>\n\n\t\n\n<style>\n#row-572045374 > .col > .col-inner {\n  padding: 35px 0px 20px 0px;\n}\n<\/style>\n<\/div>\n","protected":false},"excerpt":{"rendered":"<h2><span data-contrast=\"auto\">Herbata Liptus\u00ae to: <\/span><\/h2>\n<ul>\n<li><b><span data-contrast=\"auto\"> herbatka zio\u0142owa z olejkami eterycznymi<\/span><\/b><\/li>\n<li><span style=\"color: #333333;\">zio\u0142owy napar, kt\u00f3ry \u0142\u0105czy w sobie tradycyjn\u0105 moc ro\u015blin z dobroczynnym dzia\u0142aniem dw\u00f3ch naturalnych olejk\u00f3w eterycznych;<\/span><\/li>\n<li><span data-contrast=\"auto\">wra\u017cenie delikatnego orze\u017awienia i przyjemnej \u015bwie\u017co\u015bci, kt\u00f3re rozchodzi si\u0119 po ca\u0142ym ciele. <\/span><\/li>\n<li><span data-contrast=\"auto\">jak oddech natury zamkni\u0119ty w Twoim kubku.<\/span><span data-ccp-props=\"{&quot;134233117&quot;:false,&quot;134233118&quot;:false,&quot;335559738&quot;:240,&quot;335559739&quot;:240}\">\u00a0<\/span><\/li>\n<\/ul>\n<p><span data-ccp-props=\"{}\">\u00a0<\/span><\/p>\n<h3><b><span data-contrast=\"auto\">Dlaczego warto spr\u00f3bowa\u0107 herbaty Liptus\u00ae?<\/span><\/b><span data-ccp-props=\"{&quot;134233117&quot;:false,&quot;134233118&quot;:false,&quot;335559738&quot;:240,&quot;335559739&quot;:240}\">\u00a0<\/span><\/h3>\n<ul>\n<li data-leveltext=\"\uf0b7\" data-font=\"Symbol\" data-listid=\"3\" data-list-defn-props=\"{&quot;335552541&quot;:1,&quot;335559685&quot;:720,&quot;335559991&quot;:360,&quot;469769226&quot;:&quot;Symbol&quot;,&quot;469769242&quot;:[8226],&quot;469777803&quot;:&quot;left&quot;,&quot;469777804&quot;:&quot;\uf0b7&quot;,&quot;469777815&quot;:&quot;hybridMultilevel&quot;}\" data-aria-posinset=\"1\" data-aria-level=\"1\"><b><span data-contrast=\"auto\">Zmys\u0142owe do\u015bwiadczenie<\/span><\/b><span data-contrast=\"auto\">: odkr\u0119\u0107 wieczko i poczuj orze\u017awiaj\u0105cy zapach olejku cytrynowego i mi\u0119towego. Ich aromat <\/span><span data-contrast=\"auto\">unosi si\u0119, przynosz\u0105c klarowno\u015b\u0107 i lekko\u015b\u0107.<\/span><span data-ccp-props=\"{&quot;134233117&quot;:false,&quot;134233118&quot;:false,&quot;335559738&quot;:0,&quot;335559739&quot;:0}\">\u00a0<\/span><\/li>\n<\/ul>\n<ul>\n<li data-leveltext=\"\uf0b7\" data-font=\"Symbol\" data-listid=\"3\" data-list-defn-props=\"{&quot;335552541&quot;:1,&quot;335559685&quot;:720,&quot;335559991&quot;:360,&quot;469769226&quot;:&quot;Symbol&quot;,&quot;469769242&quot;:[8226],&quot;469777803&quot;:&quot;left&quot;,&quot;469777804&quot;:&quot;\uf0b7&quot;,&quot;469777815&quot;:&quot;hybridMultilevel&quot;}\" data-aria-posinset=\"2\" data-aria-level=\"1\"><b><span data-contrast=\"auto\">Harmonia smak\u00f3w<\/span><\/b><span data-contrast=\"auto\">: cytrusowe nuty werbeny przeplataj\u0105 si\u0119 z pikantnym imbirem, s\u0142odkaw\u0105 lukrecj\u0105 i od\u015bwie\u017caj\u0105c\u0105 mi\u0119t\u0105. Ka\u017cdy \u0142yk to przyjemna podr\u00f3\u017c dla podniebienia.<\/span><span data-ccp-props=\"{&quot;134233117&quot;:false,&quot;134233118&quot;:false,&quot;335559738&quot;:0,&quot;335559739&quot;:0}\">\u00a0<\/span><\/li>\n<\/ul>\n<ul>\n<li data-leveltext=\"\uf0b7\" data-font=\"Symbol\" data-listid=\"3\" data-list-defn-props=\"{&quot;335552541&quot;:1,&quot;335559685&quot;:720,&quot;335559991&quot;:360,&quot;469769226&quot;:&quot;Symbol&quot;,&quot;469769242&quot;:[8226],&quot;469777803&quot;:&quot;left&quot;,&quot;469777804&quot;:&quot;\uf0b7&quot;,&quot;469777815&quot;:&quot;hybridMultilevel&quot;}\" data-aria-posinset=\"3\" data-aria-level=\"1\"><b><span data-contrast=\"auto\">Uniwersalno\u015b\u0107<\/span><\/b><span data-contrast=\"auto\">: idealna na sezonowe wyzwania oraz <\/span><span data-contrast=\"auto\">latem, gdy pita na zimno staje si\u0119 ch\u0142odz\u0105cym napojem, dodaj\u0105cym energii i od\u015bwie\u017caj\u0105cym.<\/span><span data-ccp-props=\"{&quot;134233117&quot;:false,&quot;134233118&quot;:false,&quot;335559738&quot;:0,&quot;335559739&quot;:0}\">\u00a0<\/span><\/li>\n<\/ul>\n","protected":false},"featured_media":3224185,"comment_status":"open","ping_status":"closed","template":"","meta":[],"product_cat":[246,244,131,132,190,80],"product_tag":[],"acf":[],"yoast_head":"<!-- This site is optimized with the Yoast SEO plugin v19.6.1 - https:\/\/yoast.com\/wordpress\/plugins\/seo\/ -->\n<title>Herbata na zatoki - Liptus - Klaudyna Hebda Nature<\/title>\n<meta name=\"description\" content=\"Zio\u0142owa herbata... i inhalacja w jednym. Idealna na lato i zim\u0119. Orze\u017awia, a jak smakuje! W sk\u0142adzie m.in. werbena cytrynowa, olejek cytrynowy i mi\u0119towy.\u00a0\" \/>\n<meta name=\"robots\" content=\"index, follow, max-snippet:-1, max-image-preview:large, max-video-preview:-1\" \/>\n<link rel=\"canonical\" href=\"https:\/\/klaudynahebda.pl\/sklep\/herbata-liptus\/\" \/>\n<meta property=\"og:locale\" content=\"pl_PL\" \/>\n<meta property=\"og:type\" content=\"article\" \/>\n<meta property=\"og:title\" content=\"Herbata na zatoki - Liptus - Klaudyna Hebda Nature\" \/>\n<meta property=\"og:description\" content=\"Zio\u0142owa herbata... i inhalacja w jednym. Idealna na lato i zim\u0119. Orze\u017awia, a jak smakuje! W sk\u0142adzie m.in. werbena cytrynowa, olejek cytrynowy i mi\u0119towy.\u00a0\" \/>\n<meta property=\"og:url\" content=\"https:\/\/klaudynahebda.pl\/sklep\/herbata-liptus\/\" \/>\n<meta property=\"og:site_name\" content=\"Klaudyna Hebda Nature\" \/>\n<meta property=\"article:modified_time\" content=\"2026-04-21T14:25:25+00:00\" \/>\n<meta property=\"og:image\" content=\"https:\/\/klaudynahebda.pl\/sklep\/wp-content\/uploads\/2022\/01\/7.jpg\" \/>\n\t<meta property=\"og:image:width\" content=\"1020\" \/>\n\t<meta property=\"og:image:height\" content=\"1530\" \/>\n\t<meta property=\"og:image:type\" content=\"image\/jpeg\" \/>\n<meta name=\"twitter:card\" content=\"summary_large_image\" \/>\n<meta name=\"twitter:label1\" content=\"Szacowany czas czytania\" \/>\n\t<meta name=\"twitter:data1\" content=\"3 minuty\" \/>\n<script type=\"application\/ld+json\" class=\"yoast-schema-graph\">{\"@context\":\"https:\/\/schema.org\",\"@graph\":[{\"@type\":\"WebPage\",\"@id\":\"https:\/\/klaudynahebda.pl\/sklep\/herbata-liptus\/\",\"url\":\"https:\/\/klaudynahebda.pl\/sklep\/herbata-liptus\/\",\"name\":\"Herbata na zatoki - Liptus - Klaudyna Hebda Nature\",\"isPartOf\":{\"@id\":\"https:\/\/klaudynahebda.pl\/sklep\/#website\"},\"datePublished\":\"2022-01-31T10:17:18+00:00\",\"dateModified\":\"2026-04-21T14:25:25+00:00\",\"description\":\"Zio\u0142owa herbata... i inhalacja w jednym. Idealna na lato i zim\u0119. Orze\u017awia, a jak smakuje! W sk\u0142adzie m.in. werbena cytrynowa, olejek cytrynowy i mi\u0119towy.\u00a0\",\"breadcrumb\":{\"@id\":\"https:\/\/klaudynahebda.pl\/sklep\/herbata-liptus\/#breadcrumb\"},\"inLanguage\":\"pl-PL\",\"potentialAction\":[{\"@type\":\"ReadAction\",\"target\":[\"https:\/\/klaudynahebda.pl\/sklep\/herbata-liptus\/\"]}]},{\"@type\":\"BreadcrumbList\",\"@id\":\"https:\/\/klaudynahebda.pl\/sklep\/herbata-liptus\/#breadcrumb\",\"itemListElement\":[{\"@type\":\"ListItem\",\"position\":1,\"name\":\"Strona g\u0142\u00f3wna\",\"item\":\"https:\/\/klaudynahebda.pl\/sklep\/\"},{\"@type\":\"ListItem\",\"position\":2,\"name\":\"Sklep\",\"item\":\"https:\/\/klaudynahebda.pl\/sklep\/sklep\/\"},{\"@type\":\"ListItem\",\"position\":3,\"name\":\"Herbaty zio\u0142owe z olejkami\",\"item\":\"https:\/\/klaudynahebda.pl\/sklep\/herbaty\/\"},{\"@type\":\"ListItem\",\"position\":4,\"name\":\"LIPTUS\u00ae &#8211; herbatka zio\u0142owa z przyprawami [50 g]\"}]},{\"@type\":\"WebSite\",\"@id\":\"https:\/\/klaudynahebda.pl\/sklep\/#website\",\"url\":\"https:\/\/klaudynahebda.pl\/sklep\/\",\"name\":\"Klaudyna Hebda Nature\",\"description\":\"Sklep\",\"publisher\":{\"@id\":\"https:\/\/klaudynahebda.pl\/sklep\/#organization\"},\"potentialAction\":[{\"@type\":\"SearchAction\",\"target\":{\"@type\":\"EntryPoint\",\"urlTemplate\":\"https:\/\/klaudynahebda.pl\/sklep\/?s={search_term_string}\"},\"query-input\":\"required name=search_term_string\"}],\"inLanguage\":\"pl-PL\"},{\"@type\":\"Organization\",\"@id\":\"https:\/\/klaudynahebda.pl\/sklep\/#organization\",\"name\":\"KlaudynaHebda\",\"url\":\"https:\/\/klaudynahebda.pl\/sklep\/\",\"sameAs\":[],\"logo\":{\"@type\":\"ImageObject\",\"inLanguage\":\"pl-PL\",\"@id\":\"https:\/\/klaudynahebda.pl\/sklep\/#\/schema\/logo\/image\/\",\"url\":\"\",\"contentUrl\":\"\",\"caption\":\"KlaudynaHebda\"},\"image\":{\"@id\":\"https:\/\/klaudynahebda.pl\/sklep\/#\/schema\/logo\/image\/\"}}]}<\/script>\n<!-- \/ Yoast SEO plugin. -->","yoast_head_json":{"title":"Herbata na zatoki - Liptus - Klaudyna Hebda Nature","description":"Zio\u0142owa herbata... i inhalacja w jednym. Idealna na lato i zim\u0119. Orze\u017awia, a jak smakuje! W sk\u0142adzie m.in. werbena cytrynowa, olejek cytrynowy i mi\u0119towy.\u00a0","robots":{"index":"index","follow":"follow","max-snippet":"max-snippet:-1","max-image-preview":"max-image-preview:large","max-video-preview":"max-video-preview:-1"},"canonical":"https:\/\/klaudynahebda.pl\/sklep\/herbata-liptus\/","og_locale":"pl_PL","og_type":"article","og_title":"Herbata na zatoki - Liptus - Klaudyna Hebda Nature","og_description":"Zio\u0142owa herbata... i inhalacja w jednym. Idealna na lato i zim\u0119. Orze\u017awia, a jak smakuje! W sk\u0142adzie m.in. werbena cytrynowa, olejek cytrynowy i mi\u0119towy.\u00a0","og_url":"https:\/\/klaudynahebda.pl\/sklep\/herbata-liptus\/","og_site_name":"Klaudyna Hebda Nature","article_modified_time":"2026-04-21T14:25:25+00:00","og_image":[{"width":1020,"height":1530,"url":"https:\/\/klaudynahebda.pl\/sklep\/wp-content\/uploads\/2022\/01\/7.jpg","type":"image\/jpeg"}],"twitter_card":"summary_large_image","twitter_misc":{"Szacowany czas czytania":"3 minuty"},"schema":{"@context":"https:\/\/schema.org","@graph":[{"@type":"WebPage","@id":"https:\/\/klaudynahebda.pl\/sklep\/herbata-liptus\/","url":"https:\/\/klaudynahebda.pl\/sklep\/herbata-liptus\/","name":"Herbata na zatoki - Liptus - Klaudyna Hebda Nature","isPartOf":{"@id":"https:\/\/klaudynahebda.pl\/sklep\/#website"},"datePublished":"2022-01-31T10:17:18+00:00","dateModified":"2026-04-21T14:25:25+00:00","description":"Zio\u0142owa herbata... i inhalacja w jednym. Idealna na lato i zim\u0119. Orze\u017awia, a jak smakuje! W sk\u0142adzie m.in. werbena cytrynowa, olejek cytrynowy i mi\u0119towy.\u00a0","breadcrumb":{"@id":"https:\/\/klaudynahebda.pl\/sklep\/herbata-liptus\/#breadcrumb"},"inLanguage":"pl-PL","potentialAction":[{"@type":"ReadAction","target":["https:\/\/klaudynahebda.pl\/sklep\/herbata-liptus\/"]}]},{"@type":"BreadcrumbList","@id":"https:\/\/klaudynahebda.pl\/sklep\/herbata-liptus\/#breadcrumb","itemListElement":[{"@type":"ListItem","position":1,"name":"Strona g\u0142\u00f3wna","item":"https:\/\/klaudynahebda.pl\/sklep\/"},{"@type":"ListItem","position":2,"name":"Sklep","item":"https:\/\/klaudynahebda.pl\/sklep\/sklep\/"},{"@type":"ListItem","position":3,"name":"Herbaty zio\u0142owe z olejkami","item":"https:\/\/klaudynahebda.pl\/sklep\/herbaty\/"},{"@type":"ListItem","position":4,"name":"LIPTUS\u00ae &#8211; herbatka zio\u0142owa z przyprawami [50 g]"}]},{"@type":"WebSite","@id":"https:\/\/klaudynahebda.pl\/sklep\/#website","url":"https:\/\/klaudynahebda.pl\/sklep\/","name":"Klaudyna Hebda Nature","description":"Sklep","publisher":{"@id":"https:\/\/klaudynahebda.pl\/sklep\/#organization"},"potentialAction":[{"@type":"SearchAction","target":{"@type":"EntryPoint","urlTemplate":"https:\/\/klaudynahebda.pl\/sklep\/?s={search_term_string}"},"query-input":"required name=search_term_string"}],"inLanguage":"pl-PL"},{"@type":"Organization","@id":"https:\/\/klaudynahebda.pl\/sklep\/#organization","name":"KlaudynaHebda","url":"https:\/\/klaudynahebda.pl\/sklep\/","sameAs":[],"logo":{"@type":"ImageObject","inLanguage":"pl-PL","@id":"https:\/\/klaudynahebda.pl\/sklep\/#\/schema\/logo\/image\/","url":"","contentUrl":"","caption":"KlaudynaHebda"},"image":{"@id":"https:\/\/klaudynahebda.pl\/sklep\/#\/schema\/logo\/image\/"}}]}},"_links":{"self":[{"href":"https:\/\/klaudynahebda.pl\/sklep\/wp-json\/wp\/v2\/product\/265726"}],"collection":[{"href":"https:\/\/klaudynahebda.pl\/sklep\/wp-json\/wp\/v2\/product"}],"about":[{"href":"https:\/\/klaudynahebda.pl\/sklep\/wp-json\/wp\/v2\/types\/product"}],"replies":[{"embeddable":true,"href":"https:\/\/klaudynahebda.pl\/sklep\/wp-json\/wp\/v2\/comments?post=265726"}],"wp:featuredmedia":[{"embeddable":true,"href":"https:\/\/klaudynahebda.pl\/sklep\/wp-json\/wp\/v2\/media\/3224185"}],"wp:attachment":[{"href":"https:\/\/klaudynahebda.pl\/sklep\/wp-json\/wp\/v2\/media?parent=265726"}],"wp:term":[{"taxonomy":"product_cat","embeddable":true,"href":"https:\/\/klaudynahebda.pl\/sklep\/wp-json\/wp\/v2\/product_cat?post=265726"},{"taxonomy":"product_tag","embeddable":true,"href":"https:\/\/klaudynahebda.pl\/sklep\/wp-json\/wp\/v2\/product_tag?post=265726"}],"curies":[{"name":"wp","href":"https:\/\/api.w.org\/{rel}","templated":true}]}}