{"id":209003,"date":"2021-10-21T09:31:52","date_gmt":"2021-10-21T07:31:52","guid":{"rendered":"https:\/\/klaudynahebda.pl\/sklep\/?post_type=product&#038;p=209003"},"modified":"2025-12-22T14:08:47","modified_gmt":"2025-12-22T13:08:47","slug":"zestaw-3-mieszanki","status":"publish","type":"product","link":"https:\/\/klaudynahebda.pl\/sklep\/zestaw-3-mieszanki\/","title":{"rendered":"Zestaw 3 olejk\u00f3w dla zapracowanych kobiet: Medytacja | Ulga dla g\u0142owy | Skupienie"},"content":{"rendered":"<h2><span style=\"font-weight: 400;\">Co wyr\u00f3\u017cnia zestaw olejk\u00f3w do pracy?<\/span><\/h2>\n<p><span style=\"font-weight: 400;\">Tym, co go r\u00f3\u017cni od innych, jest jego absolutna wszechstronno\u015b\u0107. D\u0142ugo<\/span><span style=\"font-weight: 400;\"><strong>\u00a0brakowa\u0142o mi czego\u015b, co naprawd\u0119 przyda si\u0119 pracuj\u0105cym kobietom.<\/strong> <\/span><span style=\"font-weight: 400;\">Zar\u00f3wno takim, kt\u00f3rych miejscem pracy jest dom i rodzina, jak i tym na firmowych etatach czy dzia\u0142aj\u0105cych we w\u0142asnych biznesach.\u00a0<\/span><\/p>\n<p><span style=\"font-weight: 400;\">Tak powsta\u0142 jedyny w swoim rodzaju Zestaw Kobiety Zapracowanej. Stworzony przez samo \u017cycie i czasem zbyt dobrze znane mi do\u015bwiadczenia\u2026\u00a0<\/span><\/p>\n<h2>Jak u\u017cywa\u0107 mieszanek dla zapracowanych kobiet?<\/h2>\n<ul>\n<li style=\"font-weight: 400;\"><span style=\"font-weight: 400;\">Dodaj kilka kropel do dyfuzora lub nawil\u017cacza powietrza. <strong>Dyfuzuj przez godzin\u0119,<\/strong> przewietrz pomieszczenie.<\/span><\/li>\n<li style=\"font-weight: 400;\"><span style=\"font-weight: 400;\">Daj par\u0119 kropli mieszanki na chusteczk\u0119 i g\u0142\u0119boko przez ni\u0105 oddychaj.<\/span><\/li>\n<li style=\"font-weight: 400;\"><span style=\"font-weight: 400;\">Rozcie\u0144cz kilka kropel mieszanki w \u0142y\u017cce Aromabazy lub w oleju bazowym (np. jojoba, z migda\u0142\u00f3w, kokosowym) i <strong>wsmaruj np. w klatk\u0119 piersiow\u0105, skronie czy kark.<\/strong><\/span><\/li>\n<li style=\"font-weight: 400;\"><span style=\"font-weight: 400;\">Rozpu\u015b\u0107 3 krople w bezwonnym p\u0142ynie do k\u0105pieli i <strong>wlej do miski z ciep\u0142\u0105 wod\u0105,<\/strong> \u017ceby zrobi\u0107 sobie aromaterapeutyczn\u0105 k\u0105piel st\u00f3p.<\/span><\/li>\n<li style=\"font-weight: 400;\"><span style=\"font-weight: 400;\">Wrzu\u0107 do s\u0142oiczka 2 \u0142y\u017cki soli gruboziarnistej i wymieszaj je z 10 &#8211; 15 kroplami mieszanki. Tak\u0105 <strong>aromatyczn\u0105 s\u00f3l mo\u017cesz trzyma\u0107 na biurku<\/strong> czy zabra\u0107 ze sob\u0105 na spotkanie. Przed u\u017cyciem wstrz\u0105\u015bnij, a po pow\u0105chaniu dok\u0142adnie zakr\u0119caj.<\/span><\/li>\n<\/ul>\n<p>\u27a1\ufe0f Sprawd\u017a te\u017c:<\/p>\n<ul>\n<li><a href=\"https:\/\/klaudynahebda.pl\/sklep\/dyfuzor-do-aromaterapii\/\">dyfuzor bezprzewodowy<\/a>\u00a0do aromaterapii<\/li>\n<li><a href=\"https:\/\/klaudynahebda.pl\/sklep\/gaja-intima\/\">olejek do piel\u0119gnacji okolic intymnych<\/a> Gaja Intima<\/li>\n<li>inne <a href=\"https:\/\/klaudynahebda.pl\/sklep\/olejki-eteryczne\/\">naturalne olejki eteryczne<\/a> K. Hebda.<\/li>\n<\/ul>\n","protected":false},"excerpt":{"rendered":"<h2>Zestaw olejk\u00f3w do pracy: zyskaj now\u0105 energi\u0119 do dzia\u0142ania!<\/h2>\n<p><span style=\"font-weight: 400;\">Nie potrafisz si\u0119 koncentrowa\u0107 na zadaniach?<br \/>\n<\/span><span style=\"font-weight: 400;\">Nie umiesz naprawd\u0119 odpoczywa\u0107 bez wyrzut\u00f3w sumienia?<br \/>\n<\/span><span style=\"font-weight: 400;\">Nie radzisz sobie z napi\u0119ciem przez ci\u0105g\u0142e zm\u0119czenie?\u00a0<\/span><\/p>\n<p><span style=\"font-weight: 400;\">Je\u015bli to, co pisz\u0119, brzmi znajomo \u2014 to mam co\u015b dla Ciebie.\u00a0<\/span><\/p>\n<h2><span style=\"font-weight: 400;\">Zestaw olejk\u00f3w dla zapracowanych kobiet to:<\/span><\/h2>\n<ul>\n<li style=\"font-weight: 400;\"><span style=\"font-weight: 400;\">Mieszanka Skupienie \u2014 zapach mo\u017ce dzia\u0142a\u0107 pobudzaj\u0105co, niekt\u00f3rzy m\u00f3wi\u0105, \u017ce zast\u0119puje ma\u0142\u0105 czarn\u0105 w chwilach umys\u0142owego kryzysu\u00a0<\/span><\/li>\n<li style=\"font-weight: 400;\"><span style=\"font-weight: 400;\">Mieszanka Medytacja \u2014 idealna do praktyki jogi czy chwil, kt\u00f3re chcesz sp\u0119dzi\u0107 po swojemu, bez ci\u0105g\u0142ej gonitwy my\u015bli\u00a0<\/span><\/li>\n<li style=\"font-weight: 400;\"><span style=\"font-weight: 400;\">Mieszanka Ulga dla g\u0142owy \u2014 wykorzysta\u0142am w niej olejki eteryczne, kt\u00f3rych zapach mo\u017ce dzia\u0142a\u0107 koj\u0105co, przynosz\u0105c ulg\u0119 i poprawiaj\u0105c og\u00f3lny stan relaksu<\/span><\/li>\n<\/ul>\n<p><span style=\"font-weight: 400;\"><strong>Wybierz Zestaw Kobiety Zapracowanej i po prostu zacznij \u017cycie sp\u0119dza\u0107 \ud83d\ude42 <\/strong><\/span><span style=\"font-weight: 400;\">Tak naprawd\u0119, w pe\u0142ni i w zgodzie z sam\u0105 sob\u0105!\u00a0<\/span><\/p>\n","protected":false},"featured_media":3205425,"comment_status":"open","ping_status":"closed","template":"","meta":[],"product_cat":[36,210,46],"product_tag":[],"acf":[],"yoast_head":"<!-- This site is optimized with the Yoast SEO plugin v19.6.1 - https:\/\/yoast.com\/wordpress\/plugins\/seo\/ -->\n<title>Zestaw 3 olejk\u00f3w dla zapracowanych kobiet: Medytacja | Ulga dla g\u0142owy | Skupienie - Klaudyna Hebda Nature<\/title>\n<meta name=\"description\" content=\"Poznaj 3 mieszanki olejk\u00f3w eterycznych, kt\u00f3re stworzy\u0142am z my\u015bl\u0105 o zapracowanych kobietach: Medytacja, Skupienie i Ulga dla g\u0142owy. \ud83d\udc97 Pokochaj je jak ja!\" \/>\n<meta name=\"robots\" content=\"index, follow, max-snippet:-1, max-image-preview:large, max-video-preview:-1\" \/>\n<link rel=\"canonical\" href=\"https:\/\/klaudynahebda.pl\/sklep\/zestaw-3-mieszanki\/\" \/>\n<meta property=\"og:locale\" content=\"pl_PL\" \/>\n<meta property=\"og:type\" content=\"article\" \/>\n<meta property=\"og:title\" content=\"Zestaw 3 olejk\u00f3w dla zapracowanych kobiet: Medytacja | Ulga dla g\u0142owy | Skupienie - Klaudyna Hebda Nature\" \/>\n<meta property=\"og:description\" content=\"Poznaj 3 mieszanki olejk\u00f3w eterycznych, kt\u00f3re stworzy\u0142am z my\u015bl\u0105 o zapracowanych kobietach: Medytacja, Skupienie i Ulga dla g\u0142owy. \ud83d\udc97 Pokochaj je jak ja!\" \/>\n<meta property=\"og:url\" content=\"https:\/\/klaudynahebda.pl\/sklep\/zestaw-3-mieszanki\/\" \/>\n<meta property=\"og:site_name\" content=\"Klaudyna Hebda Nature\" \/>\n<meta property=\"article:modified_time\" content=\"2025-12-22T13:08:47+00:00\" \/>\n<meta property=\"og:image\" content=\"https:\/\/klaudynahebda.pl\/sklep\/wp-content\/uploads\/2021\/10\/3.jpg\" \/>\n\t<meta property=\"og:image:width\" content=\"1020\" \/>\n\t<meta property=\"og:image:height\" content=\"1530\" \/>\n\t<meta property=\"og:image:type\" content=\"image\/jpeg\" \/>\n<meta name=\"twitter:card\" content=\"summary_large_image\" \/>\n<meta name=\"twitter:label1\" content=\"Szacowany czas czytania\" \/>\n\t<meta name=\"twitter:data1\" content=\"2 minuty\" \/>\n<script type=\"application\/ld+json\" class=\"yoast-schema-graph\">{\"@context\":\"https:\/\/schema.org\",\"@graph\":[{\"@type\":\"WebPage\",\"@id\":\"https:\/\/klaudynahebda.pl\/sklep\/zestaw-3-mieszanki\/\",\"url\":\"https:\/\/klaudynahebda.pl\/sklep\/zestaw-3-mieszanki\/\",\"name\":\"Zestaw 3 olejk\u00f3w dla zapracowanych kobiet: Medytacja | Ulga dla g\u0142owy | Skupienie - Klaudyna Hebda Nature\",\"isPartOf\":{\"@id\":\"https:\/\/klaudynahebda.pl\/sklep\/#website\"},\"datePublished\":\"2021-10-21T07:31:52+00:00\",\"dateModified\":\"2025-12-22T13:08:47+00:00\",\"description\":\"Poznaj 3 mieszanki olejk\u00f3w eterycznych, kt\u00f3re stworzy\u0142am z my\u015bl\u0105 o zapracowanych kobietach: Medytacja, Skupienie i Ulga dla g\u0142owy. \ud83d\udc97 Pokochaj je jak ja!\",\"breadcrumb\":{\"@id\":\"https:\/\/klaudynahebda.pl\/sklep\/zestaw-3-mieszanki\/#breadcrumb\"},\"inLanguage\":\"pl-PL\",\"potentialAction\":[{\"@type\":\"ReadAction\",\"target\":[\"https:\/\/klaudynahebda.pl\/sklep\/zestaw-3-mieszanki\/\"]}]},{\"@type\":\"BreadcrumbList\",\"@id\":\"https:\/\/klaudynahebda.pl\/sklep\/zestaw-3-mieszanki\/#breadcrumb\",\"itemListElement\":[{\"@type\":\"ListItem\",\"position\":1,\"name\":\"Strona g\u0142\u00f3wna\",\"item\":\"https:\/\/klaudynahebda.pl\/sklep\/\"},{\"@type\":\"ListItem\",\"position\":2,\"name\":\"Sklep\",\"item\":\"https:\/\/klaudynahebda.pl\/sklep\/sklep\/\"},{\"@type\":\"ListItem\",\"position\":3,\"name\":\"Zestawy Klaudyna Hebda\",\"item\":\"https:\/\/klaudynahebda.pl\/sklep\/zestawy\/\"},{\"@type\":\"ListItem\",\"position\":4,\"name\":\"Zestaw 3 olejk\u00f3w dla zapracowanych kobiet: Medytacja | Ulga dla g\u0142owy | Skupienie\"}]},{\"@type\":\"WebSite\",\"@id\":\"https:\/\/klaudynahebda.pl\/sklep\/#website\",\"url\":\"https:\/\/klaudynahebda.pl\/sklep\/\",\"name\":\"Klaudyna Hebda Nature\",\"description\":\"Sklep\",\"publisher\":{\"@id\":\"https:\/\/klaudynahebda.pl\/sklep\/#organization\"},\"potentialAction\":[{\"@type\":\"SearchAction\",\"target\":{\"@type\":\"EntryPoint\",\"urlTemplate\":\"https:\/\/klaudynahebda.pl\/sklep\/?s={search_term_string}\"},\"query-input\":\"required name=search_term_string\"}],\"inLanguage\":\"pl-PL\"},{\"@type\":\"Organization\",\"@id\":\"https:\/\/klaudynahebda.pl\/sklep\/#organization\",\"name\":\"KlaudynaHebda\",\"url\":\"https:\/\/klaudynahebda.pl\/sklep\/\",\"sameAs\":[],\"logo\":{\"@type\":\"ImageObject\",\"inLanguage\":\"pl-PL\",\"@id\":\"https:\/\/klaudynahebda.pl\/sklep\/#\/schema\/logo\/image\/\",\"url\":\"\",\"contentUrl\":\"\",\"caption\":\"KlaudynaHebda\"},\"image\":{\"@id\":\"https:\/\/klaudynahebda.pl\/sklep\/#\/schema\/logo\/image\/\"}}]}<\/script>\n<!-- \/ Yoast SEO plugin. -->","yoast_head_json":{"title":"Zestaw 3 olejk\u00f3w dla zapracowanych kobiet: Medytacja | Ulga dla g\u0142owy | Skupienie - Klaudyna Hebda Nature","description":"Poznaj 3 mieszanki olejk\u00f3w eterycznych, kt\u00f3re stworzy\u0142am z my\u015bl\u0105 o zapracowanych kobietach: Medytacja, Skupienie i Ulga dla g\u0142owy. \ud83d\udc97 Pokochaj je jak ja!","robots":{"index":"index","follow":"follow","max-snippet":"max-snippet:-1","max-image-preview":"max-image-preview:large","max-video-preview":"max-video-preview:-1"},"canonical":"https:\/\/klaudynahebda.pl\/sklep\/zestaw-3-mieszanki\/","og_locale":"pl_PL","og_type":"article","og_title":"Zestaw 3 olejk\u00f3w dla zapracowanych kobiet: Medytacja | Ulga dla g\u0142owy | Skupienie - Klaudyna Hebda Nature","og_description":"Poznaj 3 mieszanki olejk\u00f3w eterycznych, kt\u00f3re stworzy\u0142am z my\u015bl\u0105 o zapracowanych kobietach: Medytacja, Skupienie i Ulga dla g\u0142owy. \ud83d\udc97 Pokochaj je jak ja!","og_url":"https:\/\/klaudynahebda.pl\/sklep\/zestaw-3-mieszanki\/","og_site_name":"Klaudyna Hebda Nature","article_modified_time":"2025-12-22T13:08:47+00:00","og_image":[{"width":1020,"height":1530,"url":"https:\/\/klaudynahebda.pl\/sklep\/wp-content\/uploads\/2021\/10\/3.jpg","type":"image\/jpeg"}],"twitter_card":"summary_large_image","twitter_misc":{"Szacowany czas czytania":"2 minuty"},"schema":{"@context":"https:\/\/schema.org","@graph":[{"@type":"WebPage","@id":"https:\/\/klaudynahebda.pl\/sklep\/zestaw-3-mieszanki\/","url":"https:\/\/klaudynahebda.pl\/sklep\/zestaw-3-mieszanki\/","name":"Zestaw 3 olejk\u00f3w dla zapracowanych kobiet: Medytacja | Ulga dla g\u0142owy | Skupienie - Klaudyna Hebda Nature","isPartOf":{"@id":"https:\/\/klaudynahebda.pl\/sklep\/#website"},"datePublished":"2021-10-21T07:31:52+00:00","dateModified":"2025-12-22T13:08:47+00:00","description":"Poznaj 3 mieszanki olejk\u00f3w eterycznych, kt\u00f3re stworzy\u0142am z my\u015bl\u0105 o zapracowanych kobietach: Medytacja, Skupienie i Ulga dla g\u0142owy. \ud83d\udc97 Pokochaj je jak ja!","breadcrumb":{"@id":"https:\/\/klaudynahebda.pl\/sklep\/zestaw-3-mieszanki\/#breadcrumb"},"inLanguage":"pl-PL","potentialAction":[{"@type":"ReadAction","target":["https:\/\/klaudynahebda.pl\/sklep\/zestaw-3-mieszanki\/"]}]},{"@type":"BreadcrumbList","@id":"https:\/\/klaudynahebda.pl\/sklep\/zestaw-3-mieszanki\/#breadcrumb","itemListElement":[{"@type":"ListItem","position":1,"name":"Strona g\u0142\u00f3wna","item":"https:\/\/klaudynahebda.pl\/sklep\/"},{"@type":"ListItem","position":2,"name":"Sklep","item":"https:\/\/klaudynahebda.pl\/sklep\/sklep\/"},{"@type":"ListItem","position":3,"name":"Zestawy Klaudyna Hebda","item":"https:\/\/klaudynahebda.pl\/sklep\/zestawy\/"},{"@type":"ListItem","position":4,"name":"Zestaw 3 olejk\u00f3w dla zapracowanych kobiet: Medytacja | Ulga dla g\u0142owy | Skupienie"}]},{"@type":"WebSite","@id":"https:\/\/klaudynahebda.pl\/sklep\/#website","url":"https:\/\/klaudynahebda.pl\/sklep\/","name":"Klaudyna Hebda Nature","description":"Sklep","publisher":{"@id":"https:\/\/klaudynahebda.pl\/sklep\/#organization"},"potentialAction":[{"@type":"SearchAction","target":{"@type":"EntryPoint","urlTemplate":"https:\/\/klaudynahebda.pl\/sklep\/?s={search_term_string}"},"query-input":"required name=search_term_string"}],"inLanguage":"pl-PL"},{"@type":"Organization","@id":"https:\/\/klaudynahebda.pl\/sklep\/#organization","name":"KlaudynaHebda","url":"https:\/\/klaudynahebda.pl\/sklep\/","sameAs":[],"logo":{"@type":"ImageObject","inLanguage":"pl-PL","@id":"https:\/\/klaudynahebda.pl\/sklep\/#\/schema\/logo\/image\/","url":"","contentUrl":"","caption":"KlaudynaHebda"},"image":{"@id":"https:\/\/klaudynahebda.pl\/sklep\/#\/schema\/logo\/image\/"}}]}},"_links":{"self":[{"href":"https:\/\/klaudynahebda.pl\/sklep\/wp-json\/wp\/v2\/product\/209003"}],"collection":[{"href":"https:\/\/klaudynahebda.pl\/sklep\/wp-json\/wp\/v2\/product"}],"about":[{"href":"https:\/\/klaudynahebda.pl\/sklep\/wp-json\/wp\/v2\/types\/product"}],"replies":[{"embeddable":true,"href":"https:\/\/klaudynahebda.pl\/sklep\/wp-json\/wp\/v2\/comments?post=209003"}],"wp:featuredmedia":[{"embeddable":true,"href":"https:\/\/klaudynahebda.pl\/sklep\/wp-json\/wp\/v2\/media\/3205425"}],"wp:attachment":[{"href":"https:\/\/klaudynahebda.pl\/sklep\/wp-json\/wp\/v2\/media?parent=209003"}],"wp:term":[{"taxonomy":"product_cat","embeddable":true,"href":"https:\/\/klaudynahebda.pl\/sklep\/wp-json\/wp\/v2\/product_cat?post=209003"},{"taxonomy":"product_tag","embeddable":true,"href":"https:\/\/klaudynahebda.pl\/sklep\/wp-json\/wp\/v2\/product_tag?post=209003"}],"curies":[{"name":"wp","href":"https:\/\/api.w.org\/{rel}","templated":true}]}}