{"id":182904,"date":"2021-09-08T12:37:50","date_gmt":"2021-09-08T10:37:50","guid":{"rendered":"https:\/\/klaudynahebda.pl\/sklep\/?post_type=product&#038;p=182904"},"modified":"2026-02-27T16:15:16","modified_gmt":"2026-02-27T15:15:16","slug":"swieca-czterech-alchemikow","status":"publish","type":"product","link":"https:\/\/klaudynahebda.pl\/sklep\/swieca-czterech-alchemikow\/","title":{"rendered":"\u015awieca Czterech Alchemik\u00f3w\u00ae (cynamon i pomara\u0144cza)"},"content":{"rendered":"<h2><strong>Korzenna \u015awieca Czterech Alchemik\u00f3w: wcze\u015bniej pod nazw\u0105 \u015awieca Zmarzlucha\u00a0<\/strong><\/h2>\n<p><span data-contrast=\"none\">Nie wypada chyba m\u00f3wi\u0107, \u017ce jest \u015bwietna, ale&#8230; tak trudno si\u0119 powstrzyma\u0107!<\/span><span data-ccp-props=\"{&quot;201341983&quot;:0,&quot;335559739&quot;:160,&quot;335559740&quot;:240}\">\u00a0<\/span><\/p>\n<p><span data-contrast=\"none\">Je\u015bli u\u015bmiechasz si\u0119 na wspomnienia pachn\u0105ce szarlotk\u0105, a korzenne aromaty s\u0105 Twoimi ulubionymi, nie znajdziesz lepszej \u015bwiecy od tej! <\/span><span data-contrast=\"none\">Korzenna \u015awieca Czterech Alchemik\u00f3w to \u015bwieca wega\u0144ska, zrobiona z wosku sojowego po\u0142\u0105czonego z olejkami eterycznymi. Jest w 100% naturalna i zapakowana w szklany s\u0142oik, w kt\u00f3rym po wypaleniu \u015bwiecy mo\u017cesz przechowywa\u0107 swoje skarby.<\/span><\/p>\n<p><span data-contrast=\"none\"><strong>P.S To te\u017c bardzo dobry wyb\u00f3r na osobisty prezent \ud83d\ude42\u00a0<\/strong><\/span><\/p>\n<p>&nbsp;<\/p>\n","protected":false},"excerpt":{"rendered":"<h2>Korzenna \u015bwieca z cynamonem i pomara\u0144cz\u0105: zapalasz i robi si\u0119 przytulnie<\/h2>\n<p>Pierwsze skrzypce gra tutaj s\u0142oneczna pomara\u0144cza z wibruj\u0105cym cynamonem. Ta \u015bwieca to co\u015b wi\u0119cej ni\u017c tylko zapach pasuj\u0105cy do jednej pory roku \u2013 bo wiele os\u00f3b m\u00f3wi, \u017ce komponuje si\u0119 doskonale z ka\u017cd\u0105 por\u0105, przynosz\u0105c odrobin\u0119 ciep\u0142a w ch\u0142odne dni i rado\u015b\u0107 w bardziej pochmurne chwile.<\/p>\n<p>Jest rado\u015bci\u0105 w smutne dni.<br \/>\nCiep\u0142em w samotne chwile.<br \/>\nTowarzyszem w ciche wieczory.<\/p>\n<p>Czasem po prostu JEST. I to ju\u017c wystarczy.<\/p>\n<p>Zapro\u015b j\u0105 do domu.<br \/>\nPodaruje Ci nie tylko pi\u0119kny zapach.<\/p>\n","protected":false},"featured_media":3193603,"comment_status":"open","ping_status":"closed","template":"","meta":[],"product_cat":[244,129,104],"product_tag":[],"acf":[],"yoast_head":"<!-- This site is optimized with the Yoast SEO plugin v19.6.1 - https:\/\/yoast.com\/wordpress\/plugins\/seo\/ -->\n<title>\u015awieca Czterech Alchemik\u00f3w\u00ae (cynamon i pomara\u0144cza) - Klaudyna Hebda Nature<\/title>\n<meta name=\"description\" content=\"Stworzona nie tylko z pomara\u0144czy i cynamonu, lecz tak\u017ce z ludzkiej serdeczno\u015bci, u\u015bmiech\u00f3w oraz wieczor\u00f3w z dobr\u0105 ksi\u0105\u017ck\u0105.\u202f Wega\u0144ska, w 100% naturalna.\" \/>\n<meta name=\"robots\" content=\"index, follow, max-snippet:-1, max-image-preview:large, max-video-preview:-1\" \/>\n<link rel=\"canonical\" href=\"https:\/\/klaudynahebda.pl\/sklep\/swieca-czterech-alchemikow\/\" \/>\n<meta property=\"og:locale\" content=\"pl_PL\" \/>\n<meta property=\"og:type\" content=\"article\" \/>\n<meta property=\"og:title\" content=\"\u015awieca Czterech Alchemik\u00f3w\u00ae (cynamon i pomara\u0144cza) - Klaudyna Hebda Nature\" \/>\n<meta property=\"og:description\" content=\"Stworzona nie tylko z pomara\u0144czy i cynamonu, lecz tak\u017ce z ludzkiej serdeczno\u015bci, u\u015bmiech\u00f3w oraz wieczor\u00f3w z dobr\u0105 ksi\u0105\u017ck\u0105.\u202f Wega\u0144ska, w 100% naturalna.\" \/>\n<meta property=\"og:url\" content=\"https:\/\/klaudynahebda.pl\/sklep\/swieca-czterech-alchemikow\/\" \/>\n<meta property=\"og:site_name\" content=\"Klaudyna Hebda Nature\" \/>\n<meta property=\"article:modified_time\" content=\"2026-02-27T15:15:16+00:00\" \/>\n<meta property=\"og:image\" content=\"https:\/\/klaudynahebda.pl\/sklep\/wp-content\/uploads\/2021\/09\/1.jpg\" \/>\n\t<meta property=\"og:image:width\" content=\"1020\" \/>\n\t<meta property=\"og:image:height\" content=\"1530\" \/>\n\t<meta property=\"og:image:type\" content=\"image\/jpeg\" \/>\n<meta name=\"twitter:card\" content=\"summary_large_image\" \/>\n<meta name=\"twitter:label1\" content=\"Szacowany czas czytania\" \/>\n\t<meta name=\"twitter:data1\" content=\"1 minuta\" \/>\n<script type=\"application\/ld+json\" class=\"yoast-schema-graph\">{\"@context\":\"https:\/\/schema.org\",\"@graph\":[{\"@type\":\"WebPage\",\"@id\":\"https:\/\/klaudynahebda.pl\/sklep\/swieca-czterech-alchemikow\/\",\"url\":\"https:\/\/klaudynahebda.pl\/sklep\/swieca-czterech-alchemikow\/\",\"name\":\"\u015awieca Czterech Alchemik\u00f3w\u00ae (cynamon i pomara\u0144cza) - Klaudyna Hebda Nature\",\"isPartOf\":{\"@id\":\"https:\/\/klaudynahebda.pl\/sklep\/#website\"},\"datePublished\":\"2021-09-08T10:37:50+00:00\",\"dateModified\":\"2026-02-27T15:15:16+00:00\",\"description\":\"Stworzona nie tylko z pomara\u0144czy i cynamonu, lecz tak\u017ce z ludzkiej serdeczno\u015bci, u\u015bmiech\u00f3w oraz wieczor\u00f3w z dobr\u0105 ksi\u0105\u017ck\u0105.\u202f Wega\u0144ska, w 100% naturalna.\",\"breadcrumb\":{\"@id\":\"https:\/\/klaudynahebda.pl\/sklep\/swieca-czterech-alchemikow\/#breadcrumb\"},\"inLanguage\":\"pl-PL\",\"potentialAction\":[{\"@type\":\"ReadAction\",\"target\":[\"https:\/\/klaudynahebda.pl\/sklep\/swieca-czterech-alchemikow\/\"]}]},{\"@type\":\"BreadcrumbList\",\"@id\":\"https:\/\/klaudynahebda.pl\/sklep\/swieca-czterech-alchemikow\/#breadcrumb\",\"itemListElement\":[{\"@type\":\"ListItem\",\"position\":1,\"name\":\"Strona g\u0142\u00f3wna\",\"item\":\"https:\/\/klaudynahebda.pl\/sklep\/\"},{\"@type\":\"ListItem\",\"position\":2,\"name\":\"Sklep\",\"item\":\"https:\/\/klaudynahebda.pl\/sklep\/sklep\/\"},{\"@type\":\"ListItem\",\"position\":3,\"name\":\"\u015awiece\",\"item\":\"https:\/\/klaudynahebda.pl\/sklep\/swiece\/\"},{\"@type\":\"ListItem\",\"position\":4,\"name\":\"\u015awieca Czterech Alchemik\u00f3w\u00ae (cynamon i pomara\u0144cza)\"}]},{\"@type\":\"WebSite\",\"@id\":\"https:\/\/klaudynahebda.pl\/sklep\/#website\",\"url\":\"https:\/\/klaudynahebda.pl\/sklep\/\",\"name\":\"Klaudyna Hebda Nature\",\"description\":\"Sklep\",\"publisher\":{\"@id\":\"https:\/\/klaudynahebda.pl\/sklep\/#organization\"},\"potentialAction\":[{\"@type\":\"SearchAction\",\"target\":{\"@type\":\"EntryPoint\",\"urlTemplate\":\"https:\/\/klaudynahebda.pl\/sklep\/?s={search_term_string}\"},\"query-input\":\"required name=search_term_string\"}],\"inLanguage\":\"pl-PL\"},{\"@type\":\"Organization\",\"@id\":\"https:\/\/klaudynahebda.pl\/sklep\/#organization\",\"name\":\"KlaudynaHebda\",\"url\":\"https:\/\/klaudynahebda.pl\/sklep\/\",\"sameAs\":[],\"logo\":{\"@type\":\"ImageObject\",\"inLanguage\":\"pl-PL\",\"@id\":\"https:\/\/klaudynahebda.pl\/sklep\/#\/schema\/logo\/image\/\",\"url\":\"\",\"contentUrl\":\"\",\"caption\":\"KlaudynaHebda\"},\"image\":{\"@id\":\"https:\/\/klaudynahebda.pl\/sklep\/#\/schema\/logo\/image\/\"}}]}<\/script>\n<!-- \/ Yoast SEO plugin. -->","yoast_head_json":{"title":"\u015awieca Czterech Alchemik\u00f3w\u00ae (cynamon i pomara\u0144cza) - Klaudyna Hebda Nature","description":"Stworzona nie tylko z pomara\u0144czy i cynamonu, lecz tak\u017ce z ludzkiej serdeczno\u015bci, u\u015bmiech\u00f3w oraz wieczor\u00f3w z dobr\u0105 ksi\u0105\u017ck\u0105.\u202f Wega\u0144ska, w 100% naturalna.","robots":{"index":"index","follow":"follow","max-snippet":"max-snippet:-1","max-image-preview":"max-image-preview:large","max-video-preview":"max-video-preview:-1"},"canonical":"https:\/\/klaudynahebda.pl\/sklep\/swieca-czterech-alchemikow\/","og_locale":"pl_PL","og_type":"article","og_title":"\u015awieca Czterech Alchemik\u00f3w\u00ae (cynamon i pomara\u0144cza) - Klaudyna Hebda Nature","og_description":"Stworzona nie tylko z pomara\u0144czy i cynamonu, lecz tak\u017ce z ludzkiej serdeczno\u015bci, u\u015bmiech\u00f3w oraz wieczor\u00f3w z dobr\u0105 ksi\u0105\u017ck\u0105.\u202f Wega\u0144ska, w 100% naturalna.","og_url":"https:\/\/klaudynahebda.pl\/sklep\/swieca-czterech-alchemikow\/","og_site_name":"Klaudyna Hebda Nature","article_modified_time":"2026-02-27T15:15:16+00:00","og_image":[{"width":1020,"height":1530,"url":"https:\/\/klaudynahebda.pl\/sklep\/wp-content\/uploads\/2021\/09\/1.jpg","type":"image\/jpeg"}],"twitter_card":"summary_large_image","twitter_misc":{"Szacowany czas czytania":"1 minuta"},"schema":{"@context":"https:\/\/schema.org","@graph":[{"@type":"WebPage","@id":"https:\/\/klaudynahebda.pl\/sklep\/swieca-czterech-alchemikow\/","url":"https:\/\/klaudynahebda.pl\/sklep\/swieca-czterech-alchemikow\/","name":"\u015awieca Czterech Alchemik\u00f3w\u00ae (cynamon i pomara\u0144cza) - Klaudyna Hebda Nature","isPartOf":{"@id":"https:\/\/klaudynahebda.pl\/sklep\/#website"},"datePublished":"2021-09-08T10:37:50+00:00","dateModified":"2026-02-27T15:15:16+00:00","description":"Stworzona nie tylko z pomara\u0144czy i cynamonu, lecz tak\u017ce z ludzkiej serdeczno\u015bci, u\u015bmiech\u00f3w oraz wieczor\u00f3w z dobr\u0105 ksi\u0105\u017ck\u0105.\u202f Wega\u0144ska, w 100% naturalna.","breadcrumb":{"@id":"https:\/\/klaudynahebda.pl\/sklep\/swieca-czterech-alchemikow\/#breadcrumb"},"inLanguage":"pl-PL","potentialAction":[{"@type":"ReadAction","target":["https:\/\/klaudynahebda.pl\/sklep\/swieca-czterech-alchemikow\/"]}]},{"@type":"BreadcrumbList","@id":"https:\/\/klaudynahebda.pl\/sklep\/swieca-czterech-alchemikow\/#breadcrumb","itemListElement":[{"@type":"ListItem","position":1,"name":"Strona g\u0142\u00f3wna","item":"https:\/\/klaudynahebda.pl\/sklep\/"},{"@type":"ListItem","position":2,"name":"Sklep","item":"https:\/\/klaudynahebda.pl\/sklep\/sklep\/"},{"@type":"ListItem","position":3,"name":"\u015awiece","item":"https:\/\/klaudynahebda.pl\/sklep\/swiece\/"},{"@type":"ListItem","position":4,"name":"\u015awieca Czterech Alchemik\u00f3w\u00ae (cynamon i pomara\u0144cza)"}]},{"@type":"WebSite","@id":"https:\/\/klaudynahebda.pl\/sklep\/#website","url":"https:\/\/klaudynahebda.pl\/sklep\/","name":"Klaudyna Hebda Nature","description":"Sklep","publisher":{"@id":"https:\/\/klaudynahebda.pl\/sklep\/#organization"},"potentialAction":[{"@type":"SearchAction","target":{"@type":"EntryPoint","urlTemplate":"https:\/\/klaudynahebda.pl\/sklep\/?s={search_term_string}"},"query-input":"required name=search_term_string"}],"inLanguage":"pl-PL"},{"@type":"Organization","@id":"https:\/\/klaudynahebda.pl\/sklep\/#organization","name":"KlaudynaHebda","url":"https:\/\/klaudynahebda.pl\/sklep\/","sameAs":[],"logo":{"@type":"ImageObject","inLanguage":"pl-PL","@id":"https:\/\/klaudynahebda.pl\/sklep\/#\/schema\/logo\/image\/","url":"","contentUrl":"","caption":"KlaudynaHebda"},"image":{"@id":"https:\/\/klaudynahebda.pl\/sklep\/#\/schema\/logo\/image\/"}}]}},"_links":{"self":[{"href":"https:\/\/klaudynahebda.pl\/sklep\/wp-json\/wp\/v2\/product\/182904"}],"collection":[{"href":"https:\/\/klaudynahebda.pl\/sklep\/wp-json\/wp\/v2\/product"}],"about":[{"href":"https:\/\/klaudynahebda.pl\/sklep\/wp-json\/wp\/v2\/types\/product"}],"replies":[{"embeddable":true,"href":"https:\/\/klaudynahebda.pl\/sklep\/wp-json\/wp\/v2\/comments?post=182904"}],"wp:featuredmedia":[{"embeddable":true,"href":"https:\/\/klaudynahebda.pl\/sklep\/wp-json\/wp\/v2\/media\/3193603"}],"wp:attachment":[{"href":"https:\/\/klaudynahebda.pl\/sklep\/wp-json\/wp\/v2\/media?parent=182904"}],"wp:term":[{"taxonomy":"product_cat","embeddable":true,"href":"https:\/\/klaudynahebda.pl\/sklep\/wp-json\/wp\/v2\/product_cat?post=182904"},{"taxonomy":"product_tag","embeddable":true,"href":"https:\/\/klaudynahebda.pl\/sklep\/wp-json\/wp\/v2\/product_tag?post=182904"}],"curies":[{"name":"wp","href":"https:\/\/api.w.org\/{rel}","templated":true}]}}