{"id":1770579,"date":"2023-05-08T18:49:37","date_gmt":"2023-05-08T16:49:37","guid":{"rendered":"https:\/\/klaudynahebda.pl\/sklep\/?post_type=product&#038;p=1770579"},"modified":"2026-04-10T13:55:20","modified_gmt":"2026-04-10T11:55:20","slug":"zestaw-ziolowa-herbatka-na-dobry-sen-i-roll-on-na-natlok-mysli","status":"publish","type":"product","link":"https:\/\/klaudynahebda.pl\/sklep\/zestaw-ziolowa-herbatka-na-dobry-sen-i-roll-on-na-natlok-mysli\/","title":{"rendered":"Zestaw: Zio\u0142owa herbatka na Dobry Sen i Roll-on na nat\u0142ok my\u015bli"},"content":{"rendered":"<p>Nie znajdziesz tu ekstrakt\u00f3w. Sztucznych aromat\u00f3w. Pi\u0119knych obrazk\u00f3w i pustych obietnic. Zamiast tego proponuj\u0119 Ci:<\/p>\n<ul>\n<li><strong>Herbat\u0119 na dobry sen<\/strong> stworzon\u0105 z a\u017c 11 zi\u00f3\u0142. Zawiera <b><span data-contrast=\"auto\">ziele m\u0119czennicy lekarskiej,<\/span><\/b> kt\u00f3ra mo\u017ce przyczynia\u0107 si\u0119 do wspomagania<b><span data-contrast=\"auto\"> zdrowego snu i odpr\u0119\u017cenia. <\/span><\/b>Poczujesz tu m.in. chmiel, lip\u0119, ashwagand\u0119. Herbata zaskoczy Ci\u0119 nie tylko smakiem, ale tak\u017ce\u2026 zielononiebieskim kolorem dzi\u0119ki klitorii terneta\u0144skiej.<\/li>\n<\/ul>\n<ul>\n<li><strong>Roll-on na nat\u0142ok my\u015bli <\/strong>to olej jojoba i 3 olejki eteryczne:\n<ul>\n<li>olejek kadzid\u0142owy, kt\u00f3ry wprowadza w stan g\u0142\u0119bokiego relaksu i oczyszcza umys\u0142<\/li>\n<li>olejek kardamonowy, kt\u00f3rego zapach mo\u017ce \u0142agodzi\u0107 odczuwane zm\u0119czenie<\/li>\n<li>olejek wetiwerowy &#8211; jego aromat jest odpr\u0119\u017caj\u0105cy<\/li>\n<\/ul>\n<\/li>\n<\/ul>\n<p>Nie wymaga rozcie\u0144czania, nie potrzebujesz dyfuzora, \u017ceby zmieni\u0142 Tw\u00f3j \u015bwiat na lepsze.<\/p>\n<p>Herbata jest odpowiednia dla os\u00f3b powy\u017cej 12.roku \u017cycia.<\/p>\n<p>Roll-on mo\u017cesz po\u017cycza\u0107 dzieciom ju\u017c pow. 3.roku \u017cycia. \ud83d\ude42 Oba produkty stworzy\u0142am z najwy\u017cszej jako\u015bci zi\u00f3\u0142 oraz 100% olejk\u00f3w eterycznych. <strong>Wyci\u0105gn\u0119\u0142am z ro\u015blin to, co dla Ciebie najlepsze.\u00a0<\/strong><\/p>\n","protected":false},"excerpt":{"rendered":"<p>Zestaw ma wszystko, czego potrzeba, aby wspiera\u0107 Ci\u0119 ju\u017c od pierwszych oznak napi\u0119cia.<\/p>\n<p>Bardzo prosty i skuteczny w stosowaniu:<\/p>\n<ol>\n<li>Pij powoli herbat\u0119 na dobry sen:\n<ul>\n<li>Na 200 ml wody o temperaturze 75-80\u00b0C wrzu\u0107 3 g mieszanki (1 \u0142y\u017cka sto\u0142owa)<\/li>\n<li>Pozostaw pod przykryciem i zaparzaj przez 2 \u2013 3 minuty<\/li>\n<\/ul>\n<\/li>\n<li>Stosuj roll-on na nat\u0142ok my\u015bli:\n<ul>\n<li>Posmaruj nadgarstki, dekolt i szyj\u0119.<\/li>\n<li>Zrelaksuj si\u0119 jego delikatnym zapachem.<\/li>\n<\/ul>\n<\/li>\n<li>Po\u0142\u0105cz picie herbaty z technikami oddechowymi i relaksacyjnymi, aby jeszcze bardziej wzmocni\u0107 dzia\u0142anie zestawu.<\/li>\n<\/ol>\n","protected":false},"featured_media":3267770,"comment_status":"open","ping_status":"closed","template":"","meta":[],"product_cat":[131,90,123,210,134,46],"product_tag":[],"acf":[],"yoast_head":"<!-- This site is optimized with the Yoast SEO plugin v19.6.1 - https:\/\/yoast.com\/wordpress\/plugins\/seo\/ -->\n<title>Zestaw: Zio\u0142owa herbatka na Dobry Sen i Roll-on na nat\u0142ok my\u015bli - Klaudyna Hebda Nature<\/title>\n<meta name=\"description\" content=\"Zestaw ma wszystko, czego potrzeba, aby wspiera\u0107 Ci\u0119 ju\u017c od pierwszych oznak napi\u0119cia.\" \/>\n<meta name=\"robots\" content=\"index, follow, max-snippet:-1, max-image-preview:large, max-video-preview:-1\" \/>\n<link rel=\"canonical\" href=\"https:\/\/klaudynahebda.pl\/sklep\/zestaw-ziolowa-herbatka-na-dobry-sen-i-roll-on-na-natlok-mysli\/\" \/>\n<meta property=\"og:locale\" content=\"pl_PL\" \/>\n<meta property=\"og:type\" content=\"article\" \/>\n<meta property=\"og:title\" content=\"Zestaw: Zio\u0142owa herbatka na Dobry Sen i Roll-on na nat\u0142ok my\u015bli - Klaudyna Hebda Nature\" \/>\n<meta property=\"og:description\" content=\"Zestaw ma wszystko, czego potrzeba, aby wspiera\u0107 Ci\u0119 ju\u017c od pierwszych oznak napi\u0119cia.\" \/>\n<meta property=\"og:url\" content=\"https:\/\/klaudynahebda.pl\/sklep\/zestaw-ziolowa-herbatka-na-dobry-sen-i-roll-on-na-natlok-mysli\/\" \/>\n<meta property=\"og:site_name\" content=\"Klaudyna Hebda Nature\" \/>\n<meta property=\"article:modified_time\" content=\"2026-04-10T11:55:20+00:00\" \/>\n<meta property=\"og:image\" content=\"https:\/\/klaudynahebda.pl\/sklep\/wp-content\/uploads\/2023\/05\/Zestaw-Herbatka-Na-dobry-sen-i-Roll-on-Na-natlok-mysli.jpg\" \/>\n\t<meta property=\"og:image:width\" content=\"1020\" \/>\n\t<meta property=\"og:image:height\" content=\"1530\" \/>\n\t<meta property=\"og:image:type\" content=\"image\/jpeg\" \/>\n<meta name=\"twitter:card\" content=\"summary_large_image\" \/>\n<meta name=\"twitter:label1\" content=\"Szacowany czas czytania\" \/>\n\t<meta name=\"twitter:data1\" content=\"1 minuta\" \/>\n<script type=\"application\/ld+json\" class=\"yoast-schema-graph\">{\"@context\":\"https:\/\/schema.org\",\"@graph\":[{\"@type\":\"WebPage\",\"@id\":\"https:\/\/klaudynahebda.pl\/sklep\/zestaw-ziolowa-herbatka-na-dobry-sen-i-roll-on-na-natlok-mysli\/\",\"url\":\"https:\/\/klaudynahebda.pl\/sklep\/zestaw-ziolowa-herbatka-na-dobry-sen-i-roll-on-na-natlok-mysli\/\",\"name\":\"Zestaw: Zio\u0142owa herbatka na Dobry Sen i Roll-on na nat\u0142ok my\u015bli - Klaudyna Hebda Nature\",\"isPartOf\":{\"@id\":\"https:\/\/klaudynahebda.pl\/sklep\/#website\"},\"datePublished\":\"2023-05-08T16:49:37+00:00\",\"dateModified\":\"2026-04-10T11:55:20+00:00\",\"description\":\"Zestaw ma wszystko, czego potrzeba, aby wspiera\u0107 Ci\u0119 ju\u017c od pierwszych oznak napi\u0119cia.\",\"breadcrumb\":{\"@id\":\"https:\/\/klaudynahebda.pl\/sklep\/zestaw-ziolowa-herbatka-na-dobry-sen-i-roll-on-na-natlok-mysli\/#breadcrumb\"},\"inLanguage\":\"pl-PL\",\"potentialAction\":[{\"@type\":\"ReadAction\",\"target\":[\"https:\/\/klaudynahebda.pl\/sklep\/zestaw-ziolowa-herbatka-na-dobry-sen-i-roll-on-na-natlok-mysli\/\"]}]},{\"@type\":\"BreadcrumbList\",\"@id\":\"https:\/\/klaudynahebda.pl\/sklep\/zestaw-ziolowa-herbatka-na-dobry-sen-i-roll-on-na-natlok-mysli\/#breadcrumb\",\"itemListElement\":[{\"@type\":\"ListItem\",\"position\":1,\"name\":\"Strona g\u0142\u00f3wna\",\"item\":\"https:\/\/klaudynahebda.pl\/sklep\/\"},{\"@type\":\"ListItem\",\"position\":2,\"name\":\"Sklep\",\"item\":\"https:\/\/klaudynahebda.pl\/sklep\/sklep\/\"},{\"@type\":\"ListItem\",\"position\":3,\"name\":\"Olejki na dobry sen\",\"item\":\"https:\/\/klaudynahebda.pl\/sklep\/olejki-eteryczne-na-sen\/\"},{\"@type\":\"ListItem\",\"position\":4,\"name\":\"Zestaw: Zio\u0142owa herbatka na Dobry Sen i Roll-on na nat\u0142ok my\u015bli\"}]},{\"@type\":\"WebSite\",\"@id\":\"https:\/\/klaudynahebda.pl\/sklep\/#website\",\"url\":\"https:\/\/klaudynahebda.pl\/sklep\/\",\"name\":\"Klaudyna Hebda Nature\",\"description\":\"Sklep\",\"publisher\":{\"@id\":\"https:\/\/klaudynahebda.pl\/sklep\/#organization\"},\"potentialAction\":[{\"@type\":\"SearchAction\",\"target\":{\"@type\":\"EntryPoint\",\"urlTemplate\":\"https:\/\/klaudynahebda.pl\/sklep\/?s={search_term_string}\"},\"query-input\":\"required name=search_term_string\"}],\"inLanguage\":\"pl-PL\"},{\"@type\":\"Organization\",\"@id\":\"https:\/\/klaudynahebda.pl\/sklep\/#organization\",\"name\":\"KlaudynaHebda\",\"url\":\"https:\/\/klaudynahebda.pl\/sklep\/\",\"sameAs\":[],\"logo\":{\"@type\":\"ImageObject\",\"inLanguage\":\"pl-PL\",\"@id\":\"https:\/\/klaudynahebda.pl\/sklep\/#\/schema\/logo\/image\/\",\"url\":\"\",\"contentUrl\":\"\",\"caption\":\"KlaudynaHebda\"},\"image\":{\"@id\":\"https:\/\/klaudynahebda.pl\/sklep\/#\/schema\/logo\/image\/\"}}]}<\/script>\n<!-- \/ Yoast SEO plugin. -->","yoast_head_json":{"title":"Zestaw: Zio\u0142owa herbatka na Dobry Sen i Roll-on na nat\u0142ok my\u015bli - Klaudyna Hebda Nature","description":"Zestaw ma wszystko, czego potrzeba, aby wspiera\u0107 Ci\u0119 ju\u017c od pierwszych oznak napi\u0119cia.","robots":{"index":"index","follow":"follow","max-snippet":"max-snippet:-1","max-image-preview":"max-image-preview:large","max-video-preview":"max-video-preview:-1"},"canonical":"https:\/\/klaudynahebda.pl\/sklep\/zestaw-ziolowa-herbatka-na-dobry-sen-i-roll-on-na-natlok-mysli\/","og_locale":"pl_PL","og_type":"article","og_title":"Zestaw: Zio\u0142owa herbatka na Dobry Sen i Roll-on na nat\u0142ok my\u015bli - Klaudyna Hebda Nature","og_description":"Zestaw ma wszystko, czego potrzeba, aby wspiera\u0107 Ci\u0119 ju\u017c od pierwszych oznak napi\u0119cia.","og_url":"https:\/\/klaudynahebda.pl\/sklep\/zestaw-ziolowa-herbatka-na-dobry-sen-i-roll-on-na-natlok-mysli\/","og_site_name":"Klaudyna Hebda Nature","article_modified_time":"2026-04-10T11:55:20+00:00","og_image":[{"width":1020,"height":1530,"url":"https:\/\/klaudynahebda.pl\/sklep\/wp-content\/uploads\/2023\/05\/Zestaw-Herbatka-Na-dobry-sen-i-Roll-on-Na-natlok-mysli.jpg","type":"image\/jpeg"}],"twitter_card":"summary_large_image","twitter_misc":{"Szacowany czas czytania":"1 minuta"},"schema":{"@context":"https:\/\/schema.org","@graph":[{"@type":"WebPage","@id":"https:\/\/klaudynahebda.pl\/sklep\/zestaw-ziolowa-herbatka-na-dobry-sen-i-roll-on-na-natlok-mysli\/","url":"https:\/\/klaudynahebda.pl\/sklep\/zestaw-ziolowa-herbatka-na-dobry-sen-i-roll-on-na-natlok-mysli\/","name":"Zestaw: Zio\u0142owa herbatka na Dobry Sen i Roll-on na nat\u0142ok my\u015bli - Klaudyna Hebda Nature","isPartOf":{"@id":"https:\/\/klaudynahebda.pl\/sklep\/#website"},"datePublished":"2023-05-08T16:49:37+00:00","dateModified":"2026-04-10T11:55:20+00:00","description":"Zestaw ma wszystko, czego potrzeba, aby wspiera\u0107 Ci\u0119 ju\u017c od pierwszych oznak napi\u0119cia.","breadcrumb":{"@id":"https:\/\/klaudynahebda.pl\/sklep\/zestaw-ziolowa-herbatka-na-dobry-sen-i-roll-on-na-natlok-mysli\/#breadcrumb"},"inLanguage":"pl-PL","potentialAction":[{"@type":"ReadAction","target":["https:\/\/klaudynahebda.pl\/sklep\/zestaw-ziolowa-herbatka-na-dobry-sen-i-roll-on-na-natlok-mysli\/"]}]},{"@type":"BreadcrumbList","@id":"https:\/\/klaudynahebda.pl\/sklep\/zestaw-ziolowa-herbatka-na-dobry-sen-i-roll-on-na-natlok-mysli\/#breadcrumb","itemListElement":[{"@type":"ListItem","position":1,"name":"Strona g\u0142\u00f3wna","item":"https:\/\/klaudynahebda.pl\/sklep\/"},{"@type":"ListItem","position":2,"name":"Sklep","item":"https:\/\/klaudynahebda.pl\/sklep\/sklep\/"},{"@type":"ListItem","position":3,"name":"Olejki na dobry sen","item":"https:\/\/klaudynahebda.pl\/sklep\/olejki-eteryczne-na-sen\/"},{"@type":"ListItem","position":4,"name":"Zestaw: Zio\u0142owa herbatka na Dobry Sen i Roll-on na nat\u0142ok my\u015bli"}]},{"@type":"WebSite","@id":"https:\/\/klaudynahebda.pl\/sklep\/#website","url":"https:\/\/klaudynahebda.pl\/sklep\/","name":"Klaudyna Hebda Nature","description":"Sklep","publisher":{"@id":"https:\/\/klaudynahebda.pl\/sklep\/#organization"},"potentialAction":[{"@type":"SearchAction","target":{"@type":"EntryPoint","urlTemplate":"https:\/\/klaudynahebda.pl\/sklep\/?s={search_term_string}"},"query-input":"required name=search_term_string"}],"inLanguage":"pl-PL"},{"@type":"Organization","@id":"https:\/\/klaudynahebda.pl\/sklep\/#organization","name":"KlaudynaHebda","url":"https:\/\/klaudynahebda.pl\/sklep\/","sameAs":[],"logo":{"@type":"ImageObject","inLanguage":"pl-PL","@id":"https:\/\/klaudynahebda.pl\/sklep\/#\/schema\/logo\/image\/","url":"","contentUrl":"","caption":"KlaudynaHebda"},"image":{"@id":"https:\/\/klaudynahebda.pl\/sklep\/#\/schema\/logo\/image\/"}}]}},"_links":{"self":[{"href":"https:\/\/klaudynahebda.pl\/sklep\/wp-json\/wp\/v2\/product\/1770579"}],"collection":[{"href":"https:\/\/klaudynahebda.pl\/sklep\/wp-json\/wp\/v2\/product"}],"about":[{"href":"https:\/\/klaudynahebda.pl\/sklep\/wp-json\/wp\/v2\/types\/product"}],"replies":[{"embeddable":true,"href":"https:\/\/klaudynahebda.pl\/sklep\/wp-json\/wp\/v2\/comments?post=1770579"}],"wp:featuredmedia":[{"embeddable":true,"href":"https:\/\/klaudynahebda.pl\/sklep\/wp-json\/wp\/v2\/media\/3267770"}],"wp:attachment":[{"href":"https:\/\/klaudynahebda.pl\/sklep\/wp-json\/wp\/v2\/media?parent=1770579"}],"wp:term":[{"taxonomy":"product_cat","embeddable":true,"href":"https:\/\/klaudynahebda.pl\/sklep\/wp-json\/wp\/v2\/product_cat?post=1770579"},{"taxonomy":"product_tag","embeddable":true,"href":"https:\/\/klaudynahebda.pl\/sklep\/wp-json\/wp\/v2\/product_tag?post=1770579"}],"curies":[{"name":"wp","href":"https:\/\/api.w.org\/{rel}","templated":true}]}}