{"id":153696,"date":"2021-05-12T10:50:35","date_gmt":"2021-05-12T08:50:35","guid":{"rendered":"https:\/\/klaudynahebda.pl\/sklep\/?post_type=product&#038;p=153696"},"modified":"2026-03-02T09:22:02","modified_gmt":"2026-03-02T08:22:02","slug":"spray-4-alchemikow","status":"publish","type":"product","link":"https:\/\/klaudynahebda.pl\/sklep\/spray-4-alchemikow\/","title":{"rendered":"Spray Czterech Alchemik\u00f3w\u00ae [50 ml]"},"content":{"rendered":"<p><strong>Co jest w tym sprayu, \u017ce tak go kochamy? <\/strong><span style=\"font-weight: 400;\">Mo\u017ce aromat? Taki ciep\u0142y, pachn\u0105cy domem i szepcz\u0105cy do ucha mi\u0142e s\u0142\u00f3wka, gdy w okna zacina deszcz ze \u015bniegiem? A mo\u017ce jego w\u0142a\u015bciwo\u015bci?<\/span><\/p>\n<h2>Jakie olejki znajdziesz w spray&#8217;u aromaterapeutycznym Czterech Alchemik\u00f3w?<\/h2>\n<ul>\n<li style=\"font-weight: 400;\"><b>olejek eteryczny go\u017adzikowy<\/b><span style=\"font-weight: 400;\"> &#8211; pachn\u0105cy jesieni\u0105 i ciep\u0142em\u00a0 <\/span><\/li>\n<li style=\"font-weight: 400;\"><b>olejek eteryczny z li\u015bci cynamonu<\/b><span style=\"font-weight: 400;\"> &#8211; rozgrzewaj\u0105cy, niezast\u0105piony przy gorszym samopoczuciu<\/span><\/li>\n<li style=\"font-weight: 400;\"><b>olejek eteryczny kardamonowy<\/b><span style=\"font-weight: 400;\"> &#8211; jego zapach relaksuje i odpr\u0119\u017ca\u00a0<\/span><\/li>\n<li style=\"font-weight: 400;\"><b>olejek eteryczny rozmarynowy<\/b><span style=\"font-weight: 400;\"> &#8211; od\u015bwie\u017ca, poprawia koncentracj\u0119\u00a0<\/span><\/li>\n<li style=\"font-weight: 400;\"><b>olejek eteryczny pomara\u0144czowy<\/b><span style=\"font-weight: 400;\"> &#8211; zach\u0119ca do u\u015bmiechu\u00a0<\/span><\/li>\n<li style=\"font-weight: 400;\"><b>olejek eteryczny cytrusowy<\/b><span style=\"font-weight: 400;\"> &#8211; wprowadza orze\u017awiaj\u0105c\u0105 nut\u0119, \u015bwietny do oczyszczania pomieszcze\u0144\u00a0\u00a0<\/span><\/li>\n<\/ul>\n<p><span style=\"font-weight: 400;\">Spray jest tworzony na bazie alkoholu w naszej Manufakturze. Nie wymaga dodatkowo rozcie\u0144czania, nie potrzebuje dyfuzora. Po prostu zdejmij wieczko, naci\u015bnij kilka razy atomizer i otocz si\u0119 pi\u0119knym zapachem \ud83d\ude42\u00a0<\/span><\/p>\n<p>Ta mieszanka zosta\u0142a stworzona przeze mnie, a zamiast na legendzie opiera si\u0119 bardziej na wsp\u00f3\u0142czesnych badaniach nad w\u0142a\u015bciwo\u015bciami olejk\u00f3w. I dlatego w\u0142a\u015bnie postanowi\u0142am zmieni\u0107 nazw\u0119 na tak\u0105, kt\u00f3ra mniej ma si\u0119 kojarzy\u0107 z legend\u0105, a bardziej z potwierdzonym przez nauk\u0119 dzia\u0142aniem.<\/p>\n<p>&nbsp;<\/p>\n<p><strong>\ud83d\udc49 Sprawd\u017a te\u017c inne aromaterapeutyczne <a href=\"https:\/\/klaudynahebda.pl\/sklep\/seria-czterech-alchemikow\/\">receptury z serii Czterech Alchemik\u00f3w!<\/a><\/strong><\/p>\n","protected":false},"excerpt":{"rendered":"<h2><span style=\"font-weight: 400;\">Spray Czterech Alchemik\u00f3w\u00ae to:<\/span><\/h2>\n<ul>\n<li><span style=\"font-weight: 400;\"><strong>wielofunkcyjny spray do domu:<\/strong> stosuj dla przyjemno\u015bci, d<\/span><span style=\"font-weight: 400;\">o od\u015bwie\u017cania powietrza i dla pi\u0119kniejszych sn\u00f3w;<\/span><\/li>\n<li>najprostszy spos\u00f3b na korzystanie z mocy olejk\u00f3w eterycznych \u2014 rozpyl<strong>\u00a0go i pozw\u00f3l si\u0119 oczarowa\u0107;<\/strong><\/li>\n<li><span style=\"font-weight: 400;\">otulaj\u0105cy ciep\u0142em, korzenny zapach, na kt\u00f3ry sk\u0142ada si\u0119<strong> a\u017c 6 naturalnych olejk\u00f3w eterycznych<\/strong> \u2014 starannie dobrane, dzi\u0119ki czemu wzmacniaj\u0105 swoje dzia\u0142anie;<\/span><\/li>\n<li><span data-contrast=\"none\">Twoja naturalna supermoc w walce z sezonowymi potworami;<\/span><\/li>\n<li><span data-contrast=\"none\">naturalni stra\u017cnicy Twojego czystego i ciep\u0142ego domu. <\/span><span data-ccp-props=\"{}\">\u00a0<\/span><\/li>\n<\/ul>\n<p>&nbsp;<\/p>\n","protected":false},"featured_media":3410224,"comment_status":"open","ping_status":"closed","template":"","meta":[],"product_cat":[241,114,130,90,187,191,39,129],"product_tag":[],"acf":[],"yoast_head":"<!-- This site is optimized with the Yoast SEO plugin v19.6.1 - https:\/\/yoast.com\/wordpress\/plugins\/seo\/ -->\n<title>Spray Czterech Alchemik\u00f3w\u00ae [50 ml] - Klaudyna Hebda Nature<\/title>\n<meta name=\"description\" content=\"Spray Czterech Alchemik\u00f3w. Otulaj\u0105cy ciep\u0142em, korzenny zapach, a\u017c 6 naturalnych olejk\u00f3w eterycznych. Rozpyl spray w swoim domu i pozw\u00f3l si\u0119 oczarowa\u0107.\u00a0\ud83c\udf1f\" \/>\n<meta name=\"robots\" content=\"index, follow, max-snippet:-1, max-image-preview:large, max-video-preview:-1\" \/>\n<link rel=\"canonical\" href=\"https:\/\/klaudynahebda.pl\/sklep\/spray-4-alchemikow\/\" \/>\n<meta property=\"og:locale\" content=\"pl_PL\" \/>\n<meta property=\"og:type\" content=\"article\" \/>\n<meta property=\"og:title\" content=\"Spray Czterech Alchemik\u00f3w\u00ae [50 ml] - Klaudyna Hebda Nature\" \/>\n<meta property=\"og:description\" content=\"Spray Czterech Alchemik\u00f3w. Otulaj\u0105cy ciep\u0142em, korzenny zapach, a\u017c 6 naturalnych olejk\u00f3w eterycznych. Rozpyl spray w swoim domu i pozw\u00f3l si\u0119 oczarowa\u0107.\u00a0\ud83c\udf1f\" \/>\n<meta property=\"og:url\" content=\"https:\/\/klaudynahebda.pl\/sklep\/spray-4-alchemikow\/\" \/>\n<meta property=\"og:site_name\" content=\"Klaudyna Hebda Nature\" \/>\n<meta property=\"article:modified_time\" content=\"2026-03-02T08:22:02+00:00\" \/>\n<meta property=\"og:image\" content=\"https:\/\/klaudynahebda.pl\/sklep\/wp-content\/uploads\/2021\/05\/Spray-czterech-alchemikow-1.jpg\" \/>\n\t<meta property=\"og:image:width\" content=\"844\" \/>\n\t<meta property=\"og:image:height\" content=\"1152\" \/>\n\t<meta property=\"og:image:type\" content=\"image\/jpeg\" \/>\n<meta name=\"twitter:card\" content=\"summary_large_image\" \/>\n<meta name=\"twitter:label1\" content=\"Szacowany czas czytania\" \/>\n\t<meta name=\"twitter:data1\" content=\"2 minuty\" \/>\n<script type=\"application\/ld+json\" class=\"yoast-schema-graph\">{\"@context\":\"https:\/\/schema.org\",\"@graph\":[{\"@type\":\"WebPage\",\"@id\":\"https:\/\/klaudynahebda.pl\/sklep\/spray-4-alchemikow\/\",\"url\":\"https:\/\/klaudynahebda.pl\/sklep\/spray-4-alchemikow\/\",\"name\":\"Spray Czterech Alchemik\u00f3w\u00ae [50 ml] - Klaudyna Hebda Nature\",\"isPartOf\":{\"@id\":\"https:\/\/klaudynahebda.pl\/sklep\/#website\"},\"datePublished\":\"2021-05-12T08:50:35+00:00\",\"dateModified\":\"2026-03-02T08:22:02+00:00\",\"description\":\"Spray Czterech Alchemik\u00f3w. Otulaj\u0105cy ciep\u0142em, korzenny zapach, a\u017c 6 naturalnych olejk\u00f3w eterycznych. Rozpyl spray w swoim domu i pozw\u00f3l si\u0119 oczarowa\u0107.\u00a0\ud83c\udf1f\",\"breadcrumb\":{\"@id\":\"https:\/\/klaudynahebda.pl\/sklep\/spray-4-alchemikow\/#breadcrumb\"},\"inLanguage\":\"pl-PL\",\"potentialAction\":[{\"@type\":\"ReadAction\",\"target\":[\"https:\/\/klaudynahebda.pl\/sklep\/spray-4-alchemikow\/\"]}]},{\"@type\":\"BreadcrumbList\",\"@id\":\"https:\/\/klaudynahebda.pl\/sklep\/spray-4-alchemikow\/#breadcrumb\",\"itemListElement\":[{\"@type\":\"ListItem\",\"position\":1,\"name\":\"Strona g\u0142\u00f3wna\",\"item\":\"https:\/\/klaudynahebda.pl\/sklep\/\"},{\"@type\":\"ListItem\",\"position\":2,\"name\":\"Sklep\",\"item\":\"https:\/\/klaudynahebda.pl\/sklep\/sklep\/\"},{\"@type\":\"ListItem\",\"position\":3,\"name\":\"Spraye\",\"item\":\"https:\/\/klaudynahebda.pl\/sklep\/spraye\/\"},{\"@type\":\"ListItem\",\"position\":4,\"name\":\"Spray Czterech Alchemik\u00f3w\u00ae [50 ml]\"}]},{\"@type\":\"WebSite\",\"@id\":\"https:\/\/klaudynahebda.pl\/sklep\/#website\",\"url\":\"https:\/\/klaudynahebda.pl\/sklep\/\",\"name\":\"Klaudyna Hebda Nature\",\"description\":\"Sklep\",\"publisher\":{\"@id\":\"https:\/\/klaudynahebda.pl\/sklep\/#organization\"},\"potentialAction\":[{\"@type\":\"SearchAction\",\"target\":{\"@type\":\"EntryPoint\",\"urlTemplate\":\"https:\/\/klaudynahebda.pl\/sklep\/?s={search_term_string}\"},\"query-input\":\"required name=search_term_string\"}],\"inLanguage\":\"pl-PL\"},{\"@type\":\"Organization\",\"@id\":\"https:\/\/klaudynahebda.pl\/sklep\/#organization\",\"name\":\"KlaudynaHebda\",\"url\":\"https:\/\/klaudynahebda.pl\/sklep\/\",\"sameAs\":[],\"logo\":{\"@type\":\"ImageObject\",\"inLanguage\":\"pl-PL\",\"@id\":\"https:\/\/klaudynahebda.pl\/sklep\/#\/schema\/logo\/image\/\",\"url\":\"\",\"contentUrl\":\"\",\"caption\":\"KlaudynaHebda\"},\"image\":{\"@id\":\"https:\/\/klaudynahebda.pl\/sklep\/#\/schema\/logo\/image\/\"}}]}<\/script>\n<!-- \/ Yoast SEO plugin. -->","yoast_head_json":{"title":"Spray Czterech Alchemik\u00f3w\u00ae [50 ml] - Klaudyna Hebda Nature","description":"Spray Czterech Alchemik\u00f3w. Otulaj\u0105cy ciep\u0142em, korzenny zapach, a\u017c 6 naturalnych olejk\u00f3w eterycznych. Rozpyl spray w swoim domu i pozw\u00f3l si\u0119 oczarowa\u0107.\u00a0\ud83c\udf1f","robots":{"index":"index","follow":"follow","max-snippet":"max-snippet:-1","max-image-preview":"max-image-preview:large","max-video-preview":"max-video-preview:-1"},"canonical":"https:\/\/klaudynahebda.pl\/sklep\/spray-4-alchemikow\/","og_locale":"pl_PL","og_type":"article","og_title":"Spray Czterech Alchemik\u00f3w\u00ae [50 ml] - Klaudyna Hebda Nature","og_description":"Spray Czterech Alchemik\u00f3w. Otulaj\u0105cy ciep\u0142em, korzenny zapach, a\u017c 6 naturalnych olejk\u00f3w eterycznych. Rozpyl spray w swoim domu i pozw\u00f3l si\u0119 oczarowa\u0107.\u00a0\ud83c\udf1f","og_url":"https:\/\/klaudynahebda.pl\/sklep\/spray-4-alchemikow\/","og_site_name":"Klaudyna Hebda Nature","article_modified_time":"2026-03-02T08:22:02+00:00","og_image":[{"width":844,"height":1152,"url":"https:\/\/klaudynahebda.pl\/sklep\/wp-content\/uploads\/2021\/05\/Spray-czterech-alchemikow-1.jpg","type":"image\/jpeg"}],"twitter_card":"summary_large_image","twitter_misc":{"Szacowany czas czytania":"2 minuty"},"schema":{"@context":"https:\/\/schema.org","@graph":[{"@type":"WebPage","@id":"https:\/\/klaudynahebda.pl\/sklep\/spray-4-alchemikow\/","url":"https:\/\/klaudynahebda.pl\/sklep\/spray-4-alchemikow\/","name":"Spray Czterech Alchemik\u00f3w\u00ae [50 ml] - Klaudyna Hebda Nature","isPartOf":{"@id":"https:\/\/klaudynahebda.pl\/sklep\/#website"},"datePublished":"2021-05-12T08:50:35+00:00","dateModified":"2026-03-02T08:22:02+00:00","description":"Spray Czterech Alchemik\u00f3w. Otulaj\u0105cy ciep\u0142em, korzenny zapach, a\u017c 6 naturalnych olejk\u00f3w eterycznych. Rozpyl spray w swoim domu i pozw\u00f3l si\u0119 oczarowa\u0107.\u00a0\ud83c\udf1f","breadcrumb":{"@id":"https:\/\/klaudynahebda.pl\/sklep\/spray-4-alchemikow\/#breadcrumb"},"inLanguage":"pl-PL","potentialAction":[{"@type":"ReadAction","target":["https:\/\/klaudynahebda.pl\/sklep\/spray-4-alchemikow\/"]}]},{"@type":"BreadcrumbList","@id":"https:\/\/klaudynahebda.pl\/sklep\/spray-4-alchemikow\/#breadcrumb","itemListElement":[{"@type":"ListItem","position":1,"name":"Strona g\u0142\u00f3wna","item":"https:\/\/klaudynahebda.pl\/sklep\/"},{"@type":"ListItem","position":2,"name":"Sklep","item":"https:\/\/klaudynahebda.pl\/sklep\/sklep\/"},{"@type":"ListItem","position":3,"name":"Spraye","item":"https:\/\/klaudynahebda.pl\/sklep\/spraye\/"},{"@type":"ListItem","position":4,"name":"Spray Czterech Alchemik\u00f3w\u00ae [50 ml]"}]},{"@type":"WebSite","@id":"https:\/\/klaudynahebda.pl\/sklep\/#website","url":"https:\/\/klaudynahebda.pl\/sklep\/","name":"Klaudyna Hebda Nature","description":"Sklep","publisher":{"@id":"https:\/\/klaudynahebda.pl\/sklep\/#organization"},"potentialAction":[{"@type":"SearchAction","target":{"@type":"EntryPoint","urlTemplate":"https:\/\/klaudynahebda.pl\/sklep\/?s={search_term_string}"},"query-input":"required name=search_term_string"}],"inLanguage":"pl-PL"},{"@type":"Organization","@id":"https:\/\/klaudynahebda.pl\/sklep\/#organization","name":"KlaudynaHebda","url":"https:\/\/klaudynahebda.pl\/sklep\/","sameAs":[],"logo":{"@type":"ImageObject","inLanguage":"pl-PL","@id":"https:\/\/klaudynahebda.pl\/sklep\/#\/schema\/logo\/image\/","url":"","contentUrl":"","caption":"KlaudynaHebda"},"image":{"@id":"https:\/\/klaudynahebda.pl\/sklep\/#\/schema\/logo\/image\/"}}]}},"_links":{"self":[{"href":"https:\/\/klaudynahebda.pl\/sklep\/wp-json\/wp\/v2\/product\/153696"}],"collection":[{"href":"https:\/\/klaudynahebda.pl\/sklep\/wp-json\/wp\/v2\/product"}],"about":[{"href":"https:\/\/klaudynahebda.pl\/sklep\/wp-json\/wp\/v2\/types\/product"}],"replies":[{"embeddable":true,"href":"https:\/\/klaudynahebda.pl\/sklep\/wp-json\/wp\/v2\/comments?post=153696"}],"wp:featuredmedia":[{"embeddable":true,"href":"https:\/\/klaudynahebda.pl\/sklep\/wp-json\/wp\/v2\/media\/3410224"}],"wp:attachment":[{"href":"https:\/\/klaudynahebda.pl\/sklep\/wp-json\/wp\/v2\/media?parent=153696"}],"wp:term":[{"taxonomy":"product_cat","embeddable":true,"href":"https:\/\/klaudynahebda.pl\/sklep\/wp-json\/wp\/v2\/product_cat?post=153696"},{"taxonomy":"product_tag","embeddable":true,"href":"https:\/\/klaudynahebda.pl\/sklep\/wp-json\/wp\/v2\/product_tag?post=153696"}],"curies":[{"name":"wp","href":"https:\/\/api.w.org\/{rel}","templated":true}]}}