{"id":1381147,"date":"2023-03-20T15:13:31","date_gmt":"2023-03-20T14:13:31","guid":{"rendered":"https:\/\/klaudynahebda.pl\/sklep\/?post_type=product&#038;p=1381147"},"modified":"2026-04-03T13:18:42","modified_gmt":"2026-04-03T11:18:42","slug":"zestaw-balsamow-lekki-oddech","status":"publish","type":"product","link":"https:\/\/klaudynahebda.pl\/sklep\/zestaw-balsamow-lekki-oddech\/","title":{"rendered":"Zestaw 3 Balsam\u00f3w Lekki Oddech"},"content":{"rendered":"<h2><b>Dlaczego warto kupi\u0107 Balsam Lekki Oddech w zestawie?<\/b><\/h2>\n<p>Kupuj\u0105c Balsam Lekki Oddech w tr\u00f3jpaku, zyskujesz:<\/p>\n<p><strong>Czas<\/strong> \u2013 Szybka reakcja na pierwsze oznaki zm\u0119czenia malucha to klucz do jego dobrego samopoczucia. Gdy zauwa\u017casz, \u017ce maluch potrzebuje dodatkowego wsparcia i chwili relaksu, masz pod r\u0119k\u0105 niezawodn\u0105 pomoc \u2013 bez konieczno\u015bci czekania na dostaw\u0119.<\/p>\n<p><strong>Spok\u00f3j<\/strong> \u2013 Nasz Balsam powstaje w niewielkiej polskiej manufakturze, gdzie priorytetem jest jako\u015b\u0107. W sezonie zdarza\u0142o si\u0119, \u017ce produkt by\u0142 wyprzedany, ale z zapasem w tr\u00f3jpaku masz pewno\u015b\u0107, \u017ce niczego Ci nie zabraknie.<\/p>\n<p><strong>Oszcz\u0119dno\u015b\u0107<\/strong> \u2013 Je\u015bli Ty i Twoje maluchy kochacie nasz Balsam, tr\u00f3jpak to najlepszy wyb\u00f3r \u2013 nie tylko korzystniejszy cenowo, ale i wygodniejszy.<\/p>\n<h3><b>Co wyr\u00f3\u017cnia Balsam K. Hebda Lekki Oddech\u00ae?<\/b><\/h3>\n<ul>\n<li data-leveltext=\"\uf0b7\" data-font=\"Symbol\" data-listid=\"16\" data-list-defn-props=\"{&quot;335552541&quot;:1,&quot;335559684&quot;:-2,&quot;335559685&quot;:720,&quot;335559991&quot;:360,&quot;469769226&quot;:&quot;Symbol&quot;,&quot;469769242&quot;:[8226],&quot;469777803&quot;:&quot;left&quot;,&quot;469777804&quot;:&quot;\uf0b7&quot;,&quot;469777815&quot;:&quot;hybridMultilevel&quot;}\" data-aria-posinset=\"1\" data-aria-level=\"1\"><b>Zio\u0142owy sk\u0142ad. <\/b>Zawiera naturalne zio\u0142owe sk\u0142adniki, sprawdzone w tradycyjnym zielarstwie od pokole\u0144<\/li>\n<li data-leveltext=\"\uf0b7\" data-font=\"Symbol\" data-listid=\"16\" data-list-defn-props=\"{&quot;335552541&quot;:1,&quot;335559684&quot;:-2,&quot;335559685&quot;:720,&quot;335559991&quot;:360,&quot;469769226&quot;:&quot;Symbol&quot;,&quot;469769242&quot;:[8226],&quot;469777803&quot;:&quot;left&quot;,&quot;469777804&quot;:&quot;\uf0b7&quot;,&quot;469777815&quot;:&quot;hybridMultilevel&quot;}\" data-aria-posinset=\"1\" data-aria-level=\"1\"><b>Ju\u017c powy\u017cej 1. roku \u017cycia<\/b>. Bezpieczny i \u0142agodny dla sk\u00f3ry dziecka, dzi\u0119ki formule stworzonej specjalnie dla najm\u0142odszych<\/li>\n<li data-leveltext=\"\uf0b7\" data-font=\"Symbol\" data-listid=\"16\" data-list-defn-props=\"{&quot;335552541&quot;:1,&quot;335559684&quot;:-2,&quot;335559685&quot;:720,&quot;335559991&quot;:360,&quot;469769226&quot;:&quot;Symbol&quot;,&quot;469769242&quot;:[8226],&quot;469777803&quot;:&quot;left&quot;,&quot;469777804&quot;:&quot;\uf0b7&quot;,&quot;469777815&quot;:&quot;hybridMultilevel&quot;}\" data-aria-posinset=\"1\" data-aria-level=\"1\"><b>Skuteczno\u015b\u0107.<\/b>\u00a0 Sprawdzona przez Mamy kompozycja 6. olejk\u00f3w eterycznych i zi\u00f3\u0142<\/li>\n<li data-leveltext=\"\uf0b7\" data-font=\"Symbol\" data-listid=\"16\" data-list-defn-props=\"{&quot;335552541&quot;:1,&quot;335559684&quot;:-2,&quot;335559685&quot;:720,&quot;335559991&quot;:360,&quot;469769226&quot;:&quot;Symbol&quot;,&quot;469769242&quot;:[8226],&quot;469777803&quot;:&quot;left&quot;,&quot;469777804&quot;:&quot;\uf0b7&quot;,&quot;469777815&quot;:&quot;hybridMultilevel&quot;}\" data-aria-posinset=\"1\" data-aria-level=\"1\"><b>\u0141atwy w u\u017cyciu. <\/b>Otw\u00f3rz s\u0142oiczek i posmaruj klatk\u0119 piersiow\u0105 i st\u00f3pki dziecka<\/li>\n<\/ul>\n<p>Wyj\u0105tkowa mieszanka olejk\u00f3w eterycznych to tajemnica naszego Balsamu, kt\u00f3ra od lat zdobywa zaufanie i mi\u0142o\u015b\u0107 Mam. Wiedz\u0105, \u017ce mog\u0105 polega\u0107 na balsamie, aby zapewni\u0107 swoim maluchom najlepsz\u0105 opiek\u0119.<\/p>\n<h3><b>Czy Balsam mi si\u0119 nie przeterminuje, je\u015bli nie zu\u017cyj\u0119 go w tym sezonie?<\/b><\/h3>\n<p>Spokojnie, Balsam ma 15 miesi\u0119cy wa\u017cno\u015bci od daty produkcji, wi\u0119c to, co zostanie, mo\u017cesz zu\u017cy\u0107 w kolejnym sezonie.<\/p>\n<p><strong><a href=\"https:\/\/klaudynahebda.pl\/sklep\/balsam-lekki-oddech\/\">Je\u015bli chcesz dowiedzie\u0107 si\u0119 wi\u0119cej o Balsamie i jego dzia\u0142aniu, pozna\u0107 najcz\u0119\u015bciej zadawane pytania oraz opinie innych Mam, zajrzyj tutaj. &gt;&gt;<\/a><\/strong><\/p>\n<p>&nbsp;<\/p>\n<h3><b>Jak jeszcze mog\u0119 poprawi\u0107 samopoczucie malucha?<\/b><\/h3>\n<p>Naturalne metody maj\u0105 to do siebie, \u017ce mo\u017cna je ze sob\u0105 \u0142\u0105czy\u0107, aby jeszcze bardziej wzmocni\u0107 ich dzia\u0142anie. W ci\u0105gu dnia mo\u017cesz wi\u0119c smarowa\u0107 dziecko Balsamem K. Hebda Lekki Oddech\u00ae, a wieczorem przygotowa\u0107 aromatyczn\u0105 k\u0105piel wykorzystuj\u0105c <a href=\"https:\/\/klaudynahebda.pl\/sklep\/sol-ziolowa-do-kapieli-lekki-oddech\/\"><strong>s\u00f3l do k\u0105pieli Lekki Oddech<\/strong>.<\/a><\/p>\n<p>\u017beby na buzi malucha pojawi\u0142 si\u0119 u\u015bmiech, mo\u017cesz te\u017c si\u0119gn\u0105\u0107 po <strong><a href=\"https:\/\/klaudynahebda.pl\/sklep\/olejek-pomaranczowy\/\">olejek pomara\u0144czowy<\/a><\/strong> lub <strong><a href=\"https:\/\/klaudynahebda.pl\/sklep\/olejek-mandarynka\/\">mandarynkowy.<\/a><\/strong><\/p>\n<p><strong><a href=\"https:\/\/klaudynahebda.pl\/sklep\/zestaw-na-przeziebienia-u-dzieci\/\">Sprawd\u017a nasz Zestaw Lekki Oddech i pom\u00f3\u017c dziecku odzyska\u0107 lekki oddech. &gt;&gt;<\/a><\/strong><\/p>\n<div class=\"row row-collapse align-middle\"  id=\"row-1409483691\">\n<style>\n#row-1409483691 > .col > .col-inner {\n  padding: 35px 0px 20px 0px;\n}\n<\/style>\n<\/div>\n\n\t<div id=\"col-628244281\" class=\"col small-10 large-12\"  >\n\t\t\t\t<div class=\"col-inner\"  >\n\t\t\t\n\t\t\t\t\t<\/div>\n\t\t\t\t\t<\/div>\n\n\t\n<h3 class=\"accordion_title\">Najcz\u0119\u015bciej zadawane pytania<\/h3><div class=\"accordion\" rel=\"1\">\n<\/div>\n<div class=\"accordion\" rel=\"\">\n<div class=\"accordion-item\"><a href=\"#\" class=\"accordion-title plain\"><button class=\"toggle\"><i class=\"icon-angle-down\"><\/i><\/button><span>Co sprawia, \u017ce Balsam K. Hebda Lekki Oddech\u00ae dzia\u0142a tak skutecznie?<\/span><\/a><div class=\"accordion-inner\">\nSekret tkwi w <strong>wyj\u0105tkowej kompozycji 6 naturalnych olejk\u00f3w eterycznych<\/strong> \u2013 tymiankowego, eukaliptusowego, mi\u0119towego, z oregano, rozmarynowego i pomara\u0144czowego. Ich synergiczne dzia\u0142anie przynosi ulg\u0119, wspiera uczucie swobodnego oddechu i pomaga maluchowi spokojnie zasn\u0105\u0107.<br \/>\n<\/div><\/div>\n<div class=\"accordion\" rel=\"\"><\/div>\n<div class=\"accordion-item\"><a href=\"#\" class=\"accordion-title plain\"><button class=\"toggle\"><i class=\"icon-angle-down\"><\/i><\/button><span>Jak dzia\u0142a Balsam K. Hebda Lekki Oddech\u00ae?<\/span><\/a><div class=\"accordion-inner\">\nBalsam K. Hebda Lekki Oddech\u00ae zosta\u0142 stworzony po to, by <strong>wspiera\u0107 naturalny komfort oddychania<\/strong> \u2013 szczeg\u00f3lnie wtedy, gdy maluch odczuwa zm\u0119czenie lub os\u0142abienie. Koj\u0105cy zapach<strong> 6 olejk\u00f3w eterycznych, takich jak tymianek, eukaliptus, mi\u0119ta pieprzowa czy oregano<\/strong>, delikatnie otula i u\u0142atwia spokojny oddech. Mo\u017cesz stosowa\u0107 balsam przed snem, wyj\u015bciem na spacer lub w ci\u0105gu dnia \u2013 w zale\u017cno\u015bci od potrzeb dziecka. <\/div><\/div>\n<div class=\"accordion-item\"><a href=\"#\" class=\"accordion-title plain\"><button class=\"toggle\"><i class=\"icon-angle-down\"><\/i><\/button><span>Czy Balsam K. Hebda Lekki Oddech\u00ae jest bezpieczny dla dzieci?<\/span><\/a><div class=\"accordion-inner\">\nTak. Produkt jest:<\/p>\n<ul>\n<li>testowany klinicznie,<\/li>\n<li>testowany dermatologicznie,<\/li>\n<li>testowany pod nadzorem lekarza pediatry.<\/li>\n<\/ul>\n<p>Formu\u0142a zosta\u0142a opracowana z my\u015bl\u0105 o najm\u0142odszych <strong>(ju\u017c od 1. roku \u017cycia)<\/strong>, a sam balsam jest stworzony z my\u015bl\u0105 o wra\u017cliwej sk\u00f3rze dziecka.<br \/>\n<\/div><\/div>\n<div class=\"accordion-item\"><a href=\"#\" class=\"accordion-title plain\"><button class=\"toggle\"><i class=\"icon-angle-down\"><\/i><\/button><span>Dlaczego warto kupowa\u0107 Balsam K. Hebda Lekki Oddech\u00ae w zestawie 3 sztuk?<\/span><\/a><div class=\"accordion-inner\">\nTr\u00f3jpak to wygoda i spok\u00f3j \u2013 zawsze masz pod r\u0119k\u0105 gotowy balsam, kiedy pojawi\u0105 si\u0119 pierwsze objawy zm\u0119czenia lub potrzeba oddechowego wsparcia.\u00a0Kupuj\u0105c zestaw, zyskujesz:<\/p>\n<ul>\n<li><strong>czas<\/strong> \u2013 nie musisz czeka\u0107 na kolejn\u0105 dostaw\u0119,<\/li>\n<li><strong>oszcz\u0119dno\u015b\u0107<\/strong> \u2013 zestaw jest korzystniejszy cenowo,<\/li>\n<li><strong>spok\u00f3j<\/strong> \u2013 masz pewno\u015b\u0107, \u017ce produkt si\u0119 nie sko\u0144czy w sezonie.<\/li>\n<\/ul>\n<\/div><\/div> <div class=\"accordion-item\"><a href=\"#\" class=\"accordion-title plain\"><button class=\"toggle\"><i class=\"icon-angle-down\"><\/i><\/button><span>Jak stosowa\u0107 Balsam K. Hebda Lekki Oddech\u00ae?<\/span><\/a><div class=\"accordion-inner\">\nNa\u0142\u00f3\u017c niewielk\u0105 ilo\u015b\u0107 balsamu na klatk\u0119 piersiow\u0105, kark lub stopy dziecka \u2013 szczeg\u00f3lnie wieczorem lub wtedy, gdy maluch potrzebuje oddechowego wsparcia. Zapach uwalniany pod wp\u0142ywem ciep\u0142a cia\u0142a dzia\u0142a aromaterapeutycznie, tworz\u0105c uczucie ulgi i komfortu.<br \/>\n<\/div><\/div>\n<div class=\"accordion-item\"><a href=\"#\" class=\"accordion-title plain\"><button class=\"toggle\"><i class=\"icon-angle-down\"><\/i><\/button><span>Czy mog\u0119 \u0142\u0105czy\u0107 Balsam K. Hebda Lekki Oddech\u00ae z innymi produktami z tej serii?<\/span><\/a><div class=\"accordion-inner\">\n<p>Tak. Dla wzmocnienia efektu warto po\u0142\u0105czy\u0107 stosowanie balsamu z innymi produktami z serii \u2013 np. <strong><a href=\"https:\/\/klaudynahebda.pl\/sklep\/balsam-lekki-oddech\/\">balsamem Lekki Oddech<\/a><\/strong>, <strong><a href=\"https:\/\/klaudynahebda.pl\/sklep\/sol-ziolowa-do-kapieli-lekki-oddech\/\">sol\u0105 do k\u0105pieli Lekki Oddech<\/a><\/strong>, <strong><a href=\"https:\/\/klaudynahebda.pl\/sklep\/koncentrat-do-kapieli-lekki-oddech-100-200-ml\/\">koncentratem do k\u0105pieli Lekki Oddech<\/a> <\/strong>oraz <a href=\"https:\/\/klaudynahebda.pl\/sklep\/lekki-oddech-noc-mieszanka\/\"><strong>mieszank\u0105 olejk\u00f3w eterycznych Lekki Oddech Noc<\/strong><\/a>. To naturalne sposoby wspieraj\u0105ce spokojny oddech \u2013 zar\u00f3wno w dzie\u0144, jak i wieczorem.<\/p>\n<p><strong>Produkty z serii Lekki Oddech mo\u017cesz kupi\u0107 tak\u017ce w zestawach, z rabatem:<\/strong><\/p>\n<ul>\n<li><strong><a href=\"https:\/\/klaudynahebda.pl\/sklep\/zestaw-lekki-oddech-sol-i-koncentrat\/\">Zestaw Lekki Oddech: S\u00f3l i Koncentrat do k\u0105piel<\/a><\/strong><\/li>\n<li><a href=\"https:\/\/klaudynahebda.pl\/sklep\/zestaw-na-przeziebienia-u-dzieci\/\"><strong>Zestaw Lekki Oddech: balsam, s\u00f3l do k\u0105pieli, olejek tymiankowym<\/strong><\/a><\/li>\n<li><strong><a href=\"https:\/\/klaudynahebda.pl\/sklep\/zestaw-balsamow-lekki-oddech\/\">Zestaw 3 Balsam\u00f3w Lekki Oddech<\/a><\/strong><\/li>\n<\/ul>\n<\/div><\/div>\n<div class=\"accordion-item\"><a href=\"#\" class=\"accordion-title plain\"><button class=\"toggle\"><i class=\"icon-angle-down\"><\/i><\/button><span>Jak d\u0142ugo mog\u0119 przechowywa\u0107 Balsam K. Hebda Lekki Oddech\u00ae?<\/span><\/a><div class=\"accordion-inner\">\nBalsam ma 15 miesi\u0119cy wa\u017cno\u015bci od daty produkcji, wi\u0119c spokojnie mo\u017cesz zu\u017cy\u0107 go w kolejnym sezonie. Trzy s\u0142oiczki to zapas, kt\u00f3ry warto mie\u0107 \u2013 szczeg\u00f3lnie w okresie jesienno-zimowym. <\/div><\/div>\n<div class=\"accordion-item\"><a href=\"#\" class=\"accordion-title plain\"><button class=\"toggle\"><i class=\"icon-angle-down\"><\/i><\/button><span>Dlaczego w Balsamie K. Hebda Lekki Oddech\u00ae mog\u0105 pojawi\u0107 si\u0119 grudki?<\/span><\/a><div class=\"accordion-inner\"> To naturalne zjawisko \u2013 grudki powstaj\u0105 na skutek krystalizacji mase\u0142 ro\u015blinnych i wosk\u00f3w. Nie wp\u0142ywa to na skuteczno\u015b\u0107 balsamu. Przed na\u0142o\u017ceniem wystarczy lekko rozetrze\u0107 go w d\u0142oniach \u2013 pod wp\u0142ywem ciep\u0142a grudki si\u0119 rozpuszcz\u0105. <\/div><\/div>\n<\/div>\n","protected":false},"excerpt":{"rendered":"<h2>Zestaw balsam\u00f3w dla dzieci Lekki Oddech to:<\/h2>\n<ul>\n<li><span data-contrast=\"none\">zestaw <strong>d<span class=\"TextRun SCXW72367743 BCX0\" lang=\"PL-PL\" xml:lang=\"PL-PL\" data-contrast=\"auto\"><span class=\"NormalTextRun SCXW72367743 BCX0\">o smarowania sk\u00f3ry w okolicach klatki piersiowej, pleck\u00f3w i st\u00f3p dzieci;<\/span><\/span><\/strong><\/span><\/li>\n<li><span data-contrast=\"none\">przetestowana i bezpieczna formu\u0142a<strong> do stosowania ju\u017c powy\u017cej 1 roku \u017cycia;<\/strong><\/span><\/li>\n<li><span data-contrast=\"auto\">koj\u0105cy zio\u0142owy zapach wype\u0142niaj\u0105cy ma\u0142y nosek;<\/span><\/li>\n<li><span data-contrast=\"auto\">formu\u0142a 6 naturalnych olejk\u00f3w eterycznych;<\/span><\/li>\n<li><span style=\"color: #333333;\">ulubieniec i wyb\u00f3r niemal 200 000 mam<\/span><\/li>\n<\/ul>\n<p><i><span data-contrast=\"none\"><span class=\"TextRun SCXW3646695 BCX0\" lang=\"PL-PL\" xml:lang=\"PL-PL\" data-contrast=\"auto\"><span class=\"NormalTextRun SCXW3646695 BCX0\">Chcia\u0142am znale\u017a\u0107 skuteczne rozwi\u0105zanie, kt\u00f3re by\u0142oby jednocze\u015bnie \u0142atwe w u\u017cyciu. W oparciu o tradycyjne metody, takie jak zio\u0142owe inhalacje i ma\u015b\u0107 ze smalcu g\u0119siego, opracowa\u0142am ten balsam. <span class=\"NormalTextRun SCXW255469499 BCX0\">Wykorzysta\u0142am moj\u0105 wiedz\u0119 zielarsk\u0105 i po\u0142\u0105czy\u0142am j\u0105 z <\/span><span class=\"NormalTextRun SCXW255469499 BCX0\">do\u015bwiadczeniem<\/span><span class=\"NormalTextRun SCXW255469499 BCX0\">,<\/span> <span class=\"NormalTextRun SCXW255469499 BCX0\">tworz\u0105c w kuchni pierwsze s\u0142oiczki balsamu. Okaza\u0142o si\u0119, \u017ce ten produkt nie tylko pom\u00f3g\u0142 mojej siostrze, ale r\u00f3wnie\u017c dzieciom moich przyjaci\u00f3\u0142ek.<\/span><\/span><\/span>\u00a0<\/span><\/i><span data-ccp-props=\"{&quot;134233117&quot;:false,&quot;134233118&quot;:false,&quot;201341983&quot;:0,&quot;335551550&quot;:1,&quot;335551620&quot;:1,&quot;335559685&quot;:0,&quot;335559737&quot;:0,&quot;335559738&quot;:0,&quot;335559739&quot;:160,&quot;335559740&quot;:259}\">\u00a0<\/span><span data-contrast=\"none\">\u2013 Klaudyna Hebda<\/span><span data-ccp-props=\"{&quot;134233117&quot;:false,&quot;134233118&quot;:false,&quot;201341983&quot;:0,&quot;335551550&quot;:1,&quot;335551620&quot;:1,&quot;335559685&quot;:0,&quot;335559737&quot;:0,&quot;335559738&quot;:0,&quot;335559739&quot;:160,&quot;335559740&quot;:259}\">\u00a0<\/span><\/p>\n","protected":false},"featured_media":3287244,"comment_status":"open","ping_status":"closed","template":"","meta":[],"product_cat":[223,127,126,39,96,46],"product_tag":[],"acf":[],"yoast_head":"<!-- This site is optimized with the Yoast SEO plugin v19.6.1 - https:\/\/yoast.com\/wordpress\/plugins\/seo\/ -->\n<title>Zestaw 3 Balsam\u00f3w Lekki Oddech - Klaudyna Hebda Nature<\/title>\n<meta name=\"description\" content=\"Zestaw 3 koj\u0105cych balsam\u00f3w do smarowania klatki piersiowej, z olejkami eterycznymi. Do stosowania ju\u017c powy\u017cej 1 roku \u017cycia.\" \/>\n<meta name=\"robots\" content=\"index, follow, max-snippet:-1, max-image-preview:large, max-video-preview:-1\" \/>\n<link rel=\"canonical\" href=\"https:\/\/klaudynahebda.pl\/sklep\/zestaw-balsamow-lekki-oddech\/\" \/>\n<meta property=\"og:locale\" content=\"pl_PL\" \/>\n<meta property=\"og:type\" content=\"article\" \/>\n<meta property=\"og:title\" content=\"Zestaw 3 Balsam\u00f3w Lekki Oddech - Klaudyna Hebda Nature\" \/>\n<meta property=\"og:description\" content=\"Zestaw 3 koj\u0105cych balsam\u00f3w do smarowania klatki piersiowej, z olejkami eterycznymi. Do stosowania ju\u017c powy\u017cej 1 roku \u017cycia.\" \/>\n<meta property=\"og:url\" content=\"https:\/\/klaudynahebda.pl\/sklep\/zestaw-balsamow-lekki-oddech\/\" \/>\n<meta property=\"og:site_name\" content=\"Klaudyna Hebda Nature\" \/>\n<meta property=\"article:modified_time\" content=\"2026-04-03T11:18:42+00:00\" \/>\n<meta property=\"og:image\" content=\"https:\/\/klaudynahebda.pl\/sklep\/wp-content\/uploads\/2023\/03\/zestaw-balsam-lekki-oddech-klaudyna-hebda.jpg\" \/>\n\t<meta property=\"og:image:width\" content=\"768\" \/>\n\t<meta property=\"og:image:height\" content=\"1152\" \/>\n\t<meta property=\"og:image:type\" content=\"image\/jpeg\" \/>\n<meta name=\"twitter:card\" content=\"summary_large_image\" \/>\n<meta name=\"twitter:label1\" content=\"Szacowany czas czytania\" \/>\n\t<meta name=\"twitter:data1\" content=\"5 minut\" \/>\n<script type=\"application\/ld+json\" class=\"yoast-schema-graph\">{\"@context\":\"https:\/\/schema.org\",\"@graph\":[{\"@type\":\"WebPage\",\"@id\":\"https:\/\/klaudynahebda.pl\/sklep\/zestaw-balsamow-lekki-oddech\/\",\"url\":\"https:\/\/klaudynahebda.pl\/sklep\/zestaw-balsamow-lekki-oddech\/\",\"name\":\"Zestaw 3 Balsam\u00f3w Lekki Oddech - Klaudyna Hebda Nature\",\"isPartOf\":{\"@id\":\"https:\/\/klaudynahebda.pl\/sklep\/#website\"},\"datePublished\":\"2023-03-20T14:13:31+00:00\",\"dateModified\":\"2026-04-03T11:18:42+00:00\",\"description\":\"Zestaw 3 koj\u0105cych balsam\u00f3w do smarowania klatki piersiowej, z olejkami eterycznymi. Do stosowania ju\u017c powy\u017cej 1 roku \u017cycia.\",\"breadcrumb\":{\"@id\":\"https:\/\/klaudynahebda.pl\/sklep\/zestaw-balsamow-lekki-oddech\/#breadcrumb\"},\"inLanguage\":\"pl-PL\",\"potentialAction\":[{\"@type\":\"ReadAction\",\"target\":[\"https:\/\/klaudynahebda.pl\/sklep\/zestaw-balsamow-lekki-oddech\/\"]}]},{\"@type\":\"BreadcrumbList\",\"@id\":\"https:\/\/klaudynahebda.pl\/sklep\/zestaw-balsamow-lekki-oddech\/#breadcrumb\",\"itemListElement\":[{\"@type\":\"ListItem\",\"position\":1,\"name\":\"Strona g\u0142\u00f3wna\",\"item\":\"https:\/\/klaudynahebda.pl\/sklep\/\"},{\"@type\":\"ListItem\",\"position\":2,\"name\":\"Sklep\",\"item\":\"https:\/\/klaudynahebda.pl\/sklep\/sklep\/\"},{\"@type\":\"ListItem\",\"position\":3,\"name\":\"Zestawy Klaudyna Hebda\",\"item\":\"https:\/\/klaudynahebda.pl\/sklep\/zestawy\/\"},{\"@type\":\"ListItem\",\"position\":4,\"name\":\"Zestaw 3 Balsam\u00f3w Lekki Oddech\"}]},{\"@type\":\"WebSite\",\"@id\":\"https:\/\/klaudynahebda.pl\/sklep\/#website\",\"url\":\"https:\/\/klaudynahebda.pl\/sklep\/\",\"name\":\"Klaudyna Hebda Nature\",\"description\":\"Sklep\",\"publisher\":{\"@id\":\"https:\/\/klaudynahebda.pl\/sklep\/#organization\"},\"potentialAction\":[{\"@type\":\"SearchAction\",\"target\":{\"@type\":\"EntryPoint\",\"urlTemplate\":\"https:\/\/klaudynahebda.pl\/sklep\/?s={search_term_string}\"},\"query-input\":\"required name=search_term_string\"}],\"inLanguage\":\"pl-PL\"},{\"@type\":\"Organization\",\"@id\":\"https:\/\/klaudynahebda.pl\/sklep\/#organization\",\"name\":\"KlaudynaHebda\",\"url\":\"https:\/\/klaudynahebda.pl\/sklep\/\",\"sameAs\":[],\"logo\":{\"@type\":\"ImageObject\",\"inLanguage\":\"pl-PL\",\"@id\":\"https:\/\/klaudynahebda.pl\/sklep\/#\/schema\/logo\/image\/\",\"url\":\"\",\"contentUrl\":\"\",\"caption\":\"KlaudynaHebda\"},\"image\":{\"@id\":\"https:\/\/klaudynahebda.pl\/sklep\/#\/schema\/logo\/image\/\"}}]}<\/script>\n<!-- \/ Yoast SEO plugin. -->","yoast_head_json":{"title":"Zestaw 3 Balsam\u00f3w Lekki Oddech - Klaudyna Hebda Nature","description":"Zestaw 3 koj\u0105cych balsam\u00f3w do smarowania klatki piersiowej, z olejkami eterycznymi. Do stosowania ju\u017c powy\u017cej 1 roku \u017cycia.","robots":{"index":"index","follow":"follow","max-snippet":"max-snippet:-1","max-image-preview":"max-image-preview:large","max-video-preview":"max-video-preview:-1"},"canonical":"https:\/\/klaudynahebda.pl\/sklep\/zestaw-balsamow-lekki-oddech\/","og_locale":"pl_PL","og_type":"article","og_title":"Zestaw 3 Balsam\u00f3w Lekki Oddech - Klaudyna Hebda Nature","og_description":"Zestaw 3 koj\u0105cych balsam\u00f3w do smarowania klatki piersiowej, z olejkami eterycznymi. Do stosowania ju\u017c powy\u017cej 1 roku \u017cycia.","og_url":"https:\/\/klaudynahebda.pl\/sklep\/zestaw-balsamow-lekki-oddech\/","og_site_name":"Klaudyna Hebda Nature","article_modified_time":"2026-04-03T11:18:42+00:00","og_image":[{"width":768,"height":1152,"url":"https:\/\/klaudynahebda.pl\/sklep\/wp-content\/uploads\/2023\/03\/zestaw-balsam-lekki-oddech-klaudyna-hebda.jpg","type":"image\/jpeg"}],"twitter_card":"summary_large_image","twitter_misc":{"Szacowany czas czytania":"5 minut"},"schema":{"@context":"https:\/\/schema.org","@graph":[{"@type":"WebPage","@id":"https:\/\/klaudynahebda.pl\/sklep\/zestaw-balsamow-lekki-oddech\/","url":"https:\/\/klaudynahebda.pl\/sklep\/zestaw-balsamow-lekki-oddech\/","name":"Zestaw 3 Balsam\u00f3w Lekki Oddech - Klaudyna Hebda Nature","isPartOf":{"@id":"https:\/\/klaudynahebda.pl\/sklep\/#website"},"datePublished":"2023-03-20T14:13:31+00:00","dateModified":"2026-04-03T11:18:42+00:00","description":"Zestaw 3 koj\u0105cych balsam\u00f3w do smarowania klatki piersiowej, z olejkami eterycznymi. Do stosowania ju\u017c powy\u017cej 1 roku \u017cycia.","breadcrumb":{"@id":"https:\/\/klaudynahebda.pl\/sklep\/zestaw-balsamow-lekki-oddech\/#breadcrumb"},"inLanguage":"pl-PL","potentialAction":[{"@type":"ReadAction","target":["https:\/\/klaudynahebda.pl\/sklep\/zestaw-balsamow-lekki-oddech\/"]}]},{"@type":"BreadcrumbList","@id":"https:\/\/klaudynahebda.pl\/sklep\/zestaw-balsamow-lekki-oddech\/#breadcrumb","itemListElement":[{"@type":"ListItem","position":1,"name":"Strona g\u0142\u00f3wna","item":"https:\/\/klaudynahebda.pl\/sklep\/"},{"@type":"ListItem","position":2,"name":"Sklep","item":"https:\/\/klaudynahebda.pl\/sklep\/sklep\/"},{"@type":"ListItem","position":3,"name":"Zestawy Klaudyna Hebda","item":"https:\/\/klaudynahebda.pl\/sklep\/zestawy\/"},{"@type":"ListItem","position":4,"name":"Zestaw 3 Balsam\u00f3w Lekki Oddech"}]},{"@type":"WebSite","@id":"https:\/\/klaudynahebda.pl\/sklep\/#website","url":"https:\/\/klaudynahebda.pl\/sklep\/","name":"Klaudyna Hebda Nature","description":"Sklep","publisher":{"@id":"https:\/\/klaudynahebda.pl\/sklep\/#organization"},"potentialAction":[{"@type":"SearchAction","target":{"@type":"EntryPoint","urlTemplate":"https:\/\/klaudynahebda.pl\/sklep\/?s={search_term_string}"},"query-input":"required name=search_term_string"}],"inLanguage":"pl-PL"},{"@type":"Organization","@id":"https:\/\/klaudynahebda.pl\/sklep\/#organization","name":"KlaudynaHebda","url":"https:\/\/klaudynahebda.pl\/sklep\/","sameAs":[],"logo":{"@type":"ImageObject","inLanguage":"pl-PL","@id":"https:\/\/klaudynahebda.pl\/sklep\/#\/schema\/logo\/image\/","url":"","contentUrl":"","caption":"KlaudynaHebda"},"image":{"@id":"https:\/\/klaudynahebda.pl\/sklep\/#\/schema\/logo\/image\/"}}]}},"_links":{"self":[{"href":"https:\/\/klaudynahebda.pl\/sklep\/wp-json\/wp\/v2\/product\/1381147"}],"collection":[{"href":"https:\/\/klaudynahebda.pl\/sklep\/wp-json\/wp\/v2\/product"}],"about":[{"href":"https:\/\/klaudynahebda.pl\/sklep\/wp-json\/wp\/v2\/types\/product"}],"replies":[{"embeddable":true,"href":"https:\/\/klaudynahebda.pl\/sklep\/wp-json\/wp\/v2\/comments?post=1381147"}],"wp:featuredmedia":[{"embeddable":true,"href":"https:\/\/klaudynahebda.pl\/sklep\/wp-json\/wp\/v2\/media\/3287244"}],"wp:attachment":[{"href":"https:\/\/klaudynahebda.pl\/sklep\/wp-json\/wp\/v2\/media?parent=1381147"}],"wp:term":[{"taxonomy":"product_cat","embeddable":true,"href":"https:\/\/klaudynahebda.pl\/sklep\/wp-json\/wp\/v2\/product_cat?post=1381147"},{"taxonomy":"product_tag","embeddable":true,"href":"https:\/\/klaudynahebda.pl\/sklep\/wp-json\/wp\/v2\/product_tag?post=1381147"}],"curies":[{"name":"wp","href":"https:\/\/api.w.org\/{rel}","templated":true}]}}