{"id":1340408,"date":"2023-01-30T15:26:54","date_gmt":"2023-01-30T14:26:54","guid":{"rendered":"https:\/\/klaudynahebda.pl\/sklep\/?post_type=product&#038;p=1340408"},"modified":"2026-04-21T21:58:25","modified_gmt":"2026-04-21T19:58:25","slug":"olejek-gaja","status":"publish","type":"product","link":"https:\/\/klaudynahebda.pl\/sklep\/olejek-gaja\/","title":{"rendered":"Olejek Gaja no.1 &#8211; mieszanka 100% olejk\u00f3w eterycznych"},"content":{"rendered":"<h2><strong>Zapach wsparcia, mi\u0142o\u015bci i kobiecej solidarno\u015bci<\/strong><\/h2>\n<p><em>Kiedy Julia Graves, znajoma aromaterapeutka, pojawi\u0142a si\u0119 na Haiti po trz\u0119sieniu ziemi w 2010, nie by\u0142a w og\u00f3le gotowa na to, co tam zobaczy. W miejscu pozbawionym lek\u00f3w, w\u015br\u00f3d zupe\u0142nego bezprawia, najbardziej pokrzywdzone okaza\u0142y si\u0119 kobiety. Z koszmarnymi infekcjami intymnymi, nie mia\u0142y \u017cadnych szans na dostanie si\u0119 do lekarza i tak zacz\u0119\u0142y trafia\u0107 do Julii. Ta w baniakach z wod\u0105 \u0142\u0105czy\u0142a olejki z geranium i drzewka herbacianego, rozdaj\u0105c tak\u0105 mieszank\u0119 do podmywania. Pierwszego dnia przysz\u0142o do niej dwadzie\u015bcia kobiet. Drugiego ju\u017c sto. A trzeciego infekcje zacz\u0119\u0142y znika\u0107.\u00a0\u00a0<\/em><\/p>\n<p><span data-contrast=\"none\">\u017beby stworzy\u0107 Gaj\u0119, potrzeba by\u0142o wielu godzin pracy. Dzi\u0119ki temu oddajemy w Twoje r\u0119ce naprawd\u0119 wyj\u0105tkow\u0105, wszechstronn\u0105 mieszank\u0119 o pi\u0119knym, kobiecym zapachu. Stworzona na trudniejsze, kobiece momenty, stosowania na dziesi\u0105tki sposob\u00f3w. Przeczytaj opinie i wymy\u015bl sw\u00f3j w\u0142asny. <\/span><span data-ccp-props=\"{&quot;201341983&quot;:0,&quot;335551550&quot;:0,&quot;335551620&quot;:0,&quot;335559739&quot;:160,&quot;335559740&quot;:259}\">\u00a0<\/span><\/p>\n<h3><b><span data-contrast=\"none\">Kiedy si\u0119gn\u0105\u0107 po mieszank\u0119 Gaja no.1?<\/span><\/b><\/h3>\n<h4><b><span data-contrast=\"none\">dla cia\u0142a: <\/span><\/b><\/h4>\n<p>Wsparcie dla kobiet, polecana w czasie PMS, jej \u0142agodz\u0105cy zapach mo\u017ce poprawia\u0107 samopoczucie<\/p>\n<h4><b><span data-contrast=\"none\">dla emocji: <\/span><\/b><\/h4>\n<p><span data-contrast=\"none\">Jej aromat uspokaja, dzia\u0142a \u0142agodz\u0105co przy zm\u0119czeniu.<\/span><span data-ccp-props=\"{&quot;201341983&quot;:0,&quot;335551550&quot;:0,&quot;335551620&quot;:0,&quot;335559739&quot;:160,&quot;335559740&quot;:259}\">\u00a0<\/span><\/p>\n<p><span data-ccp-props=\"{&quot;201341983&quot;:0,&quot;335551550&quot;:0,&quot;335551620&quot;:0,&quot;335559739&quot;:160,&quot;335559740&quot;:259}\">\u00a0<\/span><\/p>\n<p><em>&gt;&gt;&gt; Szukasz olejku gotowego do u\u017cycia na sk\u00f3r\u0119 bez konieczno\u015bci rozcie\u0144czania? Sprawd\u017a nasz <a href=\"https:\/\/klaudynahebda.pl\/sklep\/gaja-intima\/\">olejek do piel\u0119gnacji intymnej Gaja Intima.\u00a0<\/a><\/em><\/p>\n","protected":false},"excerpt":{"rendered":"<h2>Mieszanka olejk\u00f3w eterycznych dla kobiet Gaja no. 1 to&#8230;<\/h2>\n<ul>\n<li>idealna mieszanka olejk\u00f3w eterycznych stworzona przez kobiet\u0119, aromaterapeutk\u0119 kliniczn\u0105 i zielark\u0119;<\/li>\n<li>kwiatowa kompozycja zapachowa, kt\u00f3ra zapewnia kobiece wsparcie;<\/li>\n<li>zapach, kt\u00f3ry pomo\u017ce i przytuli, gdy tego naprawd\u0119 potrzebujesz;<\/li>\n<li><span data-contrast=\"none\">st\u0119\u017cona mieszanka 100% naturalnych, czystych olejk\u00f3w eterycznych.<\/span><\/li>\n<\/ul>\n<p><span data-contrast=\"none\">W\u0142a\u015bnie taki jest olejek Gaja I &#8211; nieod\u0142\u0105czna towarzyszka ka\u017cdej kobiety. Masz minutk\u0119? Tyle wystarczy, \u017ceby bezpiecznie u\u017cy\u0107 Gai. <\/span><span data-ccp-props=\"{&quot;201341983&quot;:0,&quot;335551550&quot;:0,&quot;335551620&quot;:0,&quot;335559739&quot;:160,&quot;335559740&quot;:259}\">\u00a0<\/span><span data-contrast=\"none\">\u00a0<\/span><\/p>\n<p><span data-contrast=\"none\">Mieszanki mo\u017cesz u\u017cy\u0107 w dyfuzorze lub na sk\u00f3r\u0119 (wtedy wymaga rozcie\u0144czenia w oleju bazowym). <\/span><\/p>\n<p><span data-contrast=\"none\">Szukasz olejku gotowego do u\u017cycia na sk\u00f3r\u0119 bez konieczno\u015bci rozcie\u0144czania? Sprawd\u017a <a href=\"https:\/\/klaudynahebda.pl\/sklep\/gaja-intima\/\">olejek do piel\u0119gnacji intymnej Gaja Intima<\/a>.<\/span><\/p>\n<p>&nbsp;<\/p>\n","protected":false},"featured_media":3279088,"comment_status":"open","ping_status":"closed","template":"","meta":[],"product_cat":[250,130,109,213,36],"product_tag":[],"acf":[],"yoast_head":"<!-- This site is optimized with the Yoast SEO plugin v19.6.1 - https:\/\/yoast.com\/wordpress\/plugins\/seo\/ -->\n<title>Olejek Gaja no.1 - mieszanka 100% olejk\u00f3w eterycznych - Klaudyna Hebda Nature<\/title>\n<meta name=\"description\" content=\"Mieszanka naturalnych olejk\u00f3w eterycznych dla kobiet. Jej zapach wspiera w odpr\u0119\u017ceniu i r\u00f3\u017cnych &quot;kobiecych wyzwaniach&quot;. Pi\u0119kny zapach kwiat\u00f3w. \ud83d\udc49SPRAWD\u0179!\" \/>\n<meta name=\"robots\" content=\"index, follow, max-snippet:-1, max-image-preview:large, max-video-preview:-1\" \/>\n<link rel=\"canonical\" href=\"https:\/\/klaudynahebda.pl\/sklep\/olejek-gaja\/\" \/>\n<meta property=\"og:locale\" content=\"pl_PL\" \/>\n<meta property=\"og:type\" content=\"article\" \/>\n<meta property=\"og:title\" content=\"Olejek Gaja no.1 - mieszanka 100% olejk\u00f3w eterycznych - Klaudyna Hebda Nature\" \/>\n<meta property=\"og:description\" content=\"Mieszanka naturalnych olejk\u00f3w eterycznych dla kobiet. Jej zapach wspiera w odpr\u0119\u017ceniu i r\u00f3\u017cnych &quot;kobiecych wyzwaniach&quot;. Pi\u0119kny zapach kwiat\u00f3w. \ud83d\udc49SPRAWD\u0179!\" \/>\n<meta property=\"og:url\" content=\"https:\/\/klaudynahebda.pl\/sklep\/olejek-gaja\/\" \/>\n<meta property=\"og:site_name\" content=\"Klaudyna Hebda Nature\" \/>\n<meta property=\"article:modified_time\" content=\"2026-04-21T19:58:25+00:00\" \/>\n<meta property=\"og:image\" content=\"https:\/\/klaudynahebda.pl\/sklep\/wp-content\/uploads\/2023\/01\/gaja_olejek_no1.png\" \/>\n\t<meta property=\"og:image:width\" content=\"768\" \/>\n\t<meta property=\"og:image:height\" content=\"1152\" \/>\n\t<meta property=\"og:image:type\" content=\"image\/png\" \/>\n<meta name=\"twitter:card\" content=\"summary_large_image\" \/>\n<meta name=\"twitter:label1\" content=\"Szacowany czas czytania\" \/>\n\t<meta name=\"twitter:data1\" content=\"2 minuty\" \/>\n<script type=\"application\/ld+json\" class=\"yoast-schema-graph\">{\"@context\":\"https:\/\/schema.org\",\"@graph\":[{\"@type\":\"WebPage\",\"@id\":\"https:\/\/klaudynahebda.pl\/sklep\/olejek-gaja\/\",\"url\":\"https:\/\/klaudynahebda.pl\/sklep\/olejek-gaja\/\",\"name\":\"Olejek Gaja no.1 - mieszanka 100% olejk\u00f3w eterycznych - Klaudyna Hebda Nature\",\"isPartOf\":{\"@id\":\"https:\/\/klaudynahebda.pl\/sklep\/#website\"},\"datePublished\":\"2023-01-30T14:26:54+00:00\",\"dateModified\":\"2026-04-21T19:58:25+00:00\",\"description\":\"Mieszanka naturalnych olejk\u00f3w eterycznych dla kobiet. Jej zapach wspiera w odpr\u0119\u017ceniu i r\u00f3\u017cnych \\\"kobiecych wyzwaniach\\\". Pi\u0119kny zapach kwiat\u00f3w. \ud83d\udc49SPRAWD\u0179!\",\"breadcrumb\":{\"@id\":\"https:\/\/klaudynahebda.pl\/sklep\/olejek-gaja\/#breadcrumb\"},\"inLanguage\":\"pl-PL\",\"potentialAction\":[{\"@type\":\"ReadAction\",\"target\":[\"https:\/\/klaudynahebda.pl\/sklep\/olejek-gaja\/\"]}]},{\"@type\":\"BreadcrumbList\",\"@id\":\"https:\/\/klaudynahebda.pl\/sklep\/olejek-gaja\/#breadcrumb\",\"itemListElement\":[{\"@type\":\"ListItem\",\"position\":1,\"name\":\"Strona g\u0142\u00f3wna\",\"item\":\"https:\/\/klaudynahebda.pl\/sklep\/\"},{\"@type\":\"ListItem\",\"position\":2,\"name\":\"Sklep\",\"item\":\"https:\/\/klaudynahebda.pl\/sklep\/sklep\/\"},{\"@type\":\"ListItem\",\"position\":3,\"name\":\"Olejki do piel\u0119gnacji intymnej\",\"item\":\"https:\/\/klaudynahebda.pl\/sklep\/infekcje-intymne\/\"},{\"@type\":\"ListItem\",\"position\":4,\"name\":\"Olejek Gaja no.1 &#8211; mieszanka 100% olejk\u00f3w eterycznych\"}]},{\"@type\":\"WebSite\",\"@id\":\"https:\/\/klaudynahebda.pl\/sklep\/#website\",\"url\":\"https:\/\/klaudynahebda.pl\/sklep\/\",\"name\":\"Klaudyna Hebda Nature\",\"description\":\"Sklep\",\"publisher\":{\"@id\":\"https:\/\/klaudynahebda.pl\/sklep\/#organization\"},\"potentialAction\":[{\"@type\":\"SearchAction\",\"target\":{\"@type\":\"EntryPoint\",\"urlTemplate\":\"https:\/\/klaudynahebda.pl\/sklep\/?s={search_term_string}\"},\"query-input\":\"required name=search_term_string\"}],\"inLanguage\":\"pl-PL\"},{\"@type\":\"Organization\",\"@id\":\"https:\/\/klaudynahebda.pl\/sklep\/#organization\",\"name\":\"KlaudynaHebda\",\"url\":\"https:\/\/klaudynahebda.pl\/sklep\/\",\"sameAs\":[],\"logo\":{\"@type\":\"ImageObject\",\"inLanguage\":\"pl-PL\",\"@id\":\"https:\/\/klaudynahebda.pl\/sklep\/#\/schema\/logo\/image\/\",\"url\":\"\",\"contentUrl\":\"\",\"caption\":\"KlaudynaHebda\"},\"image\":{\"@id\":\"https:\/\/klaudynahebda.pl\/sklep\/#\/schema\/logo\/image\/\"}}]}<\/script>\n<!-- \/ Yoast SEO plugin. -->","yoast_head_json":{"title":"Olejek Gaja no.1 - mieszanka 100% olejk\u00f3w eterycznych - Klaudyna Hebda Nature","description":"Mieszanka naturalnych olejk\u00f3w eterycznych dla kobiet. Jej zapach wspiera w odpr\u0119\u017ceniu i r\u00f3\u017cnych \"kobiecych wyzwaniach\". Pi\u0119kny zapach kwiat\u00f3w. \ud83d\udc49SPRAWD\u0179!","robots":{"index":"index","follow":"follow","max-snippet":"max-snippet:-1","max-image-preview":"max-image-preview:large","max-video-preview":"max-video-preview:-1"},"canonical":"https:\/\/klaudynahebda.pl\/sklep\/olejek-gaja\/","og_locale":"pl_PL","og_type":"article","og_title":"Olejek Gaja no.1 - mieszanka 100% olejk\u00f3w eterycznych - Klaudyna Hebda Nature","og_description":"Mieszanka naturalnych olejk\u00f3w eterycznych dla kobiet. Jej zapach wspiera w odpr\u0119\u017ceniu i r\u00f3\u017cnych \"kobiecych wyzwaniach\". Pi\u0119kny zapach kwiat\u00f3w. \ud83d\udc49SPRAWD\u0179!","og_url":"https:\/\/klaudynahebda.pl\/sklep\/olejek-gaja\/","og_site_name":"Klaudyna Hebda Nature","article_modified_time":"2026-04-21T19:58:25+00:00","og_image":[{"width":768,"height":1152,"url":"https:\/\/klaudynahebda.pl\/sklep\/wp-content\/uploads\/2023\/01\/gaja_olejek_no1.png","type":"image\/png"}],"twitter_card":"summary_large_image","twitter_misc":{"Szacowany czas czytania":"2 minuty"},"schema":{"@context":"https:\/\/schema.org","@graph":[{"@type":"WebPage","@id":"https:\/\/klaudynahebda.pl\/sklep\/olejek-gaja\/","url":"https:\/\/klaudynahebda.pl\/sklep\/olejek-gaja\/","name":"Olejek Gaja no.1 - mieszanka 100% olejk\u00f3w eterycznych - Klaudyna Hebda Nature","isPartOf":{"@id":"https:\/\/klaudynahebda.pl\/sklep\/#website"},"datePublished":"2023-01-30T14:26:54+00:00","dateModified":"2026-04-21T19:58:25+00:00","description":"Mieszanka naturalnych olejk\u00f3w eterycznych dla kobiet. Jej zapach wspiera w odpr\u0119\u017ceniu i r\u00f3\u017cnych \"kobiecych wyzwaniach\". Pi\u0119kny zapach kwiat\u00f3w. \ud83d\udc49SPRAWD\u0179!","breadcrumb":{"@id":"https:\/\/klaudynahebda.pl\/sklep\/olejek-gaja\/#breadcrumb"},"inLanguage":"pl-PL","potentialAction":[{"@type":"ReadAction","target":["https:\/\/klaudynahebda.pl\/sklep\/olejek-gaja\/"]}]},{"@type":"BreadcrumbList","@id":"https:\/\/klaudynahebda.pl\/sklep\/olejek-gaja\/#breadcrumb","itemListElement":[{"@type":"ListItem","position":1,"name":"Strona g\u0142\u00f3wna","item":"https:\/\/klaudynahebda.pl\/sklep\/"},{"@type":"ListItem","position":2,"name":"Sklep","item":"https:\/\/klaudynahebda.pl\/sklep\/sklep\/"},{"@type":"ListItem","position":3,"name":"Olejki do piel\u0119gnacji intymnej","item":"https:\/\/klaudynahebda.pl\/sklep\/infekcje-intymne\/"},{"@type":"ListItem","position":4,"name":"Olejek Gaja no.1 &#8211; mieszanka 100% olejk\u00f3w eterycznych"}]},{"@type":"WebSite","@id":"https:\/\/klaudynahebda.pl\/sklep\/#website","url":"https:\/\/klaudynahebda.pl\/sklep\/","name":"Klaudyna Hebda Nature","description":"Sklep","publisher":{"@id":"https:\/\/klaudynahebda.pl\/sklep\/#organization"},"potentialAction":[{"@type":"SearchAction","target":{"@type":"EntryPoint","urlTemplate":"https:\/\/klaudynahebda.pl\/sklep\/?s={search_term_string}"},"query-input":"required name=search_term_string"}],"inLanguage":"pl-PL"},{"@type":"Organization","@id":"https:\/\/klaudynahebda.pl\/sklep\/#organization","name":"KlaudynaHebda","url":"https:\/\/klaudynahebda.pl\/sklep\/","sameAs":[],"logo":{"@type":"ImageObject","inLanguage":"pl-PL","@id":"https:\/\/klaudynahebda.pl\/sklep\/#\/schema\/logo\/image\/","url":"","contentUrl":"","caption":"KlaudynaHebda"},"image":{"@id":"https:\/\/klaudynahebda.pl\/sklep\/#\/schema\/logo\/image\/"}}]}},"_links":{"self":[{"href":"https:\/\/klaudynahebda.pl\/sklep\/wp-json\/wp\/v2\/product\/1340408"}],"collection":[{"href":"https:\/\/klaudynahebda.pl\/sklep\/wp-json\/wp\/v2\/product"}],"about":[{"href":"https:\/\/klaudynahebda.pl\/sklep\/wp-json\/wp\/v2\/types\/product"}],"replies":[{"embeddable":true,"href":"https:\/\/klaudynahebda.pl\/sklep\/wp-json\/wp\/v2\/comments?post=1340408"}],"wp:featuredmedia":[{"embeddable":true,"href":"https:\/\/klaudynahebda.pl\/sklep\/wp-json\/wp\/v2\/media\/3279088"}],"wp:attachment":[{"href":"https:\/\/klaudynahebda.pl\/sklep\/wp-json\/wp\/v2\/media?parent=1340408"}],"wp:term":[{"taxonomy":"product_cat","embeddable":true,"href":"https:\/\/klaudynahebda.pl\/sklep\/wp-json\/wp\/v2\/product_cat?post=1340408"},{"taxonomy":"product_tag","embeddable":true,"href":"https:\/\/klaudynahebda.pl\/sklep\/wp-json\/wp\/v2\/product_tag?post=1340408"}],"curies":[{"name":"wp","href":"https:\/\/api.w.org\/{rel}","templated":true}]}}